CRAN Package Check Results for Package svars

Last updated on 2019-12-10 07:50:17 CET.

Flavor Version Tinstall Tcheck Ttotal Status Flags
r-devel-linux-x86_64-debian-clang 1.3.2 116.60 182.06 298.66 OK
r-devel-linux-x86_64-debian-gcc 1.3.2 82.16 140.10 222.26 OK
r-devel-linux-x86_64-fedora-clang 1.3.2 337.18 NOTE
r-devel-linux-x86_64-fedora-gcc 1.3.2 346.70 OK
r-devel-windows-ix86+x86_64 1.3.2 214.00 362.00 576.00 OK
r-devel-windows-ix86+x86_64-gcc8 1.3.2 273.00 428.00 701.00 OK
r-patched-linux-x86_64 1.3.2 90.62 160.83 251.45 OK
r-patched-solaris-x86 1.3.2 387.30 OK
r-release-linux-x86_64 1.3.2 93.58 163.67 257.25 OK
r-release-windows-ix86+x86_64 1.3.2 216.00 246.00 462.00 OK
r-release-osx-x86_64 1.3.2 NOTE
r-oldrel-windows-ix86+x86_64 1.3.2 194.00 239.00 433.00 OK
r-oldrel-osx-x86_64 1.3.2 NOTE

Check Details

Version: 1.3.2
Check: installed package size
Result: NOTE
     installed size is 7.2Mb
     sub-directories of 1Mb or more:
     libs 6.2Mb
Flavors: r-devel-linux-x86_64-fedora-clang, r-release-osx-x86_64, r-oldrel-osx-x86_64