CRAN Package Check Results for Package svcm

Last updated on 2015-09-02 05:47:27.

Flavor Version Tinstall Tcheck Ttotal Status Flags
r-devel-linux-x86_64-debian-clang 0.1.2 3.22 40.34 43.55 NOTE
r-devel-linux-x86_64-debian-gcc 0.1.2 3.42 39.92 43.35 NOTE
r-devel-linux-x86_64-fedora-clang 0.1.2 92.05 NOTE
r-devel-linux-x86_64-fedora-gcc 0.1.2 86.82 NOTE
r-devel-osx-x86_64-clang 0.1.2 62.16 NOTE
r-devel-windows-ix86+x86_64 0.1.2 19.00 222.00 241.00 NOTE
r-patched-linux-x86_64 0.1.2 3.58 42.68 46.26 NOTE
r-patched-solaris-sparc 0.1.2 531.60 NOTE
r-patched-solaris-x86 0.1.2 135.80 NOTE
r-release-linux-x86_64 0.1.2 3.75 43.02 46.77 NOTE
r-release-osx-x86_64-mavericks 0.1.2 NOTE
r-release-windows-ix86+x86_64 0.1.2 17.00 224.00 241.00 NOTE
r-oldrel-windows-ix86+x86_64 0.1.2 20.00 107.00 127.00 NOTE

Check Details

Version: 0.1.2
Check: foreign function calls
Result: NOTE
    Calls with DUP:
     .C("myInversion", Senv$diag, Senv$env, Senv$xenv, Senv$N, Senv$Nenv,
     Senv$Nplus1, DUP = FALSE, PACKAGE = "svcm")
     .C("myTrace", Senv$diag, Senv$env, Senv$xenv, Senv$N, Senv$Nenv,
     Senv$Nplus1, BBenv$diag, BBenv$env, BBenv$xenv, BBenv$N,
     BBenv$Nenv, BBenv$Nplus1, ED = ED, DUP = FALSE, PACKAGE = "svcm")
     .C("dsC2env", N, A@x, as.integer(A@i), as.integer(A@p), diagvec = diagvec,
     env = env, xenv = as.integer(xenv), DUP = FALSE)
    DUP is no longer supported and will be ignored.
Flavors: r-devel-linux-x86_64-debian-clang, r-devel-linux-x86_64-debian-gcc, r-devel-linux-x86_64-fedora-clang, r-devel-linux-x86_64-fedora-gcc, r-devel-osx-x86_64-clang, r-devel-windows-ix86+x86_64, r-patched-linux-x86_64, r-patched-solaris-sparc, r-patched-solaris-x86, r-release-linux-x86_64, r-release-osx-x86_64-mavericks, r-release-windows-ix86+x86_64

Version: 0.1.2
Check: R code for possible problems
Result: NOTE
    EDofTP: warning in assign("ED", ED, env = svcm.env): partial argument
     match of ‘env’ to ‘envir’
    predictsvcm: warning in assign("S", S, env = svcm.env): partial
     argument match of ‘env’ to ‘envir’
    predictsvcm: warning in assign("A", as.vector(A), env = svcm.env):
     partial argument match of ‘env’ to ‘envir’
    predictsvcm: warning in assign("eta", eta, env = svcm.env): partial
     argument match of ‘env’ to ‘envir’
    predictsvcm: warning in assign("A", A, env = svcm.env): partial
     argument match of ‘env’ to ‘envir’
    predictsvcm: warning in assign("ED", ED, env = svcm.env): partial
     argument match of ‘env’ to ‘envir’
    targetsvcm: warning in assign("GCVtab", rbind(GCVtab, c(lambda, GCV)),
     env = svcm.env): partial argument match of ‘env’ to ‘envir’
    EDofTP: no visible binding for global variable ‘S’
    EDofTP: no visible binding for global variable ‘BB’
    EDofTP: no visible binding for global variable ‘svcm.env’
    dsC2env: no visible global function definition for ‘as’
    predictsvcm: no visible binding for global variable ‘P.whole’
    predictsvcm: no visible binding for global variable ‘ndims’
    predictsvcm: no visible global function definition for ‘as’
    predictsvcm: no visible binding for global variable ‘P.x’
    predictsvcm: no visible binding for global variable ‘P.y’
    predictsvcm: no visible binding for global variable ‘P.z’
    predictsvcm: no visible binding for global variable ‘BB’
    predictsvcm: no visible binding for global variable ‘svcm.env’
    predictsvcm: no visible binding for global variable ‘RHS’
    predictsvcm: no visible binding for global variable ‘B’
    predictsvcm: no visible binding for global variable ‘LS.X’
    predictsvcm: no visible binding for global variable ‘Y’
    predictsvcm: no visible binding for global variable ‘X’
    predictsvcm: no visible binding for global variable ‘BB.x’
    predictsvcm: no visible binding for global variable ‘B.x’
    predictsvcm: no visible binding for global variable ‘BB.y’
    predictsvcm: no visible binding for global variable ‘B.y’
    predictsvcm: no visible binding for global variable ‘BB.z’
    predictsvcm: no visible binding for global variable ‘B.z’
    svcm: no visible global function definition for ‘as’
    svcm: no visible global function definition for ‘optimize’
    svcm: no visible global function definition for ‘optim’
    targetsvcm: no visible binding for global variable ‘type’
    targetsvcm: no visible binding for global variable ‘n’
    targetsvcm: no visible binding for global variable ‘y’
    targetsvcm: no visible binding for global variable ‘eta’
    targetsvcm: no visible binding for global variable ‘ED’
    targetsvcm: no visible binding for global variable ‘Y’
    targetsvcm: no visible binding for global variable ‘GCVtab’
    targetsvcm: no visible binding for global variable ‘svcm.env’
    Undefined global functions or variables:
     B B.x B.y B.z BB BB.x BB.y BB.z ED GCVtab LS.X P.whole P.x P.y P.z
     RHS S X Y as eta n ndims optim optimize svcm.env type y
    Consider adding
     importFrom("methods", "as")
     importFrom("stats", "optim", "optimize")
    to your NAMESPACE (and ensure that your DESCRIPTION Imports field
    contains 'methods').
Flavors: r-devel-linux-x86_64-debian-clang, r-devel-linux-x86_64-debian-gcc, r-devel-linux-x86_64-fedora-clang, r-devel-linux-x86_64-fedora-gcc, r-devel-windows-ix86+x86_64

Version: 0.1.2
Check: R code for possible problems
Result: NOTE
    EDofTP: warning in assign("ED", ED, env = svcm.env): partial argument
     match of 'env' to 'envir'
    predictsvcm: warning in assign("S", S, env = svcm.env): partial
     argument match of 'env' to 'envir'
    predictsvcm: warning in assign("A", as.vector(A), env = svcm.env):
     partial argument match of 'env' to 'envir'
    predictsvcm: warning in assign("eta", eta, env = svcm.env): partial
     argument match of 'env' to 'envir'
    predictsvcm: warning in assign("A", A, env = svcm.env): partial
     argument match of 'env' to 'envir'
    predictsvcm: warning in assign("ED", ED, env = svcm.env): partial
     argument match of 'env' to 'envir'
    targetsvcm: warning in assign("GCVtab", rbind(GCVtab, c(lambda, GCV)),
     env = svcm.env): partial argument match of 'env' to 'envir'
    EDofTP: no visible binding for global variable ‘S’
    EDofTP: no visible binding for global variable ‘BB’
    EDofTP: no visible binding for global variable ‘svcm.env’
    predictsvcm: no visible binding for global variable ‘P.whole’
    predictsvcm: no visible binding for global variable ‘ndims’
    predictsvcm: no visible binding for global variable ‘P.x’
    predictsvcm: no visible binding for global variable ‘P.y’
    predictsvcm: no visible binding for global variable ‘P.z’
    predictsvcm: no visible binding for global variable ‘BB’
    predictsvcm: no visible binding for global variable ‘svcm.env’
    predictsvcm: no visible binding for global variable ‘RHS’
    predictsvcm: no visible binding for global variable ‘B’
    predictsvcm: no visible binding for global variable ‘LS.X’
    predictsvcm: no visible binding for global variable ‘Y’
    predictsvcm: no visible binding for global variable ‘X’
    predictsvcm: no visible binding for global variable ‘BB.x’
    predictsvcm: no visible binding for global variable ‘B.x’
    predictsvcm: no visible binding for global variable ‘BB.y’
    predictsvcm: no visible binding for global variable ‘B.y’
    predictsvcm: no visible binding for global variable ‘BB.z’
    predictsvcm: no visible binding for global variable ‘B.z’
    targetsvcm: no visible binding for global variable ‘type’
    targetsvcm: no visible binding for global variable ‘n’
    targetsvcm: no visible binding for global variable ‘y’
    targetsvcm: no visible binding for global variable ‘eta’
    targetsvcm: no visible binding for global variable ‘ED’
    targetsvcm: no visible binding for global variable ‘Y’
    targetsvcm: no visible binding for global variable ‘GCVtab’
    targetsvcm: no visible binding for global variable ‘svcm.env’
    Undefined global functions or variables:
     B B.x B.y B.z BB BB.x BB.y BB.z ED GCVtab LS.X P.whole P.x P.y P.z
     RHS S X Y eta n ndims svcm.env type y
Flavor: r-devel-osx-x86_64-clang

Version: 0.1.2
Check: R code for possible problems
Result: NOTE
    EDofTP: warning in assign("ED", ED, env = svcm.env): partial argument
     match of ‘env’ to ‘envir’
    predictsvcm: warning in assign("S", S, env = svcm.env): partial
     argument match of ‘env’ to ‘envir’
    predictsvcm: warning in assign("A", as.vector(A), env = svcm.env):
     partial argument match of ‘env’ to ‘envir’
    predictsvcm: warning in assign("eta", eta, env = svcm.env): partial
     argument match of ‘env’ to ‘envir’
    predictsvcm: warning in assign("A", A, env = svcm.env): partial
     argument match of ‘env’ to ‘envir’
    predictsvcm: warning in assign("ED", ED, env = svcm.env): partial
     argument match of ‘env’ to ‘envir’
    targetsvcm: warning in assign("GCVtab", rbind(GCVtab, c(lambda, GCV)),
     env = svcm.env): partial argument match of ‘env’ to ‘envir’
    EDofTP: no visible binding for global variable ‘S’
    EDofTP: no visible binding for global variable ‘BB’
    EDofTP: no visible binding for global variable ‘svcm.env’
    predictsvcm: no visible binding for global variable ‘P.whole’
    predictsvcm: no visible binding for global variable ‘ndims’
    predictsvcm: no visible binding for global variable ‘P.x’
    predictsvcm: no visible binding for global variable ‘P.y’
    predictsvcm: no visible binding for global variable ‘P.z’
    predictsvcm: no visible binding for global variable ‘BB’
    predictsvcm: no visible binding for global variable ‘svcm.env’
    predictsvcm: no visible binding for global variable ‘RHS’
    predictsvcm: no visible binding for global variable ‘B’
    predictsvcm: no visible binding for global variable ‘LS.X’
    predictsvcm: no visible binding for global variable ‘Y’
    predictsvcm: no visible binding for global variable ‘X’
    predictsvcm: no visible binding for global variable ‘BB.x’
    predictsvcm: no visible binding for global variable ‘B.x’
    predictsvcm: no visible binding for global variable ‘BB.y’
    predictsvcm: no visible binding for global variable ‘B.y’
    predictsvcm: no visible binding for global variable ‘BB.z’
    predictsvcm: no visible binding for global variable ‘B.z’
    targetsvcm: no visible binding for global variable ‘type’
    targetsvcm: no visible binding for global variable ‘n’
    targetsvcm: no visible binding for global variable ‘y’
    targetsvcm: no visible binding for global variable ‘eta’
    targetsvcm: no visible binding for global variable ‘ED’
    targetsvcm: no visible binding for global variable ‘Y’
    targetsvcm: no visible binding for global variable ‘GCVtab’
    targetsvcm: no visible binding for global variable ‘svcm.env’
Flavors: r-patched-linux-x86_64, r-patched-solaris-sparc, r-patched-solaris-x86, r-release-linux-x86_64, r-release-osx-x86_64-mavericks, r-release-windows-ix86+x86_64, r-oldrel-windows-ix86+x86_64

Version: 0.1.2
Check: foreign function calls
Result: NOTE
    Calls with DUP != TRUE:
     .C("myInversion", Senv$diag, Senv$env, Senv$xenv, Senv$N, Senv$Nenv,
     Senv$Nplus1, DUP = FALSE, PACKAGE = "svcm")
     .C("myTrace", Senv$diag, Senv$env, Senv$xenv, Senv$N, Senv$Nenv,
     Senv$Nplus1, BBenv$diag, BBenv$env, BBenv$xenv, BBenv$N,
     BBenv$Nenv, BBenv$Nplus1, ED = ED, DUP = FALSE, PACKAGE = "svcm")
     .C("dsC2env", N, A@x, as.integer(A@i), as.integer(A@p), diagvec = diagvec,
     env = env, xenv = as.integer(xenv), DUP = FALSE)
    DUP = FALSE is deprecated and will be disabled in future versions of R.
Flavor: r-oldrel-windows-ix86+x86_64