CRAN Package Check Results for Package svcm

Last updated on 2014-04-16 11:47:28.

Flavor Version Tinstall Tcheck Ttotal Status Flags
r-devel-linux-x86_64-debian-clang 0.1.2 4.18 45.03 49.21 NOTE
r-devel-linux-x86_64-debian-gcc 0.1.2 4.56 45.61 50.18 NOTE
r-devel-linux-x86_64-fedora-clang 0.1.2 126.55 NOTE
r-devel-linux-x86_64-fedora-gcc 0.1.2 123.69 NOTE
r-devel-macosx-x86_64-clang 0.1.2 91.63 NOTE
r-devel-macosx-x86_64-gcc 0.1.2 NOTE
r-devel-windows-ix86+x86_64 0.1.2 13.00 90.00 103.00 NOTE
r-patched-linux-x86_64 0.1.2 4.40 45.16 49.56 NOTE
r-patched-solaris-sparc 0.1.2 653.20 NOTE
r-patched-solaris-x86 0.1.2 171.60 NOTE
r-release-linux-ix86 0.1.2 10.00 79.00 89.00 NOTE
r-release-linux-x86_64 0.1.2 4.53 45.39 49.92 NOTE
r-release-macosx-x86_64 0.1.2 NOTE
r-release-windows-ix86+x86_64 0.1.2 14.00 88.00 102.00 NOTE
r-oldrel-windows-ix86+x86_64 0.1.2 14.00 95.00 109.00 NOTE

Check Details

Version: 0.1.2
Check: foreign function calls
Result: NOTE
    Calls with DUP = FALSE:
     .C("myInversion", Senv$diag, Senv$env, Senv$xenv, Senv$N, Senv$Nenv,
     Senv$Nplus1, DUP = FALSE, PACKAGE = "svcm")
     .C("myTrace", Senv$diag, Senv$env, Senv$xenv, Senv$N, Senv$Nenv,
     Senv$Nplus1, BBenv$diag, BBenv$env, BBenv$xenv, BBenv$N,
     BBenv$Nenv, BBenv$Nplus1, ED = ED, DUP = FALSE, PACKAGE = "svcm")
     .C("dsC2env", N, A@x, as.integer(A@i), as.integer(A@p), diagvec = diagvec,
     env = env, xenv = as.integer(xenv), DUP = FALSE)
    DUP = FALSE is deprecated and may be disabled in future versions of R.
Flavors: r-devel-linux-x86_64-debian-clang, r-devel-linux-x86_64-debian-gcc, r-devel-linux-x86_64-fedora-clang, r-devel-linux-x86_64-fedora-gcc, r-devel-macosx-x86_64-clang, r-devel-macosx-x86_64-gcc, r-devel-windows-ix86+x86_64, r-patched-linux-x86_64, r-patched-solaris-sparc, r-patched-solaris-x86, r-release-linux-ix86, r-release-linux-x86_64, r-release-windows-ix86+x86_64

Version: 0.1.2
Check: R code for possible problems
Result: NOTE
    EDofTP: warning in assign("ED", ED, env = svcm.env): partial argument
     match of 'env' to 'envir'
    predictsvcm: warning in assign("S", S, env = svcm.env): partial
     argument match of 'env' to 'envir'
    predictsvcm: warning in assign("A", as.vector(A), env = svcm.env):
     partial argument match of 'env' to 'envir'
    predictsvcm: warning in assign("eta", eta, env = svcm.env): partial
     argument match of 'env' to 'envir'
    predictsvcm: warning in assign("A", A, env = svcm.env): partial
     argument match of 'env' to 'envir'
    predictsvcm: warning in assign("ED", ED, env = svcm.env): partial
     argument match of 'env' to 'envir'
    targetsvcm: warning in assign("GCVtab", rbind(GCVtab, c(lambda, GCV)),
     env = svcm.env): partial argument match of 'env' to 'envir'
    EDofTP: no visible binding for global variable ‘S’
    EDofTP: no visible binding for global variable ‘BB’
    EDofTP: no visible binding for global variable ‘svcm.env’
    predictsvcm: no visible binding for global variable ‘P.whole’
    predictsvcm: no visible binding for global variable ‘ndims’
    predictsvcm: no visible binding for global variable ‘P.x’
    predictsvcm: no visible binding for global variable ‘P.y’
    predictsvcm: no visible binding for global variable ‘P.z’
    predictsvcm: no visible binding for global variable ‘BB’
    predictsvcm: no visible binding for global variable ‘svcm.env’
    predictsvcm: no visible binding for global variable ‘RHS’
    predictsvcm: no visible binding for global variable ‘B’
    predictsvcm: no visible binding for global variable ‘LS.X’
    predictsvcm: no visible binding for global variable ‘Y’
    predictsvcm: no visible binding for global variable ‘X’
    predictsvcm: no visible binding for global variable ‘BB.x’
    predictsvcm: no visible binding for global variable ‘B.x’
    predictsvcm: no visible binding for global variable ‘BB.y’
    predictsvcm: no visible binding for global variable ‘B.y’
    predictsvcm: no visible binding for global variable ‘BB.z’
    predictsvcm: no visible binding for global variable ‘B.z’
    targetsvcm: no visible binding for global variable ‘type’
    targetsvcm: no visible binding for global variable ‘n’
    targetsvcm: no visible binding for global variable ‘y’
    targetsvcm: no visible binding for global variable ‘eta’
    targetsvcm: no visible binding for global variable ‘ED’
    targetsvcm: no visible binding for global variable ‘Y’
    targetsvcm: no visible binding for global variable ‘GCVtab’
    targetsvcm: no visible binding for global variable ‘svcm.env’
Flavors: r-devel-linux-x86_64-debian-clang, r-devel-linux-x86_64-debian-gcc, r-devel-linux-x86_64-fedora-clang, r-devel-linux-x86_64-fedora-gcc, r-devel-macosx-x86_64-clang, r-devel-macosx-x86_64-gcc, r-devel-windows-ix86+x86_64, r-patched-linux-x86_64, r-patched-solaris-sparc, r-patched-solaris-x86, r-release-linux-ix86, r-release-linux-x86_64, r-release-macosx-x86_64, r-release-windows-ix86+x86_64, r-oldrel-windows-ix86+x86_64