CRAN Package Check Results for Package svd

Last updated on 2017-11-22 05:49:36 CET.

Flavor Version Tinstall Tcheck Ttotal Status Flags
r-devel-linux-x86_64-debian-clang 0.4.1 6.56 14.81 21.37 OK
r-devel-linux-x86_64-debian-gcc 0.4.1 15.70 37.92 53.62 OK
r-devel-linux-x86_64-fedora-clang 0.4.1 35.58 OK
r-devel-linux-x86_64-fedora-gcc 0.4.1 67.70 OK
r-devel-windows-ix86+x86_64 0.4.1 36.00 50.00 86.00 OK
r-patched-linux-x86_64 0.4.1 7.13 16.21 23.34 OK
r-patched-solaris-x86 0.4.1 65.20 ERROR
r-release-linux-x86_64 0.4.1 6.84 16.32 23.16 OK
r-release-windows-ix86+x86_64 0.4.1 36.00 71.00 107.00 OK
r-release-osx-x86_64 0.4.1 OK
r-oldrel-windows-ix86+x86_64 0.4.1 37.00 51.00 88.00 OK
r-oldrel-osx-x86_64 0.4.1 OK

Additional issues

valgrind

Check Details

Version: 0.4.1
Check: examples
Result: ERROR
    Running examples in ‘svd-Ex.R’ failed
    The error most likely occurred in:
    
    > ### Name: extmat
    > ### Title: External matrices operations.
    > ### Aliases: is.extmat extmat.ncol extmat.nrow extmat ematmul
    >
    > ### ** Examples
    >
    > ## Not run:
    > ##D library(Matrix)
    > ##D f <- function(v) as.numeric(A %*% v) # Convert Matrix object back to vector
    > ##D tf <- function(v) as.numeric(tA %*% v) # Convert Matrix object back to vector
    > ##D
    > ##D e <- new.env()
    > ##D assign("A", USCounties, e)
    > ##D assign("tA", t(USCounties), e)
    > ##D environment(f) <- e
    > ##D environment(tf) <- e
    > ##D
    > ##D m <-extmat(f, tf, nrow(USCounties), ncol(USCounties))
    > ##D system.time(v1 <- propack.svd(m, neig = 10))
    > ##D # user system elapsed
    > ##D # 0.252 0.007 0.259
    > ##D system.time(v2 <- propack.svd(as.matrix(USCounties), neig = 10))
    > ##D # user system elapsed
    > ##D # 8.563 0.027 8.590
    > ## End(Not run)
    >
    > # The largest eigenvalue and the corresponding eigenvector of a Hilbert matrix
    > h <- outer(1:5000, 1:5000, function(i, j) 1 / (i + j - 1))
    > v1 <- trlan.eigen(h, neig = 1)
    > # Same, but using complex numbers
    > v2 <- ztrlan.eigen(h, neig = 1)
    
     *** caught segfault ***
    address 1f0, cause 'memory not mapped'
    
    Traceback:
     1: .Call("ztrlan_eigen", X, neig, opts, lambda, U)
     2: ztrlan.eigen(h, neig = 1)
    An irrecoverable exception occurred. R is aborting now ...
Flavor: r-patched-solaris-x86