CRAN Package Check Results for Package svd

Last updated on 2016-02-10 10:48:01.

Flavor Version Tinstall Tcheck Ttotal Status Flags
r-devel-linux-x86_64-debian-gcc 0.3.3-2 5.01 7.31 12.32 NOTE
r-devel-linux-x86_64-fedora-clang 0.3.3-2 20.05 NOTE
r-devel-linux-x86_64-fedora-gcc 0.3.3-2 19.85 NOTE
r-devel-osx-x86_64-clang 0.3.3-2 23.15 NOTE
r-devel-windows-ix86+x86_64 0.3.3-2 35.00 27.00 62.00 NOTE
r-patched-linux-x86_64 0.3.3-2 5.06 7.64 12.70 NOTE
r-patched-solaris-sparc 0.3.3-2 128.80 NOTE
r-patched-solaris-x86 0.3.3-2 30.60 NOTE
r-release-linux-x86_64 0.3.3-2 4.76 7.64 12.39 NOTE
r-release-osx-x86_64-mavericks 0.3.3-2 NOTE
r-release-windows-ix86+x86_64 0.3.3-2 26.00 29.00 55.00 NOTE
r-oldrel-windows-ix86+x86_64 0.3.3-2 33.00 22.00 55.00 OK

Check Details

Version: 0.3.3-2
Check: DESCRIPTION meta-information
Result: NOTE
    Malformed Description field: should contain one or more complete sentences.
Flavors: r-devel-linux-x86_64-debian-gcc, r-devel-linux-x86_64-fedora-clang, r-devel-linux-x86_64-fedora-gcc, r-devel-osx-x86_64-clang, r-devel-windows-ix86+x86_64, r-patched-linux-x86_64, r-patched-solaris-sparc, r-patched-solaris-x86, r-release-linux-x86_64, r-release-osx-x86_64-mavericks, r-release-windows-ix86+x86_64