CRAN Package Check Results for Package svd

Last updated on 2015-03-30 21:49:27.

Flavor Version Tinstall Tcheck Ttotal Status Flags
r-devel-linux-x86_64-debian-clang 0.3.3-2 3.84 8.32 12.16 NOTE
r-devel-linux-x86_64-debian-gcc 0.3.3-2 4.60 8.05 12.65 NOTE
r-devel-linux-x86_64-fedora-clang 0.3.3-2 22.51 NOTE
r-devel-linux-x86_64-fedora-gcc 0.3.3-2 23.03 NOTE
r-devel-osx-x86_64-clang 0.3.3-2 28.17 NOTE
r-prerel-windows-ix86+x86_64 0.3.3-2 36.00 19.00 55.00 NOTE
r-prerel-linux-x86_64 0.3.3-2 4.58 8.12 12.70 NOTE
r-prerel-solaris-sparc 0.3.3-2 154.60 NOTE
r-prerel-solaris-x86 0.3.3-2 34.50 NOTE
r-release-linux-x86_64 0.3.3-2 4.61 8.82 13.43 OK
r-release-osx-x86_64-mavericks 0.3.3-2 OK
r-release-osx-x86_64-snowleopard 0.3.3-2 OK
r-release-windows-ix86+x86_64 0.3.3-2 33.00 22.00 55.00 OK
r-oldrel-windows-ix86+x86_64 0.3.3-2 24.00 20.00 44.00 OK

Check Details

Version: 0.3.3-2
Check: DESCRIPTION meta-information
Result: NOTE
    Malformed Description field: should contain one or more complete sentences.
Flavors: r-devel-linux-x86_64-debian-clang, r-devel-linux-x86_64-debian-gcc, r-devel-linux-x86_64-fedora-clang, r-devel-linux-x86_64-fedora-gcc, r-devel-osx-x86_64-clang, r-prerel-windows-ix86+x86_64, r-prerel-linux-x86_64, r-prerel-solaris-sparc, r-prerel-solaris-x86