CRAN Package Check Results for Package svd

Last updated on 2019-08-17 18:46:24 CEST.

Flavor Version Tinstall Tcheck Ttotal Status Flags
r-devel-linux-x86_64-debian-clang 0.4.3 11.55 23.31 34.86 OK
r-devel-linux-x86_64-debian-gcc 0.4.3 9.31 18.98 28.29 WARN
r-devel-linux-x86_64-fedora-clang 0.4.3 44.50 OK
r-devel-linux-x86_64-fedora-gcc 0.4.3 43.82 WARN
r-devel-windows-ix86+x86_64 0.4.3 57.00 52.00 109.00 OK
r-patched-linux-x86_64 0.4.3 9.63 23.14 32.77 OK
r-patched-solaris-x86 0.4.3 71.80 OK
r-release-linux-x86_64 0.4.3 9.86 23.57 33.43 OK
r-release-windows-ix86+x86_64 0.4.3 63.00 76.00 139.00 OK
r-release-osx-x86_64 0.4.3 OK
r-oldrel-windows-ix86+x86_64 0.4.3 129.00 62.00 191.00 OK
r-oldrel-osx-x86_64 0.4.3 OK

Additional issues

LTO

Check Details

Version: 0.4.3
Check: whether package can be installed
Result: WARN
    Found the following significant warnings:
     trlan/trlaux.c:662:3: warning: passing argument 1 to restrict-qualified parameter aliases with argument 3 [-Wrestrict]
Flavors: r-devel-linux-x86_64-debian-gcc, r-devel-linux-x86_64-fedora-gcc