CRAN Package Check Results for Package svd

Last updated on 2015-07-03 07:48:21.

Flavor Version Tinstall Tcheck Ttotal Status Flags
r-devel-linux-x86_64-debian-clang 0.3.3-2 3.88 6.76 10.64 NOTE
r-devel-linux-x86_64-debian-gcc 0.3.3-2 4.75 7.84 12.60 NOTE
r-devel-linux-x86_64-fedora-clang 0.3.3-2 20.94 NOTE
r-devel-linux-x86_64-fedora-gcc 0.3.3-2 21.54 NOTE
r-devel-osx-x86_64-clang 0.3.3-2 19.84 NOTE
r-devel-windows-ix86+x86_64 0.3.3-2 38.00 19.00 57.00 NOTE
r-patched-linux-x86_64 0.3.3-2 4.67 8.15 12.82 NOTE
r-patched-solaris-sparc 0.3.3-2 160.30 NOTE
r-patched-solaris-x86 0.3.3-2 36.50 NOTE
r-release-linux-x86_64 0.3.3-2 4.61 8.41 13.02 NOTE
r-release-osx-x86_64-mavericks 0.3.3-2 NOTE
r-release-windows-ix86+x86_64 0.3.3-2 26.00 19.00 45.00 NOTE
r-oldrel-windows-ix86+x86_64 0.3.3-2 33.00 22.00 55.00 OK

Check Details

Version: 0.3.3-2
Check: DESCRIPTION meta-information
Result: NOTE
    Malformed Description field: should contain one or more complete sentences.
Flavors: r-devel-linux-x86_64-debian-clang, r-devel-linux-x86_64-debian-gcc, r-devel-linux-x86_64-fedora-clang, r-devel-linux-x86_64-fedora-gcc, r-devel-osx-x86_64-clang, r-devel-windows-ix86+x86_64, r-patched-linux-x86_64, r-patched-solaris-sparc, r-patched-solaris-x86, r-release-linux-x86_64, r-release-osx-x86_64-mavericks, r-release-windows-ix86+x86_64