CRAN Package Check Results for Package svd

Last updated on 2016-08-26 03:47:26.

Flavor Version Tinstall Tcheck Ttotal Status Flags
r-devel-linux-x86_64-debian-clang 0.4 7.05 13.03 20.08 OK
r-devel-linux-x86_64-debian-gcc 0.4 9.25 16.29 25.54 OK
r-devel-linux-x86_64-fedora-clang 0.4 33.51 OK
r-devel-linux-x86_64-fedora-gcc 0.4 33.34 OK
r-devel-osx-x86_64-clang 0.4 28.80 OK
r-devel-windows-ix86+x86_64 0.4 144.00 35.00 179.00 OK
r-patched-linux-x86_64 0.4 6.43 12.83 19.26 OK
r-patched-solaris-sparc 0.4 202.20 ERROR
r-patched-solaris-x86 0.4 52.00 ERROR
r-release-linux-x86_64 0.4 6.52 13.06 19.58 OK
r-release-osx-x86_64-mavericks 0.4 OK
r-release-windows-ix86+x86_64 0.4 29.00 34.00 63.00 OK
r-oldrel-windows-ix86+x86_64 0.4 32.00 54.00 86.00 OK

Memtest notes: valgrind

Check Details

Version: 0.4
Check: examples
Result: ERROR
    Running examples in ‘svd-Ex.R’ failed
    The error most likely occurred in:
    
    > ### Name: extmat
    > ### Title: External matrices operations.
    > ### Aliases: is.extmat extmat.ncol extmat.nrow extmat ematmul
    >
    > ### ** Examples
    >
    > ## Not run:
    > ##D library(Matrix)
    > ##D f <- function(v) as.numeric(A %*% v) # Convert Matrix object back to vector
    > ##D tf <- function(v) as.numeric(tA %*% v) # Convert Matrix object back to vector
    > ##D
    > ##D e <- new.env()
    > ##D assign("A", USCounties, e)
    > ##D assign("tA", t(USCounties), e)
    > ##D environment(f) <- e
    > ##D environment(tf) <- e
    > ##D
    > ##D m <-extmat(f, tf, nrow(USCounties), ncol(USCounties))
    > ##D system.time(v1 <- propack.svd(m, neig = 10))
    > ##D # user system elapsed
    > ##D # 0.252 0.007 0.259
    > ##D system.time(v2 <- propack.svd(as.matrix(USCounties), neig = 10))
    > ##D # user system elapsed
    > ##D # 8.563 0.027 8.590
    > ## End(Not run)
    >
    > # The largest eigenvalue and the corresponding eigenvector of a Hilbert matrix
    > h <- outer(1:5000, 1:5000, function(i, j) 1 / (i + j - 1))
    > v1 <- trlan.eigen(h, neig = 1)
    > # Same, but using complex numbers
    > v2 <- ztrlan.eigen(h, neig = 1)
    
     *** caught segfault ***
    address 4000, cause 'memory not mapped'
    
    Traceback:
     1: .Call("ztrlan_eigen", X, neig, opts, lambda, U)
     2: ztrlan.eigen(h, neig = 1)
    An irrecoverable exception occurred. R is aborting now ...
Flavor: r-patched-solaris-sparc

Version: 0.4
Check: examples
Result: ERROR
    Running examples in ‘svd-Ex.R’ failed
    The error most likely occurred in:
    
    > ### Name: extmat
    > ### Title: External matrices operations.
    > ### Aliases: is.extmat extmat.ncol extmat.nrow extmat ematmul
    >
    > ### ** Examples
    >
    > ## Not run:
    > ##D library(Matrix)
    > ##D f <- function(v) as.numeric(A %*% v) # Convert Matrix object back to vector
    > ##D tf <- function(v) as.numeric(tA %*% v) # Convert Matrix object back to vector
    > ##D
    > ##D e <- new.env()
    > ##D assign("A", USCounties, e)
    > ##D assign("tA", t(USCounties), e)
    > ##D environment(f) <- e
    > ##D environment(tf) <- e
    > ##D
    > ##D m <-extmat(f, tf, nrow(USCounties), ncol(USCounties))
    > ##D system.time(v1 <- propack.svd(m, neig = 10))
    > ##D # user system elapsed
    > ##D # 0.252 0.007 0.259
    > ##D system.time(v2 <- propack.svd(as.matrix(USCounties), neig = 10))
    > ##D # user system elapsed
    > ##D # 8.563 0.027 8.590
    > ## End(Not run)
    >
    > # The largest eigenvalue and the corresponding eigenvector of a Hilbert matrix
    > h <- outer(1:5000, 1:5000, function(i, j) 1 / (i + j - 1))
    > v1 <- trlan.eigen(h, neig = 1)
    > # Same, but using complex numbers
    > v2 <- ztrlan.eigen(h, neig = 1)
    
     *** caught segfault ***
    address ab000011, cause 'memory not mapped'
    
    Traceback:
     1: .Call("ztrlan_eigen", X, neig, opts, lambda, U)
     2: ztrlan.eigen(h, neig = 1)
    An irrecoverable exception occurred. R is aborting now ...
Flavor: r-patched-solaris-x86