CRAN Package Check Results for Package svd

Last updated on 2015-05-07 05:47:36.

Flavor Version Tinstall Tcheck Ttotal Status Flags
r-devel-linux-x86_64-debian-clang 0.3.3-2 3.80 8.24 12.04 NOTE
r-devel-linux-x86_64-debian-gcc 0.3.3-2 4.51 8.38 12.89 NOTE
r-devel-linux-x86_64-fedora-clang 0.3.3-2 23.43 NOTE
r-devel-linux-x86_64-fedora-gcc 0.3.3-2 22.57 NOTE
r-devel-osx-x86_64-clang 0.3.3-2 25.11 NOTE
r-devel-windows-ix86+x86_64 0.3.3-2 28.00 20.00 48.00 NOTE
r-patched-linux-x86_64 0.3.3-2 4.64 8.47 13.11 NOTE
r-patched-solaris-sparc 0.3.3-2 154.60 NOTE
r-patched-solaris-x86 0.3.3-2 35.10 NOTE
r-release-linux-x86_64 0.3.3-2 4.57 8.42 12.99 NOTE
r-release-osx-x86_64-mavericks 0.3.3-2 NOTE
r-release-osx-x86_64-snowleopard 0.3.3-2 NOTE
r-release-windows-ix86+x86_64 0.3.3-2 20.00 21.00 41.00 NOTE
r-oldrel-windows-ix86+x86_64 0.3.3-2 33.00 22.00 55.00 OK

Check Details

Version: 0.3.3-2
Check: DESCRIPTION meta-information
Result: NOTE
    Malformed Description field: should contain one or more complete sentences.
Flavors: r-devel-linux-x86_64-debian-clang, r-devel-linux-x86_64-debian-gcc, r-devel-linux-x86_64-fedora-clang, r-devel-linux-x86_64-fedora-gcc, r-devel-osx-x86_64-clang, r-devel-windows-ix86+x86_64, r-patched-linux-x86_64, r-patched-solaris-sparc, r-patched-solaris-x86, r-release-linux-x86_64, r-release-osx-x86_64-mavericks, r-release-osx-x86_64-snowleopard, r-release-windows-ix86+x86_64