CRAN Package Check Results for Package svd

Last updated on 2017-05-26 03:48:50.

Flavor Version Tinstall Tcheck Ttotal Status Flags
r-devel-linux-x86_64-debian-clang 0.4 7.45 15.69 23.14 NOTE
r-devel-linux-x86_64-debian-gcc 0.4 7.43 15.38 22.80 NOTE
r-devel-linux-x86_64-fedora-clang 0.4 38.89 NOTE --no-stop-on-test-error
r-devel-linux-x86_64-fedora-gcc 0.4 37.00 NOTE --no-stop-on-test-error
r-devel-windows-ix86+x86_64 0.4 38.00 49.00 87.00 OK
r-patched-linux-x86_64 0.4 6.73 15.38 22.11 NOTE
r-patched-solaris-sparc 0.4 217.00 ERROR
r-patched-solaris-x86 0.4 63.50 ERROR
r-release-linux-x86_64 0.4 11.62 15.26 26.88 NOTE
r-release-windows-ix86+x86_64 0.4 41.00 114.00 155.00 OK
r-release-osx-x86_64 0.4 OK
r-oldrel-windows-ix86+x86_64 0.4 41.00 45.00 86.00 OK
r-oldrel-osx-x86_64 0.4 OK

Additional issues

valgrind

Check Details

Version: 0.4
Check: compiled code
Result: NOTE
    File ‘svd/libs/svd.so’:
     Found no calls to: ‘R_registerRoutines’, ‘R_useDynamicSymbols’
    
    It is good practice to register native routines and to disable symbol
    search.
    
    See ‘Writing portable packages’ in the ‘Writing R Extensions’ manual.
Flavors: r-devel-linux-x86_64-debian-clang, r-devel-linux-x86_64-debian-gcc, r-patched-linux-x86_64, r-release-linux-x86_64

Version: 0.4
Flags: --no-stop-on-test-error
Check: compiled code
Result: NOTE
    File ‘svd/libs/svd.so’:
     Found no calls to: ‘R_registerRoutines’, ‘R_useDynamicSymbols’
    
    It is good practice to register native routines and to disable symbol
    search.
    
    See ‘Writing portable packages’ in the ‘Writing R Extensions’ manual.
Flavors: r-devel-linux-x86_64-fedora-clang, r-devel-linux-x86_64-fedora-gcc

Version: 0.4
Check: examples
Result: ERROR
    Running examples in ‘svd-Ex.R’ failed
    The error most likely occurred in:
    
    > ### Name: extmat
    > ### Title: External matrices operations.
    > ### Aliases: is.extmat extmat.ncol extmat.nrow extmat ematmul
    >
    > ### ** Examples
    >
    > ## Not run:
    > ##D library(Matrix)
    > ##D f <- function(v) as.numeric(A %*% v) # Convert Matrix object back to vector
    > ##D tf <- function(v) as.numeric(tA %*% v) # Convert Matrix object back to vector
    > ##D
    > ##D e <- new.env()
    > ##D assign("A", USCounties, e)
    > ##D assign("tA", t(USCounties), e)
    > ##D environment(f) <- e
    > ##D environment(tf) <- e
    > ##D
    > ##D m <-extmat(f, tf, nrow(USCounties), ncol(USCounties))
    > ##D system.time(v1 <- propack.svd(m, neig = 10))
    > ##D # user system elapsed
    > ##D # 0.252 0.007 0.259
    > ##D system.time(v2 <- propack.svd(as.matrix(USCounties), neig = 10))
    > ##D # user system elapsed
    > ##D # 8.563 0.027 8.590
    > ## End(Not run)
    >
    > # The largest eigenvalue and the corresponding eigenvector of a Hilbert matrix
    > h <- outer(1:5000, 1:5000, function(i, j) 1 / (i + j - 1))
    > v1 <- trlan.eigen(h, neig = 1)
    > # Same, but using complex numbers
    > v2 <- ztrlan.eigen(h, neig = 1)
    
     *** caught segfault ***
    address 4000, cause 'memory not mapped'
    
    Traceback:
     1: .Call("ztrlan_eigen", X, neig, opts, lambda, U)
     2: ztrlan.eigen(h, neig = 1)
    An irrecoverable exception occurred. R is aborting now ...
Flavor: r-patched-solaris-sparc

Version: 0.4
Check: examples
Result: ERROR
    Running examples in ‘svd-Ex.R’ failed
    The error most likely occurred in:
    
    > ### Name: extmat
    > ### Title: External matrices operations.
    > ### Aliases: is.extmat extmat.ncol extmat.nrow extmat ematmul
    >
    > ### ** Examples
    >
    > ## Not run:
    > ##D library(Matrix)
    > ##D f <- function(v) as.numeric(A %*% v) # Convert Matrix object back to vector
    > ##D tf <- function(v) as.numeric(tA %*% v) # Convert Matrix object back to vector
    > ##D
    > ##D e <- new.env()
    > ##D assign("A", USCounties, e)
    > ##D assign("tA", t(USCounties), e)
    > ##D environment(f) <- e
    > ##D environment(tf) <- e
    > ##D
    > ##D m <-extmat(f, tf, nrow(USCounties), ncol(USCounties))
    > ##D system.time(v1 <- propack.svd(m, neig = 10))
    > ##D # user system elapsed
    > ##D # 0.252 0.007 0.259
    > ##D system.time(v2 <- propack.svd(as.matrix(USCounties), neig = 10))
    > ##D # user system elapsed
    > ##D # 8.563 0.027 8.590
    > ## End(Not run)
    >
    > # The largest eigenvalue and the corresponding eigenvector of a Hilbert matrix
    > h <- outer(1:5000, 1:5000, function(i, j) 1 / (i + j - 1))
    > v1 <- trlan.eigen(h, neig = 1)
    > # Same, but using complex numbers
    > v2 <- ztrlan.eigen(h, neig = 1)
    
     *** caught segfault ***
    address 200, cause 'memory not mapped'
    
    Traceback:
     1: .Call("ztrlan_eigen", X, neig, opts, lambda, U)
     2: ztrlan.eigen(h, neig = 1)
    An irrecoverable exception occurred. R is aborting now ...
Flavor: r-patched-solaris-x86