CRAN Package Check Results for Package svmpath

Last updated on 2015-07-29 19:50:11.

Flavor Version Tinstall Tcheck Ttotal Status Flags
r-devel-linux-x86_64-debian-clang 0.953 12.74 11.04 23.78 NOTE
r-devel-linux-x86_64-debian-gcc 0.953 12.39 11.28 23.66 NOTE
r-devel-linux-x86_64-fedora-clang 0.953 39.25 NOTE
r-devel-linux-x86_64-fedora-gcc 0.953 37.31 NOTE
r-devel-osx-x86_64-clang 0.953 33.75 NOTE
r-devel-windows-ix86+x86_64 0.953 43.00 27.00 70.00 NOTE
r-patched-linux-x86_64 0.953 12.37 11.58 23.95 NOTE
r-patched-solaris-sparc 0.953 274.40 NOTE
r-patched-solaris-x86 0.953 71.60 NOTE
r-release-linux-x86_64 0.953 12.80 11.81 24.60 NOTE
r-release-osx-x86_64-mavericks 0.953 NOTE
r-release-windows-ix86+x86_64 0.953 42.00 28.00 70.00 NOTE
r-oldrel-windows-ix86+x86_64 0.953 54.00 30.00 84.00 NOTE

Memtest notes: valgrind

Check Details

Version: 0.953
Check: R code for possible problems
Result: NOTE
    File ‘svmpath/R/onLoad.R’:
     .onLoad calls:
     packageStartupMessage("Loaded svmpath ", as.character(packageDescription("svmpath")[["Version"]]), "\n")
    
    See section ‘Good practice’ in '?.onAttach'.
    
    SnapPath: no visible global function definition for ‘jpeg’
    SnapPath: no visible global function definition for ‘plot’
    SnapPath: no visible global function definition for ‘title’
    SnapPath: no visible global function definition for ‘points’
    SnapPath: no visible global function definition for ‘text’
    SnapPath: no visible global function definition for ‘abline’
    SnapPath: no visible global function definition for ‘contour’
    SnapPath: no visible global function definition for ‘dev.off’
    coef.svmpath: no visible global function definition for ‘predict’
    plot.svmpath: no visible global function definition for ‘predict’
    plot.svmpath: no visible global function definition for ‘points’
    plot.svmpath: no visible global function definition for ‘text’
    plot.svmpath: no visible global function definition for ‘abline’
    plot.svmpath: no visible global function definition for ‘contour’
    predict.svmpath: no visible global function definition for ‘approx’
    Undefined global functions or variables:
     abline approx contour dev.off jpeg plot points predict text title
    Consider adding
     importFrom("grDevices", "dev.off", "jpeg")
     importFrom("graphics", "abline", "contour", "plot", "points", "text",
     "title")
     importFrom("stats", "approx", "predict")
    to your NAMESPACE.
Flavors: r-devel-linux-x86_64-debian-clang, r-devel-linux-x86_64-debian-gcc, r-devel-linux-x86_64-fedora-clang, r-devel-linux-x86_64-fedora-gcc, r-devel-windows-ix86+x86_64

Version: 0.953
Check: Rd line widths
Result: NOTE
    Rd file 'svmpath.Rd':
     \usage lines wider than 90 characters:
     svmpath(x, y, K, kernel.function = poly.kernel, param.kernel = 1, trace, plot.it, eps = 1e-10, Nmoves = 3 * n, digits = 6, lambda.min = ... [TRUNCATED]
    
    These lines will be truncated in the PDF manual.
Flavors: r-devel-linux-x86_64-debian-clang, r-devel-linux-x86_64-debian-gcc, r-devel-linux-x86_64-fedora-clang, r-devel-linux-x86_64-fedora-gcc, r-patched-linux-x86_64, r-release-linux-x86_64

Version: 0.953
Check: compiled code
Result: NOTE
    File ‘svmpath/libs/svmpath.so’:
     Found ‘_gfortran_st_write’, possibly from ‘write’ (Fortran), ‘print’
     (Fortran)
     Objects: ‘mi02lib.o’, ‘mi05funs.o’, ‘mi10unix.o’, ‘mi11sys.o’,
     ‘mi12solv.o’, ‘mi20amat.o’, ‘mi25bfac.o’, ‘mi26bfac.o’,
     ‘mi27lu.o’, ‘mi30spec.o’, ‘mi35mps.o’, ‘mi36mps.o’, ‘mi40bfil.o’,
     ‘mi50lp.o’, ‘mi60srch.o’, ‘mi65rmod.o’, ‘mi70nobj.o’,
     ‘mi80ncon.o’, ‘mi81ncon.o’
    
    Compiled code should not call entry points which might terminate R nor
    write to stdout/stderr instead of to the console, nor the system RNG.
    
    See ‘Writing portable packages’ in the ‘Writing R Extensions’ manual.
Flavors: r-devel-linux-x86_64-debian-clang, r-devel-linux-x86_64-debian-gcc, r-devel-linux-x86_64-fedora-clang, r-devel-linux-x86_64-fedora-gcc, r-patched-linux-x86_64, r-release-linux-x86_64

Version: 0.953
Check: R code for possible problems
Result: NOTE
    File ‘svmpath/R/onLoad.R’:
     .onLoad calls:
     packageStartupMessage("Loaded svmpath ", as.character(packageDescription("svmpath")[["Version"]]), "\n")
    
    See section ‘Good practice’ in '?.onAttach'.
Flavors: r-devel-osx-x86_64-clang, r-patched-linux-x86_64, r-patched-solaris-sparc, r-patched-solaris-x86, r-release-linux-x86_64, r-release-osx-x86_64-mavericks, r-release-windows-ix86+x86_64, r-oldrel-windows-ix86+x86_64

Version: 0.953
Check: compiled code
Result: NOTE
    File ‘svmpath/libs/svmpath.so’:
     Found ‘__gfortran_st_write’, possibly from ‘write’ (Fortran), ‘print’
     (Fortran)
     Objects: ‘mi02lib.o’, ‘mi05funs.o’, ‘mi10unix.o’, ‘mi11sys.o’,
     ‘mi12solv.o’, ‘mi20amat.o’, ‘mi25bfac.o’, ‘mi26bfac.o’,
     ‘mi27lu.o’, ‘mi30spec.o’, ‘mi35mps.o’, ‘mi36mps.o’, ‘mi40bfil.o’,
     ‘mi50lp.o’, ‘mi60srch.o’, ‘mi65rmod.o’, ‘mi70nobj.o’,
     ‘mi80ncon.o’, ‘mi81ncon.o’
    
    Compiled code should not call entry points which might terminate R nor
    write to stdout/stderr instead of to the console, nor the system RNG.
    
    See ‘Writing portable packages’ in the ‘Writing R Extensions’ manual.
Flavors: r-devel-osx-x86_64-clang, r-release-osx-x86_64-mavericks

Version: 0.953
Check: compiled code
Result: NOTE
    File 'svmpath/libs/i386/svmpath.dll':
     Found '_gfortran_st_write', possibly from 'write' (Fortran), 'print'
     (Fortran)
     Objects: 'mi02lib.o', 'mi05funs.o', 'mi10unix.o', 'mi11sys.o',
     'mi12solv.o', 'mi20amat.o', 'mi25bfac.o', 'mi26bfac.o',
     'mi27lu.o', 'mi30spec.o', 'mi35mps.o', 'mi36mps.o', 'mi40bfil.o',
     'mi50lp.o', 'mi60srch.o', 'mi65rmod.o', 'mi70nobj.o',
     'mi80ncon.o', 'mi81ncon.o'
    File 'svmpath/libs/x64/svmpath.dll':
     Found '_gfortran_st_write', possibly from 'write' (Fortran), 'print'
     (Fortran)
     Objects: 'mi02lib.o', 'mi05funs.o', 'mi10unix.o', 'mi11sys.o',
     'mi12solv.o', 'mi20amat.o', 'mi25bfac.o', 'mi26bfac.o',
     'mi27lu.o', 'mi30spec.o', 'mi35mps.o', 'mi36mps.o', 'mi40bfil.o',
     'mi50lp.o', 'mi60srch.o', 'mi65rmod.o', 'mi70nobj.o',
     'mi80ncon.o', 'mi81ncon.o'
    
    Compiled code should not call entry points which might terminate R nor
    write to stdout/stderr instead of to the console, nor the system RNG.
    
    See 'Writing portable packages' in the 'Writing R Extensions' manual.
Flavors: r-devel-windows-ix86+x86_64, r-release-windows-ix86+x86_64, r-oldrel-windows-ix86+x86_64

Version: 0.953
Check: compiled code
Result: NOTE
    File ‘svmpath/libs/svmpath.so’:
     Found ‘__f90_esfw’, possibly from ‘print’ (Fortran), ‘write’
     (Fortran)
     Objects: ‘mi02lib.o’, ‘mi05funs.o’, ‘mi10unix.o’, ‘mi11sys.o’,
     ‘mi12solv.o’, ‘mi20amat.o’, ‘mi25bfac.o’, ‘mi26bfac.o’,
     ‘mi27lu.o’, ‘mi30spec.o’, ‘mi35mps.o’, ‘mi36mps.o’, ‘mi40bfil.o’,
     ‘mi50lp.o’, ‘mi60srch.o’, ‘mi65rmod.o’, ‘mi70nobj.o’,
     ‘mi80ncon.o’, ‘mi81ncon.o’
    
    Compiled code should not call entry points which might terminate R nor
    write to stdout/stderr instead of to the console, nor the system RNG.
    
    See ‘Writing portable packages’ in the ‘Writing R Extensions’ manual.
Flavors: r-patched-solaris-sparc, r-patched-solaris-x86