CRAN Package Check Results for Package svmpath

Last updated on 2014-11-27 03:47:55.

Flavor Version Tinstall Tcheck Ttotal Status Flags
r-devel-linux-x86_64-debian-clang 0.953 11.54 12.17 23.71 NOTE
r-devel-linux-x86_64-debian-gcc 0.953 11.72 11.97 23.69 NOTE
r-devel-linux-x86_64-fedora-clang 0.953 43.38 NOTE
r-devel-linux-x86_64-fedora-gcc 0.953 40.81 NOTE
r-devel-osx-x86_64-clang 0.953 43.01 NOTE
r-devel-windows-ix86+x86_64 0.953 40.00 26.00 66.00 NOTE
r-patched-linux-x86_64 0.953 12.08 12.60 24.68 NOTE
r-patched-solaris-sparc 0.953 282.20 NOTE
r-patched-solaris-x86 0.953 76.60 NOTE
r-release-linux-ix86 0.953 16.92 17.94 34.86 NOTE
r-release-linux-x86_64 0.953 11.71 12.13 23.84 NOTE
r-release-osx-x86_64-mavericks 0.953 NOTE
r-release-windows-ix86+x86_64 0.953 43.00 35.00 78.00 NOTE
r-oldrel-windows-ix86+x86_64 0.953 41.00 27.00 68.00 NOTE

Memtest notes: valgrind

Check Details

Version: 0.953
Check: R code for possible problems
Result: NOTE
    File ‘svmpath/R/onLoad.R’:
     .onLoad calls:
     packageStartupMessage("Loaded svmpath ", as.character(packageDescription("svmpath")[["Version"]]), "\n")
    
    See section ‘Good practice’ in '?.onAttach'.
Flavors: r-devel-linux-x86_64-debian-clang, r-devel-linux-x86_64-debian-gcc, r-devel-linux-x86_64-fedora-clang, r-devel-linux-x86_64-fedora-gcc, r-devel-osx-x86_64-clang, r-devel-windows-ix86+x86_64, r-patched-linux-x86_64, r-patched-solaris-sparc, r-patched-solaris-x86, r-release-linux-ix86, r-release-linux-x86_64, r-release-osx-x86_64-mavericks, r-release-windows-ix86+x86_64, r-oldrel-windows-ix86+x86_64

Version: 0.953
Check: Rd line widths
Result: NOTE
    Rd file 'svmpath.Rd':
     \usage lines wider than 90 characters:
     svmpath(x, y, K, kernel.function = poly.kernel, param.kernel = 1, trace, plot.it, eps = 1e-10, Nmoves = 3 * n, digits = 6, lambda.min = ... [TRUNCATED]
    
    These lines will be truncated in the PDF manual.
Flavors: r-devel-linux-x86_64-debian-clang, r-devel-linux-x86_64-debian-gcc, r-devel-linux-x86_64-fedora-clang, r-devel-linux-x86_64-fedora-gcc, r-patched-linux-x86_64, r-release-linux-x86_64

Version: 0.953
Check: compiled code
Result: NOTE
    File ‘svmpath/libs/svmpath.so’:
     Found ‘_gfortran_st_write’, possibly from ‘write’ (Fortran), ‘print’
     (Fortran)
     Objects: ‘mi02lib.o’, ‘mi05funs.o’, ‘mi10unix.o’, ‘mi11sys.o’,
     ‘mi12solv.o’, ‘mi20amat.o’, ‘mi25bfac.o’, ‘mi26bfac.o’,
     ‘mi27lu.o’, ‘mi30spec.o’, ‘mi35mps.o’, ‘mi36mps.o’, ‘mi40bfil.o’,
     ‘mi50lp.o’, ‘mi60srch.o’, ‘mi65rmod.o’, ‘mi70nobj.o’,
     ‘mi80ncon.o’, ‘mi81ncon.o’
    
    Compiled code should not call entry points which might terminate R nor
    write to stdout/stderr instead of to the console, nor the C RNG.
    
    See ‘Writing portable packages’ in the ‘Writing R Extensions’ manual.
Flavors: r-devel-linux-x86_64-debian-clang, r-devel-linux-x86_64-debian-gcc, r-devel-linux-x86_64-fedora-clang, r-devel-linux-x86_64-fedora-gcc, r-patched-linux-x86_64, r-release-linux-ix86, r-release-linux-x86_64

Version: 0.953
Check: compiled code
Result: NOTE
    File ‘svmpath/libs/svmpath.so’:
     Found ‘__gfortran_st_write’, possibly from ‘write’ (Fortran), ‘print’
     (Fortran)
     Objects: ‘mi02lib.o’, ‘mi05funs.o’, ‘mi10unix.o’, ‘mi11sys.o’,
     ‘mi12solv.o’, ‘mi20amat.o’, ‘mi25bfac.o’, ‘mi26bfac.o’,
     ‘mi27lu.o’, ‘mi30spec.o’, ‘mi35mps.o’, ‘mi36mps.o’, ‘mi40bfil.o’,
     ‘mi50lp.o’, ‘mi60srch.o’, ‘mi65rmod.o’, ‘mi70nobj.o’,
     ‘mi80ncon.o’, ‘mi81ncon.o’
    
    Compiled code should not call entry points which might terminate R nor
    write to stdout/stderr instead of to the console, nor the C RNG.
    
    See ‘Writing portable packages’ in the ‘Writing R Extensions’ manual.
Flavor: r-devel-osx-x86_64-clang

Version: 0.953
Check: compiled code
Result: NOTE
    File 'svmpath/libs/i386/svmpath.dll':
     Found '_gfortran_st_write', possibly from 'write' (Fortran), 'print'
     (Fortran)
     Objects: 'mi02lib.o', 'mi05funs.o', 'mi10unix.o', 'mi11sys.o',
     'mi12solv.o', 'mi20amat.o', 'mi25bfac.o', 'mi26bfac.o',
     'mi27lu.o', 'mi30spec.o', 'mi35mps.o', 'mi36mps.o', 'mi40bfil.o',
     'mi50lp.o', 'mi60srch.o', 'mi65rmod.o', 'mi70nobj.o',
     'mi80ncon.o', 'mi81ncon.o'
    File 'svmpath/libs/x64/svmpath.dll':
     Found '_gfortran_st_write', possibly from 'write' (Fortran), 'print'
     (Fortran)
     Objects: 'mi02lib.o', 'mi05funs.o', 'mi10unix.o', 'mi11sys.o',
     'mi12solv.o', 'mi20amat.o', 'mi25bfac.o', 'mi26bfac.o',
     'mi27lu.o', 'mi30spec.o', 'mi35mps.o', 'mi36mps.o', 'mi40bfil.o',
     'mi50lp.o', 'mi60srch.o', 'mi65rmod.o', 'mi70nobj.o',
     'mi80ncon.o', 'mi81ncon.o'
    
    Compiled code should not call entry points which might terminate R nor
    write to stdout/stderr instead of to the console, nor the C RNG.
    
    See 'Writing portable packages' in the 'Writing R Extensions' manual.
Flavors: r-devel-windows-ix86+x86_64, r-release-windows-ix86+x86_64

Version: 0.953
Check: compiled code
Result: NOTE
    File ‘svmpath/libs/svmpath.so’:
     Found ‘__f90_esfw’, possibly from ‘print’ (Fortran), ‘write’
     (Fortran)
     Objects: ‘mi02lib.o’, ‘mi05funs.o’, ‘mi10unix.o’, ‘mi11sys.o’,
     ‘mi12solv.o’, ‘mi20amat.o’, ‘mi25bfac.o’, ‘mi26bfac.o’,
     ‘mi27lu.o’, ‘mi30spec.o’, ‘mi35mps.o’, ‘mi36mps.o’, ‘mi40bfil.o’,
     ‘mi50lp.o’, ‘mi60srch.o’, ‘mi65rmod.o’, ‘mi70nobj.o’,
     ‘mi80ncon.o’, ‘mi81ncon.o’
    
    Compiled code should not call entry points which might terminate R nor
    write to stdout/stderr instead of to the console, nor the C RNG.
    
    See ‘Writing portable packages’ in the ‘Writing R Extensions’ manual.
Flavors: r-patched-solaris-sparc, r-patched-solaris-x86

Version: 0.953
Check: compiled code
Result: NOTE
    File ‘/Builds/CRAN-QA-Simon/packages/mavericks-x86_64/results/3.1/svmpath.Rcheck/svmpath/libs/svmpath.so’:
     Found ‘__gfortran_st_write’, possibly from ‘write’ (Fortran), ‘print’
     (Fortran)
     Objects: ‘mi02lib.o’, ‘mi05funs.o’, ‘mi10unix.o’, ‘mi11sys.o’,
     ‘mi12solv.o’, ‘mi20amat.o’, ‘mi25bfac.o’, ‘mi26bfac.o’,
     ‘mi27lu.o’, ‘mi30spec.o’, ‘mi35mps.o’, ‘mi36mps.o’, ‘mi40bfil.o’,
     ‘mi50lp.o’, ‘mi60srch.o’, ‘mi65rmod.o’, ‘mi70nobj.o’,
     ‘mi80ncon.o’, ‘mi81ncon.o’
    
    Compiled code should not call entry points which might terminate R nor
    write to stdout/stderr instead of to the console.
    
    See ‘Writing portable packages’ in the ‘Writing R Extensions’ manual.
Flavor: r-release-osx-x86_64-mavericks

Version: 0.953
Check: compiled code
Result: NOTE
    File 'd:/Rcompile/CRANpkg/lib/3.0/svmpath/libs/i386/svmpath.dll':
     Found '_gfortran_st_write', possibly from 'write' (Fortran), 'print'
     (Fortran)
     Objects: 'mi02lib.o', 'mi05funs.o', 'mi10unix.o', 'mi11sys.o',
     'mi12solv.o', 'mi20amat.o', 'mi25bfac.o', 'mi26bfac.o',
     'mi27lu.o', 'mi30spec.o', 'mi35mps.o', 'mi36mps.o', 'mi40bfil.o',
     'mi50lp.o', 'mi60srch.o', 'mi65rmod.o', 'mi70nobj.o',
     'mi80ncon.o', 'mi81ncon.o'
    File 'd:/Rcompile/CRANpkg/lib/3.0/svmpath/libs/x64/svmpath.dll':
     Found '_gfortran_st_write', possibly from 'write' (Fortran), 'print'
     (Fortran)
     Objects: 'mi02lib.o', 'mi05funs.o', 'mi10unix.o', 'mi11sys.o',
     'mi12solv.o', 'mi20amat.o', 'mi25bfac.o', 'mi26bfac.o',
     'mi27lu.o', 'mi30spec.o', 'mi35mps.o', 'mi36mps.o', 'mi40bfil.o',
     'mi50lp.o', 'mi60srch.o', 'mi65rmod.o', 'mi70nobj.o',
     'mi80ncon.o', 'mi81ncon.o'
    
    Compiled code should not call entry points which might terminate R nor
    write to stdout/stderr instead of to the console.
    
    See 'Writing portable packages' in the 'Writing R Extensions' manual.
Flavor: r-oldrel-windows-ix86+x86_64