CRAN Package Check Results for Package swa

Last updated on 2024-03-01 14:49:40 CET.

Flavor Version Tinstall Tcheck Ttotal Status Flags
r-devel-linux-x86_64-debian-clang 0.8.1 5.32 56.80 62.12 NOTE
r-devel-linux-x86_64-debian-gcc 0.8.1 4.53 42.36 46.89 NOTE
r-devel-linux-x86_64-fedora-clang 0.8.1 77.24 NOTE
r-devel-linux-x86_64-fedora-gcc 0.8.1 73.65 NOTE
r-devel-windows-x86_64 0.8.1 7.00 65.00 72.00 NOTE
r-patched-linux-x86_64 0.8.1 4.89 53.87 58.76 NOTE
r-release-linux-x86_64 0.8.1 4.45 53.58 58.03 NOTE
r-release-macos-arm64 0.8.1 29.00 NOTE
r-release-macos-x86_64 0.8.1 43.00 NOTE
r-release-windows-x86_64 0.8.1 7.00 72.00 79.00 NOTE
r-oldrel-macos-arm64 0.8.1 28.00 NOTE
r-oldrel-windows-x86_64 0.8.1 8.00 78.00 86.00 NOTE

Check Details

Version: 0.8.1
Check: LazyData
Result: NOTE 'LazyData' is specified without a 'data' directory Flavors: r-devel-linux-x86_64-debian-clang, r-devel-linux-x86_64-debian-gcc, r-devel-linux-x86_64-fedora-clang, r-devel-linux-x86_64-fedora-gcc, r-devel-windows-x86_64, r-patched-linux-x86_64, r-release-linux-x86_64, r-release-macos-arm64, r-release-macos-x86_64, r-release-windows-x86_64, r-oldrel-macos-arm64, r-oldrel-windows-x86_64