CRAN Package Check Results for Package swamp

Last updated on 2014-04-19 09:52:29.

Flavor Version Tinstall Tcheck Ttotal Status Flags
r-devel-linux-x86_64-debian-clang 1.2.3 1.02 27.24 28.26 NOTE
r-devel-linux-x86_64-debian-gcc 1.2.3 1.04 27.77 28.82 NOTE
r-devel-linux-x86_64-fedora-clang 1.2.3 57.46 NOTE
r-devel-linux-x86_64-fedora-gcc 1.2.3 53.98 NOTE
r-devel-macosx-x86_64-clang 1.2.3 53.31 NOTE
r-devel-macosx-x86_64-gcc 1.2.3 ERROR
r-devel-windows-ix86+x86_64 1.2.3 4.00 41.00 45.00 NOTE
r-patched-linux-x86_64 1.2.3 0.98 27.36 28.34 NOTE
r-patched-solaris-sparc 1.2.3 314.20 NOTE
r-patched-solaris-x86 1.2.3 66.60 NOTE
r-release-linux-ix86 1.2.3 3.00 47.00 50.00 NOTE
r-release-linux-x86_64 1.2.3 1.02 27.25 28.28 NOTE
r-release-macosx-x86_64 1.2.3 ERROR
r-release-windows-ix86+x86_64 1.2.3 6.00 43.00 49.00 NOTE
r-oldrel-windows-ix86+x86_64 1.2.3 5.00 43.00 48.00 NOTE

Check Details

Version: 1.2.3
Check: dependencies in R code
Result: NOTE
    'library' or 'require' calls to packages already attached by Depends:
     ‘MASS’ ‘amap’ ‘gplots’ ‘impute’
     Please remove these calls from your code.
    Packages in Depends field not imported from:
     ‘MASS’ ‘amap’ ‘gplots’ ‘impute’
     These packages need to be imported from (in the NAMESPACE file)
     for when this namespace is loaded but not attached.
    See the information on DESCRIPTION files in the chapter ‘Creating R
    packages’ of the ‘Writing R Extensions’ manual.
Flavors: r-devel-linux-x86_64-debian-clang, r-devel-linux-x86_64-debian-gcc, r-devel-linux-x86_64-fedora-clang, r-devel-linux-x86_64-fedora-gcc, r-devel-macosx-x86_64-clang, r-devel-windows-ix86+x86_64, r-patched-linux-x86_64, r-patched-solaris-sparc, r-patched-solaris-x86, r-release-linux-ix86, r-release-linux-x86_64, r-release-windows-ix86+x86_64, r-oldrel-windows-ix86+x86_64

Version: 1.2.3
Check: Rd line widths
Result: NOTE
    Rd file 'prince.plot.Rd':
     \examples lines wider than 100 characters:
     ## patient annotations as a data.frame, annotations should be numbers and factors but not characters.
    
    These lines will be truncated in the PDF manual.
Flavors: r-devel-linux-x86_64-fedora-clang, r-devel-linux-x86_64-fedora-gcc

Version: 1.2.3
Check: package dependencies
Result: ERROR
    Package required but not available: ‘impute’
    
    See the information on DESCRIPTION files in the chapter ‘Creating R
    packages’ of the ‘Writing R Extensions’ manual.
Flavors: r-devel-macosx-x86_64-gcc, r-release-macosx-x86_64