CRAN Package Check Results for Package swamp

Last updated on 2015-04-21 12:48:58.

Flavor Version Tinstall Tcheck Ttotal Status Flags
r-devel-linux-x86_64-debian-clang 1.2.3 1.09 23.18 24.28 NOTE
r-devel-linux-x86_64-debian-gcc 1.2.3 0.76 23.03 23.79 NOTE
r-devel-linux-x86_64-fedora-clang 1.2.3 47.10 NOTE
r-devel-linux-x86_64-fedora-gcc 1.2.3 43.64 NOTE
r-devel-osx-x86_64-clang 1.2.3 44.36 NOTE
r-devel-windows-ix86+x86_64 1.2.3 5.00 53.00 58.00 NOTE
r-patched-linux-x86_64 1.2.3 0.79 22.91 23.70 NOTE
r-patched-solaris-sparc 1.2.3 307.70 NOTE
r-patched-solaris-x86 1.2.3 60.20 NOTE
r-release-linux-x86_64 1.2.3 0.76 22.53 23.29 NOTE
r-release-osx-x86_64-mavericks 1.2.3 NOTE
r-release-osx-x86_64-snowleopard 1.2.3 ERROR
r-release-windows-ix86+x86_64 1.2.3 2.00 35.00 37.00 NOTE
r-oldrel-windows-ix86+x86_64 1.2.3 6.00 42.00 48.00 NOTE

Check Details

Version: 1.2.3
Check: DESCRIPTION meta-information
Result: NOTE
    Malformed Title field: should not end in a period.
Flavors: r-devel-linux-x86_64-debian-clang, r-devel-linux-x86_64-debian-gcc, r-devel-linux-x86_64-fedora-clang, r-devel-linux-x86_64-fedora-gcc, r-devel-osx-x86_64-clang, r-devel-windows-ix86+x86_64, r-patched-linux-x86_64, r-patched-solaris-sparc, r-patched-solaris-x86, r-release-linux-x86_64, r-release-osx-x86_64-mavericks, r-release-windows-ix86+x86_64

Version: 1.2.3
Check: dependencies in R code
Result: NOTE
    'library' or 'require' calls to packages already attached by Depends:
     ‘MASS’ ‘amap’ ‘gplots’ ‘impute’
     Please remove these calls from your code.
    Packages in Depends field not imported from:
     ‘MASS’ ‘amap’ ‘gplots’ ‘impute’
     These packages need to be imported from (in the NAMESPACE file)
     for when this namespace is loaded but not attached.
Flavors: r-devel-linux-x86_64-debian-clang, r-devel-linux-x86_64-debian-gcc, r-devel-linux-x86_64-fedora-clang, r-devel-linux-x86_64-fedora-gcc, r-devel-osx-x86_64-clang, r-devel-windows-ix86+x86_64, r-patched-linux-x86_64, r-patched-solaris-sparc, r-patched-solaris-x86, r-release-linux-x86_64, r-release-osx-x86_64-mavericks, r-release-windows-ix86+x86_64, r-oldrel-windows-ix86+x86_64

Version: 1.2.3
Check: R code for possible problems
Result: NOTE
    adjust.linearmodel: no visible global function definition for ‘rlm’
    confounding: no visible global function definition for ‘heatmap.2’
    hca.plot: no visible global function definition for ‘colorpanel’
    hca.plot: no visible global function definition for ‘hcluster’
    hca.test: no visible global function definition for ‘hcluster’
    kill.pc: no visible global function definition for ‘impute.knn’
    prince: no visible global function definition for ‘impute.knn’
    prince.plot: no visible global function definition for ‘heatmap.2’
    prince.var.plot: no visible global function definition for ‘impute.knn’
Flavors: r-devel-linux-x86_64-debian-clang, r-devel-linux-x86_64-debian-gcc, r-devel-linux-x86_64-fedora-clang, r-devel-linux-x86_64-fedora-gcc, r-devel-osx-x86_64-clang, r-devel-windows-ix86+x86_64, r-patched-linux-x86_64, r-patched-solaris-sparc, r-patched-solaris-x86, r-release-linux-x86_64, r-release-osx-x86_64-mavericks, r-release-windows-ix86+x86_64, r-oldrel-windows-ix86+x86_64

Version: 1.2.3
Check: Rd line widths
Result: NOTE
    Rd file 'prince.plot.Rd':
     \examples lines wider than 100 characters:
     ## patient annotations as a data.frame, annotations should be numbers and factors but not characters.
    
    These lines will be truncated in the PDF manual.
Flavors: r-devel-linux-x86_64-debian-clang, r-devel-linux-x86_64-debian-gcc, r-devel-linux-x86_64-fedora-clang, r-devel-linux-x86_64-fedora-gcc, r-patched-linux-x86_64, r-release-linux-x86_64

Version: 1.2.3
Check: package dependencies
Result: ERROR
    Package required but not available: ‘impute’
    
    See section ‘The DESCRIPTION file’ in the ‘Writing R Extensions’
    manual.
Flavor: r-release-osx-x86_64-snowleopard