CRAN Package Check Results for Package swamp

Last updated on 2017-11-17 17:51:02.

Flavor Version Tinstall Tcheck Ttotal Status Flags
r-devel-linux-x86_64-debian-clang 1.3.1 0.86 29.10 29.96 OK
r-devel-linux-x86_64-debian-gcc 1.3.1 1.00 29.72 30.73 OK
r-devel-linux-x86_64-fedora-clang 1.3.1 53.59 OK
r-devel-linux-x86_64-fedora-gcc 1.3.1 54.62 OK
r-devel-windows-ix86+x86_64 1.3.1 7.00 72.00 79.00 OK
r-patched-linux-x86_64 1.3.1 0.85 31.25 32.10 OK
r-patched-solaris-x86 1.3.1 65.50 OK
r-release-linux-x86_64 1.3.1 0.91 29.63 30.54 OK
r-release-windows-ix86+x86_64 1.3.1 3.00 74.00 77.00 OK
r-release-osx-x86_64 1.3.1 ERROR
r-oldrel-windows-ix86+x86_64 1.3.1 4.00 65.00 69.00 OK
r-oldrel-osx-x86_64 1.3.1 OK

Check Details

Version: 1.3.1
Check: package dependencies
Result: ERROR
    Package required but not available: ‘impute’
    
    See section ‘The DESCRIPTION file’ in the ‘Writing R Extensions’
    manual.
Flavor: r-release-osx-x86_64