CRAN Package Check Results for Package swamp

Last updated on 2018-01-21 15:48:30 CET.

Flavor Version Tinstall Tcheck Ttotal Status Flags
r-devel-linux-x86_64-debian-clang 1.3.1 0.87 48.87 49.74 OK
r-devel-linux-x86_64-debian-gcc 1.3.1 0.96 36.32 37.28 OK
r-devel-windows-ix86+x86_64 1.3.1 3.00 58.00 61.00 OK
r-patched-linux-x86_64 1.3.1 0.83 44.30 45.13 OK
r-patched-solaris-x86 1.3.1 70.20 OK
r-release-linux-x86_64 1.3.1 1.19 44.13 45.32 OK
r-release-windows-ix86+x86_64 1.3.1 4.00 69.00 73.00 OK
r-release-osx-x86_64 1.3.1 ERROR
r-oldrel-windows-ix86+x86_64 1.3.1 5.00 66.00 71.00 OK
r-oldrel-osx-x86_64 1.3.1 OK

Check Details

Version: 1.3.1
Check: package dependencies
Result: ERROR
    Package required but not available: ‘impute’
    
    See section ‘The DESCRIPTION file’ in the ‘Writing R Extensions’
    manual.
Flavor: r-release-osx-x86_64