CRAN Package Check Results for Package swamp

Last updated on 2017-09-22 20:47:48.

Flavor Version Tinstall Tcheck Ttotal Status Flags
r-devel-linux-x86_64-debian-clang 1.3.1 0.78 29.50 30.29 OK
r-devel-linux-x86_64-debian-gcc 1.3.1 0.78 28.71 29.49 OK
r-devel-linux-x86_64-fedora-clang 1.3.1 58.52 OK
r-devel-linux-x86_64-fedora-gcc 1.3.1 52.82 OK
r-devel-windows-ix86+x86_64 1.3.1 4.00 50.00 54.00 OK
r-patched-linux-x86_64 1.3.1 0.79 27.50 28.29 OK
r-patched-solaris-x86 1.3.1 66.20 OK
r-release-linux-x86_64 1.3.1 1.01 27.94 28.94 OK
r-release-windows-ix86+x86_64 1.3.1 3.00 49.00 52.00 OK
r-release-osx-x86_64 1.3.1 ERROR
r-oldrel-windows-ix86+x86_64 1.3.1 3.00 42.00 45.00 OK
r-oldrel-osx-x86_64 1.3.1 OK

Check Details

Version: 1.3.1
Check: package dependencies
Result: ERROR
    Package required but not available: ‘impute’
    
    See section ‘The DESCRIPTION file’ in the ‘Writing R Extensions’
    manual.
Flavor: r-release-osx-x86_64