CRAN Package Check Results for Package sweSCB

Last updated on 2014-07-30 16:47:05.

Flavor Version Tinstall Tcheck Ttotal Status Flags
r-devel-linux-x86_64-debian-clang 0.3.5 1.58 22.11 23.68 OK
r-devel-linux-x86_64-debian-gcc 0.3.5 1.55 21.16 22.71 OK
r-devel-linux-x86_64-fedora-clang 0.3.5 47.02 OK
r-devel-linux-x86_64-fedora-gcc 0.3.5 49.09 OK
r-devel-osx-x86_64-clang 0.3.5 49.84 OK
r-devel-windows-ix86+x86_64 0.3.5 5.00 37.00 42.00 OK
r-patched-linux-x86_64 0.3.5 1.56 21.30 22.87 OK
r-patched-solaris-sparc 0.3.5 274.40 OK
r-patched-solaris-x86 0.3.5 59.60 OK
r-release-linux-ix86 0.3.5 2.28 34.50 36.77 OK
r-release-linux-x86_64 0.3.5 1.58 22.78 24.37 OK
r-release-osx-x86_64-mavericks 0.3.4 OK
r-release-osx-x86_64-snowleopard 0.3.5 OK
r-release-windows-ix86+x86_64 0.3.5 5.00 34.00 39.00 ERROR
r-oldrel-windows-ix86+x86_64 0.3.5 6.00 34.00 40.00 ERROR

Check Details

Version: 0.3.5
Check: examples
Result: ERROR
    Running examples in 'sweSCB-Ex.R' failed
    The error most likely occurred in:
    
    > ### Name: scbGetData
    > ### Title: Get data from a bottom node in SCB API
    > ### Aliases: scbGetData
    >
    > ### ** Examples
    >
    > ## CONTINUED FROM EXAMPLES IN scbGetMetadata()
    > # Get metadata for a variable
    > url <- paste(c(baseURL(),"AM","AM0102","AM0102A","KLStabell14LpMan"), collapse="/")
    > metadata <- scbGetMetadata(url)
    >
    > # Get dimensions (names of dimensions are printed in the terminal)
    > dims <- scbGetDims(metadata)
    Title:
     Genomsnittlig m nadsl n f r m nadsavl nade samt antal sysselsatta inom statlig sektor (KLS) efter myndighet, k n, hel-/deltid, tabellinneh ll och m nad
    Names:
     Myndighet Kon Heltiddeltid ContentsCode Tid
    >
    > # Get data
    > test <- scbGetData(metadata$URL, dims=list(
    + Myndighet = "C02",
    + Kon = "*",
    + Heltiddeltid = "*",
    + ContentsCode = "*",
    + Tid = "*"
    + ))
    Warning in mapCurlOptNames(names(.els), asNames = TRUE) :
     Unrecognized CURL options: writedata
Flavors: r-release-windows-ix86+x86_64, r-oldrel-windows-ix86+x86_64