CRAN Package Check Results for Package swirlify

Last updated on 2019-04-23 10:48:30 CEST.

Flavor Version Tinstall Tcheck Ttotal Status Flags
r-devel-linux-x86_64-debian-clang 0.5.2 5.34 41.19 46.53 ERROR
r-devel-linux-x86_64-debian-gcc 0.5.2 4.02 32.49 36.51 OK
r-devel-linux-x86_64-fedora-clang 0.5.2 55.05 OK
r-devel-linux-x86_64-fedora-gcc 0.5.2 51.36 OK
r-devel-windows-ix86+x86_64 0.5.2 19.00 57.00 76.00 OK
r-patched-linux-x86_64 0.5.2 4.81 40.06 44.87 OK
r-patched-solaris-x86 0.5.2 90.50 OK
r-release-linux-x86_64 0.5.2 3.04 38.49 41.53 OK
r-release-windows-ix86+x86_64 0.5.2 7.00 86.00 93.00 OK
r-release-osx-x86_64 0.5.2 OK
r-oldrel-windows-ix86+x86_64 0.5.2 11.00 82.00 93.00 OK
r-oldrel-osx-x86_64 0.5.2 OK

Check Details

Version: 0.5.2
Check: tests
Result: ERROR
     Running 'testthat.R' [2s/3s]
    Running the tests in 'tests/testthat.R' failed.
    Complete output:
     > library(testthat)
     > library(swirlify)
     > library(swirl)
    
     | Hi! Type swirl() when you are ready to begin.
    
    
     Attaching package: 'swirl'
    
     The following object is masked from 'package:testthat':
    
     skip
    
     >
     > test_check("swirlify")
     -- 1. Failure: Google Forms with diacritics can be Properly Decoded. (@test_goog
     `dgc` not equal to rbind(diacritics_greek_cyrillic, diacritics_greek_cyrillic, diacritics_greek_cyrillic).
     Component "user": 18 string mismatches
     Component "course_name": 18 string mismatches
     Component "lesson_name": 18 string mismatches
    
     == testthat results ===========================================================
     OK: 7 SKIPPED: 0 FAILED: 1
     1. Failure: Google Forms with diacritics can be Properly Decoded. (@test_google_form_decode.R#44)
    
     Error: testthat unit tests failed
     Execution halted
Flavor: r-devel-linux-x86_64-debian-clang