Last updated on 2022-05-16 15:53:26 CEST.
Flavor | Version | Tinstall | Tcheck | Ttotal | Status | Flags |
---|---|---|---|---|---|---|
r-devel-linux-x86_64-debian-clang | 0.8-0 | 9.93 | 90.08 | 100.01 | NOTE | |
r-devel-linux-x86_64-debian-gcc | 0.8-0 | 7.45 | 67.75 | 75.20 | NOTE | |
r-devel-linux-x86_64-fedora-clang | 0.8-0 | 118.64 | NOTE | |||
r-devel-linux-x86_64-fedora-gcc | 0.8-0 | 116.42 | NOTE | |||
r-devel-windows-x86_64 | 0.8-0 | 24.00 | 103.00 | 127.00 | NOTE | |
r-patched-linux-x86_64 | 0.8-0 | 8.35 | 85.87 | 94.22 | NOTE | |
r-release-linux-x86_64 | 0.8-0 | 8.29 | 85.75 | 94.04 | NOTE | |
r-release-macos-arm64 | 0.8-0 | 35.00 | NOTE | |||
r-release-macos-x86_64 | 0.8-0 | 60.00 | NOTE | |||
r-release-windows-x86_64 | 0.8-0 | 29.00 | 102.00 | 131.00 | NOTE | |
r-oldrel-macos-arm64 | 0.8-0 | 42.00 | NOTE | |||
r-oldrel-macos-x86_64 | 0.8-0 | 65.00 | NOTE | |||
r-oldrel-windows-ix86+x86_64 | 0.8-0 | 21.00 | 96.00 | 117.00 | NOTE |
Version: 0.8-0
Check: dependencies in R code
Result: NOTE
Packages in Depends field not imported from:
'MASS' 'fda' 'splines'
These packages need to be imported from (in the NAMESPACE file)
for when this namespace is loaded but not attached.
Flavors: r-devel-linux-x86_64-debian-clang, r-devel-linux-x86_64-debian-gcc, r-devel-linux-x86_64-fedora-clang, r-devel-linux-x86_64-fedora-gcc, r-devel-windows-x86_64, r-patched-linux-x86_64, r-release-linux-x86_64, r-release-macos-arm64, r-release-macos-x86_64, r-release-windows-x86_64, r-oldrel-macos-arm64, r-oldrel-macos-x86_64, r-oldrel-windows-ix86+x86_64
Version: 0.8-0
Check: R code for possible problems
Result: NOTE
fj_pl: no visible global function definition for 'getbasismatrix'
fj_pl: no visible global function definition for 'create.bspline.basis'
fj_pl: no visible global function definition for 'getbasispenalty'
forward_backward.quantities : <anonymous>: no visible global function
definition for 'dnorm'
function_cases1AND2: no visible global function definition for 'dnorm'
function_cases3AND4: no visible global function definition for 'dnorm'
pij_iid: no visible global function definition for 'dnorm'
pilj: no visible global function definition for 'dnorm'
updateLambda: no visible global function definition for 'optimize'
Undefined global functions or variables:
create.bspline.basis dnorm getbasismatrix getbasispenalty optimize
Consider adding
importFrom("stats", "dnorm", "optimize")
to your NAMESPACE file.
Flavors: r-devel-linux-x86_64-debian-clang, r-devel-linux-x86_64-debian-gcc, r-devel-linux-x86_64-fedora-clang, r-devel-linux-x86_64-fedora-gcc, r-devel-windows-x86_64, r-patched-linux-x86_64, r-release-linux-x86_64, r-release-macos-arm64, r-release-macos-x86_64, r-release-windows-x86_64, r-oldrel-macos-arm64, r-oldrel-macos-x86_64, r-oldrel-windows-ix86+x86_64