CRAN Package Check Results for Package switchnpreg

Last updated on 2019-08-18 04:46:24 CEST.

Flavor Version Tinstall Tcheck Ttotal Status Flags
r-devel-linux-x86_64-debian-clang 0.8-0 6.58 54.66 61.24 NOTE
r-devel-linux-x86_64-debian-gcc 0.8-0 5.77 44.45 50.22 NOTE
r-devel-linux-x86_64-fedora-gcc 0.8-0 78.97 NOTE
r-devel-windows-ix86+x86_64 0.8-0 12.00 69.00 81.00 NOTE
r-patched-linux-x86_64 0.8-0 7.00 54.38 61.38 NOTE
r-patched-solaris-x86 0.8-0 123.10 NOTE
r-release-linux-x86_64 0.8-0 6.60 53.89 60.49 NOTE
r-release-windows-ix86+x86_64 0.8-0 17.00 99.00 116.00 NOTE
r-release-osx-x86_64 0.8-0 NOTE
r-oldrel-windows-ix86+x86_64 0.8-0 11.00 88.00 99.00 NOTE
r-oldrel-osx-x86_64 0.8-0 NOTE

Check Details

Version: 0.8-0
Check: dependencies in R code
Result: NOTE
    Packages in Depends field not imported from:
     'MASS' 'fda' 'splines'
     These packages need to be imported from (in the NAMESPACE file)
     for when this namespace is loaded but not attached.
Flavors: r-devel-linux-x86_64-debian-clang, r-devel-linux-x86_64-debian-gcc, r-devel-linux-x86_64-fedora-gcc, r-devel-windows-ix86+x86_64, r-patched-linux-x86_64, r-patched-solaris-x86, r-release-linux-x86_64, r-release-windows-ix86+x86_64, r-release-osx-x86_64, r-oldrel-windows-ix86+x86_64, r-oldrel-osx-x86_64

Version: 0.8-0
Check: R code for possible problems
Result: NOTE
    fj_pl: no visible global function definition for 'getbasismatrix'
    fj_pl: no visible global function definition for 'create.bspline.basis'
    fj_pl: no visible global function definition for 'getbasispenalty'
    forward_backward.quantities : <anonymous>: no visible global function
     definition for 'dnorm'
    function_cases1AND2: no visible global function definition for 'dnorm'
    function_cases3AND4: no visible global function definition for 'dnorm'
    pij_iid: no visible global function definition for 'dnorm'
    pilj: no visible global function definition for 'dnorm'
    updateLambda: no visible global function definition for 'optimize'
    Undefined global functions or variables:
     create.bspline.basis dnorm getbasismatrix getbasispenalty optimize
    Consider adding
     importFrom("stats", "dnorm", "optimize")
    to your NAMESPACE file.
Flavors: r-devel-linux-x86_64-debian-clang, r-devel-linux-x86_64-debian-gcc, r-devel-linux-x86_64-fedora-gcc, r-devel-windows-ix86+x86_64, r-patched-linux-x86_64, r-patched-solaris-x86, r-release-linux-x86_64, r-release-windows-ix86+x86_64, r-release-osx-x86_64, r-oldrel-windows-ix86+x86_64, r-oldrel-osx-x86_64