CRAN Package Check Results for Package sybil

Last updated on 2016-09-28 15:48:16.

Flavor Version Tinstall Tcheck Ttotal Status Flags
r-devel-linux-x86_64-debian-clang 2.0.0 5.93 105.76 111.69 OK
r-devel-linux-x86_64-debian-gcc 2.0.0 6.14 102.96 109.10 OK
r-devel-linux-x86_64-fedora-clang 2.0.0 227.54 NOTE
r-devel-linux-x86_64-fedora-gcc 2.0.0 216.79 NOTE
r-devel-macos-x86_64-clang 2.0.0 173.56 NOTE
r-devel-windows-ix86+x86_64 2.0.0 13.00 256.00 269.00 NOTE
r-patched-linux-x86_64 2.0.0 6.17 106.32 112.49 OK
r-patched-solaris-sparc 2.0.0 1347.70 NOTE
r-patched-solaris-x86 2.0.0 282.30 NOTE
r-release-linux-x86_64 2.0.0 6.02 107.10 113.12 OK
r-release-osx-x86_64-mavericks 2.0.0 NOTE
r-release-windows-ix86+x86_64 2.0.0 21.00 198.00 219.00 NOTE
r-oldrel-windows-ix86+x86_64 2.0.0 32.00 202.00 234.00 NOTE

Check Details

Version: 2.0.0
Check: package dependencies
Result: NOTE
    Package suggested but not available for checking: ‘cplexAPI’
Flavors: r-devel-linux-x86_64-fedora-clang, r-devel-linux-x86_64-fedora-gcc, r-devel-macos-x86_64-clang, r-devel-windows-ix86+x86_64, r-patched-solaris-sparc, r-patched-solaris-x86, r-release-windows-ix86+x86_64, r-oldrel-windows-ix86+x86_64

Version: 2.0.0
Check: package dependencies
Result: NOTE
    Packages suggested but not available for checking: ‘cplexAPI’ ‘clpAPI’
Flavor: r-release-osx-x86_64-mavericks