CRAN Package Check Results for Package sybil

Last updated on 2016-12-05 02:47:21.

Flavor Version Tinstall Tcheck Ttotal Status Flags
r-devel-linux-x86_64-debian-clang 2.0.0 6.26 120.97 127.22 OK
r-devel-linux-x86_64-debian-gcc 2.0.0 6.45 115.96 122.41 OK
r-devel-linux-x86_64-fedora-clang 2.0.0 247.77 NOTE --no-stop-on-test-error
r-devel-linux-x86_64-fedora-gcc 2.0.0 241.83 NOTE --no-stop-on-test-error
r-devel-macos-x86_64-clang 2.0.0 193.76 NOTE
r-devel-windows-ix86+x86_64 2.0.0 16.00 302.00 318.00 NOTE
r-patched-linux-x86_64 2.0.0 6.02 108.38 114.41 OK
r-patched-solaris-sparc 2.0.0 1347.70 NOTE
r-patched-solaris-x86 2.0.0 285.40 NOTE
r-release-linux-x86_64 2.0.0 5.94 106.04 111.97 OK
r-release-osx-x86_64-mavericks 2.0.0 NOTE
r-release-windows-ix86+x86_64 2.0.0 28.00 199.00 227.00 NOTE
r-oldrel-windows-ix86+x86_64 2.0.0 18.00 229.00 247.00 NOTE

Check Details

Version: 2.0.0
Flags: --no-stop-on-test-error
Check: package dependencies
Result: NOTE
    Package suggested but not available for checking: ‘cplexAPI’
Flavors: r-devel-linux-x86_64-fedora-clang, r-devel-linux-x86_64-fedora-gcc

Version: 2.0.0
Check: package dependencies
Result: NOTE
    Package suggested but not available for checking: ‘cplexAPI’
Flavors: r-devel-macos-x86_64-clang, r-devel-windows-ix86+x86_64, r-patched-solaris-sparc, r-patched-solaris-x86, r-release-windows-ix86+x86_64, r-oldrel-windows-ix86+x86_64

Version: 2.0.0
Check: package dependencies
Result: NOTE
    Packages suggested but not available for checking: ‘cplexAPI’ ‘clpAPI’
Flavor: r-release-osx-x86_64-mavericks