CRAN Package Check Results for Package sybil

Last updated on 2016-06-30 19:46:58.

Flavor Version Tinstall Tcheck Ttotal Status Flags
r-devel-linux-x86_64-debian-gcc 2.0.0 7.31 113.61 120.92 OK
r-devel-linux-x86_64-fedora-clang 2.0.0 221.54 NOTE
r-devel-linux-x86_64-fedora-gcc 2.0.0 212.64 NOTE
r-devel-osx-x86_64-clang 2.0.0 178.27 NOTE
r-devel-windows-ix86+x86_64 2.0.0 17.00 262.00 279.00 NOTE
r-patched-linux-x86_64 2.0.0 7.61 120.29 127.91 OK
r-patched-solaris-sparc 2.0.0 1347.70 NOTE
r-patched-solaris-x86 2.0.0 284.70 NOTE
r-release-linux-x86_64 2.0.0 6.91 113.56 120.47 OK
r-release-osx-x86_64-mavericks 2.0.0 NOTE
r-release-windows-ix86+x86_64 2.0.0 26.00 217.00 243.00 NOTE
r-oldrel-windows-ix86+x86_64 2.0.0 28.00 306.00 334.00 NOTE

Check Details

Version: 2.0.0
Check: package dependencies
Result: NOTE
    Package suggested but not available for checking: ‘cplexAPI’
Flavors: r-devel-linux-x86_64-fedora-clang, r-devel-linux-x86_64-fedora-gcc, r-devel-osx-x86_64-clang, r-devel-windows-ix86+x86_64, r-patched-solaris-sparc, r-patched-solaris-x86, r-release-windows-ix86+x86_64, r-oldrel-windows-ix86+x86_64

Version: 2.0.0
Check: package dependencies
Result: NOTE
    Packages suggested but not available for checking: ‘cplexAPI’ ‘clpAPI’
Flavor: r-release-osx-x86_64-mavericks