CRAN Package Check Results for Package sybil

Last updated on 2016-08-30 17:48:03.

Flavor Version Tinstall Tcheck Ttotal Status Flags
r-devel-linux-x86_64-debian-clang 2.0.0 6.43 109.88 116.31 OK
r-devel-linux-x86_64-debian-gcc 2.0.0 6.60 104.86 111.46 OK
r-devel-linux-x86_64-fedora-clang 2.0.0 225.62 NOTE
r-devel-linux-x86_64-fedora-gcc 2.0.0 215.47 NOTE
r-devel-osx-x86_64-clang 2.0.0 184.92 NOTE
r-devel-windows-ix86+x86_64 2.0.0 21.00 188.00 209.00 NOTE
r-patched-linux-x86_64 2.0.0 6.63 109.67 116.30 OK
r-patched-solaris-sparc 2.0.0 1347.70 NOTE
r-patched-solaris-x86 2.0.0 276.30 NOTE
r-release-linux-x86_64 2.0.0 6.40 106.03 112.43 OK
r-release-osx-x86_64-mavericks 2.0.0 NOTE
r-release-windows-ix86+x86_64 2.0.0 16.00 176.00 192.00 NOTE
r-oldrel-windows-ix86+x86_64 2.0.0 24.00 305.00 329.00 NOTE

Check Details

Version: 2.0.0
Check: package dependencies
Result: NOTE
    Package suggested but not available for checking: ‘cplexAPI’
Flavors: r-devel-linux-x86_64-fedora-clang, r-devel-linux-x86_64-fedora-gcc, r-devel-osx-x86_64-clang, r-devel-windows-ix86+x86_64, r-patched-solaris-sparc, r-patched-solaris-x86, r-release-windows-ix86+x86_64, r-oldrel-windows-ix86+x86_64

Version: 2.0.0
Check: package dependencies
Result: NOTE
    Packages suggested but not available for checking: ‘cplexAPI’ ‘clpAPI’
Flavor: r-release-osx-x86_64-mavericks