CRAN Package Check Results for Package sybil

Last updated on 2017-01-19 19:50:30.

Flavor Version Tinstall Tcheck Ttotal Status Flags
r-devel-linux-x86_64-debian-clang 2.0.0 5.99 117.54 123.52 OK
r-devel-linux-x86_64-debian-gcc 2.0.0 6.18 115.73 121.91 OK
r-devel-linux-x86_64-fedora-clang 2.0.0 240.82 NOTE --no-stop-on-test-error
r-devel-linux-x86_64-fedora-gcc 2.0.0 235.68 NOTE --no-stop-on-test-error
r-devel-macos-x86_64-clang 2.0.0 194.70 NOTE --no-stop-on-test-error
r-devel-windows-ix86+x86_64 2.0.0 22.00 210.00 232.00 NOTE
r-patched-linux-x86_64 2.0.0 6.21 110.22 116.44 OK
r-patched-solaris-sparc 2.0.0 1364.20 NOTE
r-patched-solaris-x86 2.0.0 290.30 NOTE
r-release-linux-x86_64 2.0.0 6.58 111.16 117.75 OK
r-release-osx-x86_64-mavericks 2.0.0 NOTE
r-release-windows-ix86+x86_64 2.0.0 18.00 280.00 298.00 NOTE
r-oldrel-windows-ix86+x86_64 2.0.0 19.00 311.00 330.00 NOTE

Check Details

Version: 2.0.0
Flags: --no-stop-on-test-error
Check: package dependencies
Result: NOTE
    Package suggested but not available for checking: ‘cplexAPI’
Flavors: r-devel-linux-x86_64-fedora-clang, r-devel-linux-x86_64-fedora-gcc, r-devel-macos-x86_64-clang

Version: 2.0.0
Check: package dependencies
Result: NOTE
    Package suggested but not available for checking: 'cplexAPI'
Flavors: r-devel-windows-ix86+x86_64, r-patched-solaris-sparc, r-patched-solaris-x86, r-release-windows-ix86+x86_64, r-oldrel-windows-ix86+x86_64

Version: 2.0.0
Check: package dependencies
Result: NOTE
    Packages suggested but not available for checking: ‘cplexAPI’ ‘clpAPI’
Flavor: r-release-osx-x86_64-mavericks