CRAN Package Check Results for Package sybil

Last updated on 2016-07-25 11:51:07.

Flavor Version Tinstall Tcheck Ttotal Status Flags
r-devel-linux-x86_64-debian-clang 2.0.0 7.73 126.09 133.82 OK
r-devel-linux-x86_64-debian-gcc 2.0.0 7.50 122.95 130.45 OK
r-devel-linux-x86_64-fedora-clang 2.0.0 221.66 NOTE
r-devel-linux-x86_64-fedora-gcc 2.0.0 210.91 NOTE
r-devel-osx-x86_64-clang 2.0.0 182.26 NOTE
r-devel-windows-ix86+x86_64 2.0.0 22.00 288.00 310.00 NOTE
r-patched-linux-x86_64 2.0.0 8.20 121.94 130.14 OK
r-patched-solaris-sparc 2.0.0 1347.70 NOTE
r-patched-solaris-x86 2.0.0 289.20 NOTE
r-release-linux-x86_64 2.0.0 7.38 124.47 131.85 OK
r-release-osx-x86_64-mavericks 2.0.0 NOTE
r-release-windows-ix86+x86_64 2.0.0 20.00 305.00 325.00 NOTE
r-oldrel-windows-ix86+x86_64 2.0.0 25.00 300.00 325.00 NOTE

Check Details

Version: 2.0.0
Check: package dependencies
Result: NOTE
    Package suggested but not available for checking: ‘cplexAPI’
Flavors: r-devel-linux-x86_64-fedora-clang, r-devel-linux-x86_64-fedora-gcc, r-devel-osx-x86_64-clang, r-devel-windows-ix86+x86_64, r-patched-solaris-sparc, r-patched-solaris-x86, r-release-windows-ix86+x86_64, r-oldrel-windows-ix86+x86_64

Version: 2.0.0
Check: package dependencies
Result: NOTE
    Packages suggested but not available for checking: ‘cplexAPI’ ‘clpAPI’
Flavor: r-release-osx-x86_64-mavericks