CRAN Package Check Results for Package sybil

Last updated on 2015-03-27 21:48:02.

Flavor Version Tinstall Tcheck Ttotal Status Flags
r-devel-linux-x86_64-debian-clang 1.2.6 6.51 102.54 109.06 NOTE
r-devel-linux-x86_64-debian-gcc 1.2.6 6.66 100.27 106.93 NOTE
r-devel-linux-x86_64-fedora-clang 1.2.6 232.05 NOTE
r-devel-linux-x86_64-fedora-gcc 1.2.6 231.98 NOTE
r-devel-osx-x86_64-clang 1.2.6 249.94 NOTE
r-prerel-windows-ix86+x86_64 1.2.6 19.00 169.00 188.00 NOTE
r-prerel-linux-x86_64 1.2.6 6.26 102.53 108.79 NOTE
r-prerel-solaris-sparc 1.2.6 1353.20 NOTE
r-prerel-solaris-x86 1.2.6 309.20 NOTE
r-release-linux-x86_64 1.2.6 7.69 118.71 126.40 NOTE
r-release-osx-x86_64-mavericks 1.2.6 ERROR
r-release-osx-x86_64-snowleopard 1.2.6 NOTE
r-release-windows-ix86+x86_64 1.2.6 19.00 203.00 222.00 NOTE
r-oldrel-windows-ix86+x86_64 1.2.6 20.00 320.00 340.00 NOTE

Check Details

Version: 1.2.6
Check: dependencies in R code
Result: NOTE
    'library' or 'require' call to ‘parallel’ in package code.
     Please use :: or requireNamespace() instead.
     See section 'Suggested packages' in the 'Writing R Extensions' manual.
Flavors: r-devel-linux-x86_64-debian-clang, r-devel-linux-x86_64-debian-gcc, r-devel-linux-x86_64-fedora-clang, r-devel-linux-x86_64-fedora-gcc, r-devel-osx-x86_64-clang, r-prerel-windows-ix86+x86_64, r-prerel-linux-x86_64, r-prerel-solaris-sparc, r-prerel-solaris-x86, r-release-linux-x86_64, r-release-osx-x86_64-mavericks, r-release-windows-ix86+x86_64

Version: 1.2.6
Check: package dependencies
Result: NOTE
    Package suggested but not available for checking: ‘cplexAPI’
Flavors: r-devel-linux-x86_64-fedora-clang, r-devel-linux-x86_64-fedora-gcc, r-devel-osx-x86_64-clang, r-prerel-windows-ix86+x86_64, r-prerel-solaris-sparc, r-prerel-solaris-x86, r-release-windows-ix86+x86_64, r-oldrel-windows-ix86+x86_64

Version: 1.2.6
Check: package dependencies
Result: NOTE
    Packages suggested but not available for checking:
     ‘glpkAPI’ ‘cplexAPI’ ‘clpAPI’
Flavor: r-release-osx-x86_64-mavericks

Version: 1.2.6
Check: Rd cross-references
Result: NOTE
    Package unavailable to check Rd xrefs: ‘glpkAPI’
Flavor: r-release-osx-x86_64-mavericks

Version: 1.2.6
Check: examples
Result: ERROR
    Running examples in ‘sybil-Ex.R’ failed
    The error most likely occurred in:
    
    > ### Name: SYBIL_SETTINGS
    > ### Title: Set and Get sybil Parameters
    > ### Aliases: SYBIL_SETTINGS SOLVER METHOD TOLERANCE MAXIMUM ALGORITHM
    > ### OPT_DIRECTION USE_NAMES PATH_TO_MODEL SOLVER_CTRL_PARM
    > ### Keywords: optimize
    >
    > ### ** Examples
    >
    > ## show all current parameters
    > SYBIL_SETTINGS()
    $SOLVER
    [1] "glpkAPI"
    
    $METHOD
    [1] "simplex"
    
    $TOLERANCE
    [1] 1e-06
    
    $MAXIMUM
    [1] 1000
    
    $ALGORITHM
    [1] "fba"
    
    $OPT_DIRECTION
    [1] "max"
    
    $USE_NAMES
    [1] FALSE
    
    $PATH_TO_MODEL
    [1] "."
    
    $SOLVER_CTRL_PARM
     NA
    1 NA
    
    >
    > ## show current setting for "SOLVER"
    > SYBIL_SETTINGS("SOLVER")
    [1] "glpkAPI"
    >
    > ## change current solver to glpkAPI
    > SYBIL_SETTINGS("SOLVER", "glpkAPI")
    Loading required package: glpkAPI
    Warning in library(package, lib.loc = lib.loc, character.only = TRUE, logical.return = TRUE, :
     there is no package called ‘glpkAPI’
    Error in checkDefaultMethod(solver = value, method = "", probType = "", :
     package ‘glpkAPI’ not found
    Calls: SYBIL_SETTINGS -> checkDefaultMethod
    Execution halted
Flavor: r-release-osx-x86_64-mavericks

Version: 1.2.6
Check: package dependencies
Result: NOTE
    Packages suggested but not available for checking: ‘cplexAPI’ ‘clpAPI’
Flavor: r-release-osx-x86_64-snowleopard