CRAN Package Check Results for Package sybil

Last updated on 2016-05-30 06:47:05.

Flavor Version Tinstall Tcheck Ttotal Status Flags
r-devel-linux-x86_64-debian-gcc 1.3.2 6.22 107.72 113.94 OK
r-devel-linux-x86_64-fedora-clang 1.3.2 221.61 NOTE
r-devel-linux-x86_64-fedora-gcc 1.3.2 207.93 NOTE
r-devel-osx-x86_64-clang 1.3.2 249.17 NOTE
r-devel-windows-ix86+x86_64 1.3.2 16.00 208.00 224.00 NOTE
r-patched-linux-x86_64 1.3.2 6.52 104.97 111.49 OK
r-patched-solaris-sparc 1.3.2 1327.10 NOTE
r-patched-solaris-x86 1.3.2 278.10 NOTE
r-release-linux-x86_64 1.3.2 6.13 105.02 111.14 OK
r-release-osx-x86_64-mavericks 1.3.2 NOTE
r-release-windows-ix86+x86_64 1.3.2 24.00 214.00 238.00 NOTE
r-oldrel-windows-ix86+x86_64 1.3.2 19.00 289.00 308.00 NOTE

Check Details

Version: 1.3.2
Check: package dependencies
Result: NOTE
    Package suggested but not available for checking: ‘cplexAPI’
Flavors: r-devel-linux-x86_64-fedora-clang, r-devel-linux-x86_64-fedora-gcc, r-devel-osx-x86_64-clang, r-devel-windows-ix86+x86_64, r-patched-solaris-sparc, r-patched-solaris-x86, r-release-windows-ix86+x86_64, r-oldrel-windows-ix86+x86_64

Version: 1.3.2
Check: package dependencies
Result: NOTE
    Packages suggested but not available for checking: ‘cplexAPI’ ‘clpAPI’
Flavor: r-release-osx-x86_64-mavericks