CRAN Package Check Results for Package sybil

Last updated on 2015-07-05 08:47:39.

Flavor Version Tinstall Tcheck Ttotal Status Flags
r-devel-linux-x86_64-debian-clang 1.3.0 6.66 110.23 116.89 NOTE
r-devel-linux-x86_64-debian-gcc 1.3.0 6.46 104.67 111.14 NOTE
r-devel-linux-x86_64-fedora-clang 1.3.0 234.25 NOTE
r-devel-linux-x86_64-fedora-gcc 1.3.0 229.68 NOTE
r-devel-osx-x86_64-clang 1.3.0 183.12 NOTE
r-devel-windows-ix86+x86_64 1.3.0 20.00 200.00 220.00 NOTE
r-patched-linux-x86_64 1.3.0 6.34 103.93 110.27 OK
r-patched-solaris-sparc 1.3.0 1243.20 NOTE
r-patched-solaris-x86 1.3.0 309.80 NOTE
r-release-linux-x86_64 1.3.0 6.94 103.68 110.62 OK
r-release-osx-x86_64-mavericks 1.3.0 NOTE
r-release-windows-ix86+x86_64 1.3.0 26.00 180.00 206.00 NOTE
r-oldrel-windows-ix86+x86_64 1.3.0 25.00 206.00 231.00 NOTE

Check Details

Version: 1.3.0
Check: R code for possible problems
Result: NOTE
    addRowsToProb,optObj_cplexAPI: warning in switch(type[l], L = {:
     partial argument match of ‘E’ to ‘EXPR’
    addRowsToProb,optObj_cplexAPI: warning in "G": partial argument match
     of ‘E’ to ‘EXPR’
    addRowsToProb,optObj_cplexAPI: warning in }, U = {: partial argument
     match of ‘E’ to ‘EXPR’
    addRowsToProb,optObj_cplexAPI: warning in "L": partial argument match
     of ‘E’ to ‘EXPR’
    addRowsToProb,optObj_cplexAPI: warning in }, D = {: partial argument
     match of ‘E’ to ‘EXPR’
    addRowsToProb,optObj_cplexAPI: warning in "R": partial argument match
     of ‘E’ to ‘EXPR’
    addRowsToProb,optObj_cplexAPI: warning in }, E = {: partial argument
     match of ‘E’ to ‘EXPR’
    addRowsToProb,optObj_cplexAPI: warning in "E": partial argument match
     of ‘E’ to ‘EXPR’
    addRowsToProb,optObj_cplexAPI: warning in }, {: partial argument match
     of ‘E’ to ‘EXPR’
    addRowsToProb,optObj_cplexAPI: warning in }): partial argument match of
     ‘E’ to ‘EXPR’
    addRowsToProb,optObj_glpkAPI: warning in switch(type[k], F = {: partial
     argument match of ‘E’ to ‘EXPR’
    addRowsToProb,optObj_glpkAPI: warning in glpkAPI::GLP_FR: partial
     argument match of ‘E’ to ‘EXPR’
    addRowsToProb,optObj_glpkAPI: warning in }, L = {: partial argument
     match of ‘E’ to ‘EXPR’
    addRowsToProb,optObj_glpkAPI: warning in glpkAPI::GLP_LO: partial
     argument match of ‘E’ to ‘EXPR’
    addRowsToProb,optObj_glpkAPI: warning in }, U = {: partial argument
     match of ‘E’ to ‘EXPR’
    addRowsToProb,optObj_glpkAPI: warning in glpkAPI::GLP_UP: partial
     argument match of ‘E’ to ‘EXPR’
    addRowsToProb,optObj_glpkAPI: warning in }, D = {: partial argument
     match of ‘E’ to ‘EXPR’
    addRowsToProb,optObj_glpkAPI: warning in glpkAPI::GLP_DB: partial
     argument match of ‘E’ to ‘EXPR’
    addRowsToProb,optObj_glpkAPI: warning in }, E = {: partial argument
     match of ‘E’ to ‘EXPR’
    addRowsToProb,optObj_glpkAPI: warning in glpkAPI::GLP_FX: partial
     argument match of ‘E’ to ‘EXPR’
    addRowsToProb,optObj_glpkAPI: warning in }, {: partial argument match
     of ‘E’ to ‘EXPR’
    addRowsToProb,optObj_glpkAPI: warning in }): partial argument match of
     ‘E’ to ‘EXPR’
    addRowsToProb,optObj_lpSolveAPI: warning in switch(type[k], L = {:
     partial argument match of ‘E’ to ‘EXPR’
    addRowsToProb,optObj_lpSolveAPI: warning in 2: partial argument match
     of ‘E’ to ‘EXPR’
    addRowsToProb,optObj_lpSolveAPI: warning in }, U = {: partial argument
     match of ‘E’ to ‘EXPR’
    addRowsToProb,optObj_lpSolveAPI: warning in 1: partial argument match
     of ‘E’ to ‘EXPR’
    addRowsToProb,optObj_lpSolveAPI: warning in }, D = {: partial argument
     match of ‘E’ to ‘EXPR’
    addRowsToProb,optObj_lpSolveAPI: warning in }, E = {: partial argument
     match of ‘E’ to ‘EXPR’
    addRowsToProb,optObj_lpSolveAPI: warning in 3: partial argument match
     of ‘E’ to ‘EXPR’
    addRowsToProb,optObj_lpSolveAPI: warning in }, {: partial argument
     match of ‘E’ to ‘EXPR’
    addRowsToProb,optObj_lpSolveAPI: warning in }): partial argument match
     of ‘E’ to ‘EXPR’
    loadLPprob,optObj_cplexAPI : <anonymous>: warning in switch(x, L = {:
     partial argument match of ‘E’ to ‘EXPR’
    loadLPprob,optObj_cplexAPI : <anonymous>: warning in "G": partial
     argument match of ‘E’ to ‘EXPR’
    loadLPprob,optObj_cplexAPI : <anonymous>: warning in }, U = {: partial
     argument match of ‘E’ to ‘EXPR’
    loadLPprob,optObj_cplexAPI : <anonymous>: warning in "L": partial
     argument match of ‘E’ to ‘EXPR’
    loadLPprob,optObj_cplexAPI : <anonymous>: warning in }, D = {: partial
     argument match of ‘E’ to ‘EXPR’
    loadLPprob,optObj_cplexAPI : <anonymous>: warning in "R": partial
     argument match of ‘E’ to ‘EXPR’
    loadLPprob,optObj_cplexAPI : <anonymous>: warning in }, E = {: partial
     argument match of ‘E’ to ‘EXPR’
    loadLPprob,optObj_cplexAPI : <anonymous>: warning in "E": partial
     argument match of ‘E’ to ‘EXPR’
    loadLPprob,optObj_cplexAPI : <anonymous>: warning in }, {: partial
     argument match of ‘E’ to ‘EXPR’
    loadLPprob,optObj_cplexAPI : <anonymous>: warning in }): partial
     argument match of ‘E’ to ‘EXPR’
    loadLPprob,optObj_glpkAPI : <anonymous>: warning in switch(x, F = {:
     partial argument match of ‘E’ to ‘EXPR’
    loadLPprob,optObj_glpkAPI : <anonymous>: warning in glpkAPI::GLP_FR:
     partial argument match of ‘E’ to ‘EXPR’
    loadLPprob,optObj_glpkAPI : <anonymous>: warning in }, L = {: partial
     argument match of ‘E’ to ‘EXPR’
    loadLPprob,optObj_glpkAPI : <anonymous>: warning in glpkAPI::GLP_LO:
     partial argument match of ‘E’ to ‘EXPR’
    loadLPprob,optObj_glpkAPI : <anonymous>: warning in }, U = {: partial
     argument match of ‘E’ to ‘EXPR’
    loadLPprob,optObj_glpkAPI : <anonymous>: warning in glpkAPI::GLP_UP:
     partial argument match of ‘E’ to ‘EXPR’
    loadLPprob,optObj_glpkAPI : <anonymous>: warning in }, D = {: partial
     argument match of ‘E’ to ‘EXPR’
    loadLPprob,optObj_glpkAPI : <anonymous>: warning in glpkAPI::GLP_DB:
     partial argument match of ‘E’ to ‘EXPR’
    loadLPprob,optObj_glpkAPI : <anonymous>: warning in }, E = {: partial
     argument match of ‘E’ to ‘EXPR’
    loadLPprob,optObj_glpkAPI : <anonymous>: warning in glpkAPI::GLP_FX:
     partial argument match of ‘E’ to ‘EXPR’
    loadLPprob,optObj_glpkAPI : <anonymous>: warning in }, {: partial
     argument match of ‘E’ to ‘EXPR’
    loadLPprob,optObj_glpkAPI : <anonymous>: warning in }): partial
     argument match of ‘E’ to ‘EXPR’
    loadLPprob,optObj_lpSolveAPI : <anonymous>: warning in switch(x, L = {:
     partial argument match of ‘E’ to ‘EXPR’
    loadLPprob,optObj_lpSolveAPI : <anonymous>: warning in 2: partial
     argument match of ‘E’ to ‘EXPR’
    loadLPprob,optObj_lpSolveAPI : <anonymous>: warning in }, U = {:
     partial argument match of ‘E’ to ‘EXPR’
    loadLPprob,optObj_lpSolveAPI : <anonymous>: warning in 1: partial
     argument match of ‘E’ to ‘EXPR’
    loadLPprob,optObj_lpSolveAPI : <anonymous>: warning in }, D = {:
     partial argument match of ‘E’ to ‘EXPR’
    loadLPprob,optObj_lpSolveAPI : <anonymous>: warning in }, E = {:
     partial argument match of ‘E’ to ‘EXPR’
    loadLPprob,optObj_lpSolveAPI : <anonymous>: warning in 3: partial
     argument match of ‘E’ to ‘EXPR’
    loadLPprob,optObj_lpSolveAPI : <anonymous>: warning in }, {: partial
     argument match of ‘E’ to ‘EXPR’
    loadLPprob,optObj_lpSolveAPI : <anonymous>: warning in }): partial
     argument match of ‘E’ to ‘EXPR’
    editEnvir: no visible global function definition for ‘edit’
    geneDeletion: no visible global function definition for ‘combn’
    modelorg2tsv: no visible global function definition for ‘write.table’
    readTSVmod: no visible global function definition for ‘read.table’
    changeRowsBnds,optObj_cplexAPI: no visible global function definition
     for ‘chgRngValCPLEX’
    plot,fluxDistribution-missing : <anonymous>: no visible global function
     definition for ‘grid.points’
    plot,fluxDistribution-missing : <anonymous>: no visible global function
     definition for ‘unit’
    plot,optsol_fluxVar-missing: no visible global function definition for
     ‘arrows’
    plot,optsol_fluxVar-missing: no visible global function definition for
     ‘segments’
    plot,optsol_fluxVar-missing: no visible global function definition for
     ‘points’
    plot,optsol_phpp-character: no visible global function definition for
     ‘colorRampPalette’
    plot,optsol_phpp-missing : <anonymous>: no visible global function
     definition for ‘grey’
    plot,optsol_robAna-missing: no visible global function definition for
     ‘polygon’
    plot,optsol_robAna-missing: no visible global function definition for
     ‘points’
    plotRangeVar,optsol_fluxVar: no visible global function definition for
     ‘hist’
    show,sysBiolAlg: no visible global function definition for ‘str’
    Undefined global functions or variables:
     arrows chgRngValCPLEX colorRampPalette combn edit grey grid.points
     hist points polygon read.table segments str unit write.table
Flavors: r-devel-linux-x86_64-debian-clang, r-devel-linux-x86_64-debian-gcc, r-devel-linux-x86_64-fedora-clang, r-devel-linux-x86_64-fedora-gcc, r-devel-windows-ix86+x86_64

Version: 1.3.0
Check: package dependencies
Result: NOTE
    Package suggested but not available for checking: ‘cplexAPI’
Flavors: r-devel-linux-x86_64-fedora-clang, r-devel-linux-x86_64-fedora-gcc, r-devel-osx-x86_64-clang, r-devel-windows-ix86+x86_64, r-patched-solaris-sparc, r-patched-solaris-x86, r-release-windows-ix86+x86_64, r-oldrel-windows-ix86+x86_64

Version: 1.3.0
Check: R code for possible problems
Result: NOTE
    addRowsToProb,optObj_cplexAPI: warning in switch(type[l], L = {:
     partial argument match of 'E' to 'EXPR'
    addRowsToProb,optObj_cplexAPI: warning in "G": partial argument match
     of 'E' to 'EXPR'
    addRowsToProb,optObj_cplexAPI: warning in }, U = {: partial argument
     match of 'E' to 'EXPR'
    addRowsToProb,optObj_cplexAPI: warning in "L": partial argument match
     of 'E' to 'EXPR'
    addRowsToProb,optObj_cplexAPI: warning in }, D = {: partial argument
     match of 'E' to 'EXPR'
    addRowsToProb,optObj_cplexAPI: warning in "R": partial argument match
     of 'E' to 'EXPR'
    addRowsToProb,optObj_cplexAPI: warning in }, E = {: partial argument
     match of 'E' to 'EXPR'
    addRowsToProb,optObj_cplexAPI: warning in "E": partial argument match
     of 'E' to 'EXPR'
    addRowsToProb,optObj_cplexAPI: warning in }, {: partial argument match
     of 'E' to 'EXPR'
    addRowsToProb,optObj_cplexAPI: warning in }): partial argument match of
     'E' to 'EXPR'
    addRowsToProb,optObj_glpkAPI: warning in switch(type[k], F = {: partial
     argument match of 'E' to 'EXPR'
    addRowsToProb,optObj_glpkAPI: warning in glpkAPI::GLP_FR: partial
     argument match of 'E' to 'EXPR'
    addRowsToProb,optObj_glpkAPI: warning in }, L = {: partial argument
     match of 'E' to 'EXPR'
    addRowsToProb,optObj_glpkAPI: warning in glpkAPI::GLP_LO: partial
     argument match of 'E' to 'EXPR'
    addRowsToProb,optObj_glpkAPI: warning in }, U = {: partial argument
     match of 'E' to 'EXPR'
    addRowsToProb,optObj_glpkAPI: warning in glpkAPI::GLP_UP: partial
     argument match of 'E' to 'EXPR'
    addRowsToProb,optObj_glpkAPI: warning in }, D = {: partial argument
     match of 'E' to 'EXPR'
    addRowsToProb,optObj_glpkAPI: warning in glpkAPI::GLP_DB: partial
     argument match of 'E' to 'EXPR'
    addRowsToProb,optObj_glpkAPI: warning in }, E = {: partial argument
     match of 'E' to 'EXPR'
    addRowsToProb,optObj_glpkAPI: warning in glpkAPI::GLP_FX: partial
     argument match of 'E' to 'EXPR'
    addRowsToProb,optObj_glpkAPI: warning in }, {: partial argument match
     of 'E' to 'EXPR'
    addRowsToProb,optObj_glpkAPI: warning in }): partial argument match of
     'E' to 'EXPR'
    addRowsToProb,optObj_lpSolveAPI: warning in switch(type[k], L = {:
     partial argument match of 'E' to 'EXPR'
    addRowsToProb,optObj_lpSolveAPI: warning in 2: partial argument match
     of 'E' to 'EXPR'
    addRowsToProb,optObj_lpSolveAPI: warning in }, U = {: partial argument
     match of 'E' to 'EXPR'
    addRowsToProb,optObj_lpSolveAPI: warning in 1: partial argument match
     of 'E' to 'EXPR'
    addRowsToProb,optObj_lpSolveAPI: warning in }, D = {: partial argument
     match of 'E' to 'EXPR'
    addRowsToProb,optObj_lpSolveAPI: warning in }, E = {: partial argument
     match of 'E' to 'EXPR'
    addRowsToProb,optObj_lpSolveAPI: warning in 3: partial argument match
     of 'E' to 'EXPR'
    addRowsToProb,optObj_lpSolveAPI: warning in }, {: partial argument
     match of 'E' to 'EXPR'
    addRowsToProb,optObj_lpSolveAPI: warning in }): partial argument match
     of 'E' to 'EXPR'
    loadLPprob,optObj_cplexAPI : <anonymous>: warning in switch(x, L = {:
     partial argument match of 'E' to 'EXPR'
    loadLPprob,optObj_cplexAPI : <anonymous>: warning in "G": partial
     argument match of 'E' to 'EXPR'
    loadLPprob,optObj_cplexAPI : <anonymous>: warning in }, U = {: partial
     argument match of 'E' to 'EXPR'
    loadLPprob,optObj_cplexAPI : <anonymous>: warning in "L": partial
     argument match of 'E' to 'EXPR'
    loadLPprob,optObj_cplexAPI : <anonymous>: warning in }, D = {: partial
     argument match of 'E' to 'EXPR'
    loadLPprob,optObj_cplexAPI : <anonymous>: warning in "R": partial
     argument match of 'E' to 'EXPR'
    loadLPprob,optObj_cplexAPI : <anonymous>: warning in }, E = {: partial
     argument match of 'E' to 'EXPR'
    loadLPprob,optObj_cplexAPI : <anonymous>: warning in "E": partial
     argument match of 'E' to 'EXPR'
    loadLPprob,optObj_cplexAPI : <anonymous>: warning in }, {: partial
     argument match of 'E' to 'EXPR'
    loadLPprob,optObj_cplexAPI : <anonymous>: warning in }): partial
     argument match of 'E' to 'EXPR'
    loadLPprob,optObj_glpkAPI : <anonymous>: warning in switch(x, F = {:
     partial argument match of 'E' to 'EXPR'
    loadLPprob,optObj_glpkAPI : <anonymous>: warning in glpkAPI::GLP_FR:
     partial argument match of 'E' to 'EXPR'
    loadLPprob,optObj_glpkAPI : <anonymous>: warning in }, L = {: partial
     argument match of 'E' to 'EXPR'
    loadLPprob,optObj_glpkAPI : <anonymous>: warning in glpkAPI::GLP_LO:
     partial argument match of 'E' to 'EXPR'
    loadLPprob,optObj_glpkAPI : <anonymous>: warning in }, U = {: partial
     argument match of 'E' to 'EXPR'
    loadLPprob,optObj_glpkAPI : <anonymous>: warning in glpkAPI::GLP_UP:
     partial argument match of 'E' to 'EXPR'
    loadLPprob,optObj_glpkAPI : <anonymous>: warning in }, D = {: partial
     argument match of 'E' to 'EXPR'
    loadLPprob,optObj_glpkAPI : <anonymous>: warning in glpkAPI::GLP_DB:
     partial argument match of 'E' to 'EXPR'
    loadLPprob,optObj_glpkAPI : <anonymous>: warning in }, E = {: partial
     argument match of 'E' to 'EXPR'
    loadLPprob,optObj_glpkAPI : <anonymous>: warning in glpkAPI::GLP_FX:
     partial argument match of 'E' to 'EXPR'
    loadLPprob,optObj_glpkAPI : <anonymous>: warning in }, {: partial
     argument match of 'E' to 'EXPR'
    loadLPprob,optObj_glpkAPI : <anonymous>: warning in }): partial
     argument match of 'E' to 'EXPR'
    loadLPprob,optObj_lpSolveAPI : <anonymous>: warning in switch(x, L = {:
     partial argument match of 'E' to 'EXPR'
    loadLPprob,optObj_lpSolveAPI : <anonymous>: warning in 2: partial
     argument match of 'E' to 'EXPR'
    loadLPprob,optObj_lpSolveAPI : <anonymous>: warning in }, U = {:
     partial argument match of 'E' to 'EXPR'
    loadLPprob,optObj_lpSolveAPI : <anonymous>: warning in 1: partial
     argument match of 'E' to 'EXPR'
    loadLPprob,optObj_lpSolveAPI : <anonymous>: warning in }, D = {:
     partial argument match of 'E' to 'EXPR'
    loadLPprob,optObj_lpSolveAPI : <anonymous>: warning in }, E = {:
     partial argument match of 'E' to 'EXPR'
    loadLPprob,optObj_lpSolveAPI : <anonymous>: warning in 3: partial
     argument match of 'E' to 'EXPR'
    loadLPprob,optObj_lpSolveAPI : <anonymous>: warning in }, {: partial
     argument match of 'E' to 'EXPR'
    loadLPprob,optObj_lpSolveAPI : <anonymous>: warning in }): partial
     argument match of 'E' to 'EXPR'
    changeRowsBnds,optObj_cplexAPI: no visible global function definition
     for ‘chgRngValCPLEX’
    plot,fluxDistribution-missing : <anonymous>: no visible global function
     definition for ‘grid.points’
    plot,fluxDistribution-missing : <anonymous>: no visible global function
     definition for ‘unit’
    Undefined global functions or variables:
     chgRngValCPLEX grid.points unit
Flavor: r-devel-osx-x86_64-clang

Version: 1.3.0
Check: package dependencies
Result: NOTE
    Packages suggested but not available for checking: ‘cplexAPI’ ‘clpAPI’
Flavor: r-release-osx-x86_64-mavericks