CRAN Package Check Results for Package sybil

Last updated on 2016-04-30 15:47:15.

Flavor Version Tinstall Tcheck Ttotal Status Flags
r-devel-linux-x86_64-debian-gcc 1.3.2 6.48 106.28 112.76 OK
r-devel-linux-x86_64-fedora-clang 1.3.2 219.47 NOTE
r-devel-linux-x86_64-fedora-gcc 1.3.2 205.46 NOTE
r-devel-osx-x86_64-clang 1.3.2 243.81 NOTE
r-devel-windows-ix86+x86_64 1.3.2 17.00 222.00 239.00 NOTE
r-patched-linux-x86_64 1.3.2 6.55 104.52 111.07 OK
r-patched-solaris-sparc 1.3.2 1318.90 NOTE
r-patched-solaris-x86 1.3.2 272.50 NOTE
r-release-linux-x86_64 1.3.2 6.81 119.56 126.37 OK
r-release-osx-x86_64-mavericks 1.3.2 NOTE
r-release-windows-ix86+x86_64 1.3.2 18.00 220.00 238.00 NOTE
r-oldrel-windows-ix86+x86_64 1.3.2 26.00 163.00 189.00 NOTE

Check Details

Version: 1.3.2
Check: package dependencies
Result: NOTE
    Package suggested but not available for checking: ‘cplexAPI’
Flavors: r-devel-linux-x86_64-fedora-clang, r-devel-linux-x86_64-fedora-gcc, r-devel-osx-x86_64-clang, r-devel-windows-ix86+x86_64, r-patched-solaris-sparc, r-patched-solaris-x86, r-release-windows-ix86+x86_64, r-oldrel-windows-ix86+x86_64

Version: 1.3.2
Check: package dependencies
Result: NOTE
    Packages suggested but not available for checking: ‘cplexAPI’ ‘clpAPI’
Flavor: r-release-osx-x86_64-mavericks

Version: 1.3.2
Check: re-building of vignette outputs
Result: NOTE
    Error in re-building vignettes:
     ...
    Loading required package: Matrix
    
    Attaching package: 'Matrix'
    
    The following objects are masked from 'package:base':
    
     crossprod, tcrossprod
    
    Loading required package: lattice
    
    Error: processing vignette 'sybil.Rnw' failed with diagnostics:
     chunk 4
    Error in `[<-`(`*tmp*`, , "name", value = dDB[, 1]) :
     subscript out of bounds
    Execution halted
Flavor: r-oldrel-windows-ix86+x86_64