CRAN Package Check Results for Package sybil

Last updated on 2016-02-13 07:50:04.

Flavor Version Tinstall Tcheck Ttotal Status Flags
r-devel-linux-x86_64-debian-gcc 1.3.2 6.20 102.20 108.40 OK
r-devel-linux-x86_64-fedora-clang 1.3.2 215.56 NOTE
r-devel-linux-x86_64-fedora-gcc 1.3.2 206.45 NOTE
r-devel-osx-x86_64-clang 1.3.2 239.36 NOTE
r-devel-windows-ix86+x86_64 1.3.2 22.00 180.00 202.00 NOTE
r-patched-linux-x86_64 1.3.2 6.83 114.64 121.46 OK
r-patched-solaris-sparc 1.3.2 1440.70 NOTE
r-patched-solaris-x86 1.3.2 299.20 NOTE
r-release-linux-x86_64 1.3.2 6.91 115.40 122.31 OK
r-release-osx-x86_64-mavericks 1.3.2 NOTE
r-release-windows-ix86+x86_64 1.3.2 25.00 183.00 208.00 NOTE
r-oldrel-windows-ix86+x86_64 1.3.2 27.00 159.00 186.00 NOTE

Check Details

Version: 1.3.2
Check: package dependencies
Result: NOTE
    Package suggested but not available for checking: ‘cplexAPI’
Flavors: r-devel-linux-x86_64-fedora-clang, r-devel-linux-x86_64-fedora-gcc, r-devel-osx-x86_64-clang, r-devel-windows-ix86+x86_64, r-patched-solaris-sparc, r-patched-solaris-x86, r-release-windows-ix86+x86_64, r-oldrel-windows-ix86+x86_64

Version: 1.3.2
Check: package dependencies
Result: NOTE
    Packages suggested but not available for checking: ‘cplexAPI’ ‘clpAPI’
Flavor: r-release-osx-x86_64-mavericks

Version: 1.3.2
Check: re-building of vignette outputs
Result: NOTE
    Error in re-building vignettes:
     ...
    Loading required package: Matrix
    
    Attaching package: 'Matrix'
    
    The following objects are masked from 'package:base':
    
     crossprod, tcrossprod
    
    Loading required package: lattice
    
    Error: processing vignette 'sybil.Rnw' failed with diagnostics:
     chunk 4
    Error in `[<-`(`*tmp*`, , "name", value = dDB[, 1]) :
     subscript out of bounds
    Execution halted
Flavor: r-oldrel-windows-ix86+x86_64