CRAN Package Check Results for Package sybil

Last updated on 2014-11-01 03:48:58.

Flavor Version Tinstall Tcheck Ttotal Status Flags
r-devel-linux-x86_64-debian-clang 1.2.6 7.42 114.42 121.84 OK
r-devel-linux-x86_64-debian-gcc 1.2.6 7.14 109.88 117.02 OK
r-devel-linux-x86_64-fedora-clang 1.2.6 285.12 NOTE
r-devel-linux-x86_64-fedora-gcc 1.2.6 266.86 NOTE
r-devel-osx-x86_64-clang 1.2.6 235.93 NOTE
r-devel-windows-ix86+x86_64 1.2.6 16.00 159.00 175.00 NOTE
r-patched-linux-x86_64 1.2.6 7.84 119.88 127.72 OK
r-patched-solaris-sparc 1.2.6 1582.90 NOTE
r-patched-solaris-x86 1.2.6 379.30 NOTE
r-release-linux-ix86 1.2.6 9.58 205.45 215.03 OK
r-release-linux-x86_64 1.2.6 8.64 122.54 131.18 OK
r-release-osx-x86_64-mavericks 1.2.6 ERROR
r-release-osx-x86_64-snowleopard 1.2.6 NOTE
r-release-windows-ix86+x86_64 1.2.6 16.00 186.00 202.00 NOTE
r-oldrel-windows-ix86+x86_64 1.2.6 19.00 179.00 198.00 NOTE

Check Details

Version: 1.2.6
Check: package dependencies
Result: NOTE
    Package suggested but not available for checking: ‘cplexAPI’
Flavors: r-devel-linux-x86_64-fedora-clang, r-devel-linux-x86_64-fedora-gcc, r-devel-osx-x86_64-clang, r-devel-windows-ix86+x86_64, r-patched-solaris-sparc, r-patched-solaris-x86, r-release-windows-ix86+x86_64, r-oldrel-windows-ix86+x86_64

Version: 1.2.6
Check: package dependencies
Result: NOTE
    Packages suggested but not available for checking:
     ‘glpkAPI’ ‘cplexAPI’ ‘clpAPI’
Flavor: r-release-osx-x86_64-mavericks

Version: 1.2.6
Check: Rd cross-references
Result: NOTE
    Package unavailable to check Rd xrefs: ‘glpkAPI’
Flavor: r-release-osx-x86_64-mavericks

Version: 1.2.6
Check: examples
Result: ERROR
    Running examples in ‘sybil-Ex.R’ failed
    The error most likely occurred in:
    
    > ### Name: SYBIL_SETTINGS
    > ### Title: Set and Get sybil Parameters
    > ### Aliases: SYBIL_SETTINGS SOLVER METHOD TOLERANCE MAXIMUM ALGORITHM
    > ### OPT_DIRECTION USE_NAMES PATH_TO_MODEL SOLVER_CTRL_PARM
    > ### Keywords: optimize
    >
    > ### ** Examples
    >
    > ## show all current parameters
    > SYBIL_SETTINGS()
    $SOLVER
    [1] "glpkAPI"
    
    $METHOD
    [1] "simplex"
    
    $TOLERANCE
    [1] 1e-06
    
    $MAXIMUM
    [1] 1000
    
    $ALGORITHM
    [1] "fba"
    
    $OPT_DIRECTION
    [1] "max"
    
    $USE_NAMES
    [1] FALSE
    
    $PATH_TO_MODEL
    [1] "."
    
    $SOLVER_CTRL_PARM
     NA
    1 NA
    
    >
    > ## show current setting for "SOLVER"
    > SYBIL_SETTINGS("SOLVER")
    [1] "glpkAPI"
    >
    > ## change current solver to glpkAPI
    > SYBIL_SETTINGS("SOLVER", "glpkAPI")
    Loading required package: glpkAPI
    Warning in library(package, lib.loc = lib.loc, character.only = TRUE, logical.return = TRUE, :
     there is no package called ‘glpkAPI’
    Error in checkDefaultMethod(solver = value, method = "", probType = "", :
     package ‘glpkAPI’ not found
    Calls: SYBIL_SETTINGS -> checkDefaultMethod
    Execution halted
Flavor: r-release-osx-x86_64-mavericks

Version: 1.2.6
Check: package dependencies
Result: NOTE
    Packages suggested but not available for checking: ‘cplexAPI’ ‘clpAPI’
Flavor: r-release-osx-x86_64-snowleopard