CRAN Package Check Results for Package sybil

Last updated on 2017-02-24 17:48:58.

Flavor Version Tinstall Tcheck Ttotal Status Flags
r-devel-linux-x86_64-debian-clang 2.0.0 6.28 121.01 127.29 OK
r-devel-linux-x86_64-debian-gcc 2.0.0 6.40 120.52 126.91 OK
r-devel-linux-x86_64-fedora-clang 2.0.0 249.63 NOTE --no-stop-on-test-error
r-devel-linux-x86_64-fedora-gcc 2.0.0 243.53 NOTE --no-stop-on-test-error
r-devel-macos-x86_64-clang 2.0.0 199.03 NOTE --no-stop-on-test-error
r-devel-windows-ix86+x86_64 2.0.0 40.00 324.00 364.00 NOTE
r-patched-linux-x86_64 2.0.0 6.00 110.90 116.90 OK
r-patched-solaris-sparc 2.0.0 1364.20 NOTE
r-patched-solaris-x86 2.0.0 301.90 NOTE
r-release-linux-x86_64 2.0.0 6.24 111.78 118.02 OK
r-release-osx-x86_64-mavericks 2.0.0 NOTE
r-release-windows-ix86+x86_64 2.0.0 36.00 284.00 320.00 NOTE
r-oldrel-windows-ix86+x86_64 2.0.0 42.00 542.00 584.00 NOTE

Check Details

Version: 2.0.0
Flags: --no-stop-on-test-error
Check: package dependencies
Result: NOTE
    Package suggested but not available for checking: ‘cplexAPI’
Flavors: r-devel-linux-x86_64-fedora-clang, r-devel-linux-x86_64-fedora-gcc, r-devel-macos-x86_64-clang

Version: 2.0.0
Check: package dependencies
Result: NOTE
    Package suggested but not available for checking: 'cplexAPI'
Flavors: r-devel-windows-ix86+x86_64, r-patched-solaris-sparc, r-patched-solaris-x86, r-release-windows-ix86+x86_64, r-oldrel-windows-ix86+x86_64

Version: 2.0.0
Check: package dependencies
Result: NOTE
    Packages suggested but not available for checking: ‘cplexAPI’ ‘clpAPI’
Flavor: r-release-osx-x86_64-mavericks