CRAN Package Check Results for Package sybil

Last updated on 2017-03-28 17:49:32.

Flavor Version Tinstall Tcheck Ttotal Status Flags
r-devel-linux-x86_64-debian-clang 2.0.0 6.19 123.42 129.61 OK
r-devel-linux-x86_64-debian-gcc 2.0.0 6.80 117.96 124.76 OK
r-devel-linux-x86_64-fedora-clang 2.0.0 249.29 NOTE --no-stop-on-test-error
r-devel-linux-x86_64-fedora-gcc 2.0.0 241.05 NOTE --no-stop-on-test-error
r-devel-macos-x86_64-clang 2.0.0 194.55 NOTE --no-stop-on-test-error
r-devel-windows-ix86+x86_64 2.0.0 21.00 316.00 337.00 NOTE
r-patched-linux-x86_64 2.0.0 6.20 119.65 125.85 OK
r-patched-solaris-sparc 2.0.0 1459.40 NOTE
r-patched-solaris-x86 2.0.0 325.70 NOTE
r-release-linux-x86_64 2.0.0 6.13 110.93 117.06 OK
r-release-osx-x86_64-mavericks 2.0.0 NOTE
r-release-windows-ix86+x86_64 2.0.0 23.00 286.00 309.00 NOTE
r-oldrel-windows-ix86+x86_64 2.0.0 19.00 224.00 243.00 NOTE

Check Details

Version: 2.0.0
Flags: --no-stop-on-test-error
Check: package dependencies
Result: NOTE
    Package suggested but not available for checking: ‘cplexAPI’
Flavors: r-devel-linux-x86_64-fedora-clang, r-devel-linux-x86_64-fedora-gcc, r-devel-macos-x86_64-clang

Version: 2.0.0
Check: package dependencies
Result: NOTE
    Package suggested but not available for checking: 'cplexAPI'
Flavors: r-devel-windows-ix86+x86_64, r-patched-solaris-sparc, r-patched-solaris-x86, r-release-windows-ix86+x86_64, r-oldrel-windows-ix86+x86_64

Version: 2.0.0
Check: package dependencies
Result: NOTE
    Packages suggested but not available for checking: ‘cplexAPI’ ‘clpAPI’
Flavor: r-release-osx-x86_64-mavericks