CRAN Package Check Results for Package sybil

Last updated on 2015-05-26 06:47:10.

Flavor Version Tinstall Tcheck Ttotal Status Flags
r-devel-linux-x86_64-debian-clang 1.2.6 6.74 104.88 111.62 NOTE
r-devel-linux-x86_64-debian-gcc 1.2.6 6.26 102.81 109.06 NOTE
r-devel-linux-x86_64-fedora-clang 1.2.6 233.56 NOTE
r-devel-linux-x86_64-fedora-gcc 1.2.6 218.76 NOTE
r-devel-osx-x86_64-clang 1.2.6 218.83 NOTE
r-devel-windows-ix86+x86_64 1.2.6 19.00 182.00 201.00 NOTE
r-patched-linux-x86_64 1.2.6 6.49 101.82 108.32 NOTE
r-patched-solaris-sparc 1.2.6 1348.10 NOTE
r-patched-solaris-x86 1.2.6 307.00 NOTE
r-release-linux-x86_64 1.2.6 8.88 102.09 110.98 NOTE
r-release-osx-x86_64-mavericks 1.2.6 NOTE
r-release-osx-x86_64-snowleopard 1.2.6 NOTE
r-release-windows-ix86+x86_64 1.2.6 19.00 177.00 196.00 NOTE
r-oldrel-windows-ix86+x86_64 1.2.6 20.00 302.00 322.00 NOTE

Check Details

Version: 1.2.6
Check: dependencies in R code
Result: NOTE
    'library' or 'require' call to ‘parallel’ in package code.
     Please use :: or requireNamespace() instead.
     See section 'Suggested packages' in the 'Writing R Extensions' manual.
Flavors: r-devel-linux-x86_64-debian-clang, r-devel-linux-x86_64-debian-gcc, r-devel-linux-x86_64-fedora-clang, r-devel-linux-x86_64-fedora-gcc, r-devel-osx-x86_64-clang, r-devel-windows-ix86+x86_64, r-patched-linux-x86_64, r-patched-solaris-sparc, r-patched-solaris-x86, r-release-linux-x86_64, r-release-osx-x86_64-mavericks, r-release-osx-x86_64-snowleopard, r-release-windows-ix86+x86_64, r-oldrel-windows-ix86+x86_64

Version: 1.2.6
Check: package dependencies
Result: NOTE
    Package suggested but not available for checking: ‘cplexAPI’
Flavors: r-devel-linux-x86_64-fedora-clang, r-devel-linux-x86_64-fedora-gcc, r-devel-osx-x86_64-clang, r-devel-windows-ix86+x86_64, r-patched-solaris-sparc, r-patched-solaris-x86, r-release-windows-ix86+x86_64, r-oldrel-windows-ix86+x86_64

Version: 1.2.6
Check: package dependencies
Result: NOTE
    Packages suggested but not available for checking: ‘cplexAPI’ ‘clpAPI’
Flavors: r-release-osx-x86_64-mavericks, r-release-osx-x86_64-snowleopard