CRAN Package Check Results for Package sybilDynFBA

Last updated on 2015-03-01 00:49:52.

Flavor Version Tinstall Tcheck Ttotal Status Flags
r-devel-linux-x86_64-debian-clang 0.0.2 3.16 37.73 40.89 NOTE
r-devel-linux-x86_64-debian-gcc 0.0.2 3.17 36.12 39.30 NOTE
r-devel-linux-x86_64-fedora-clang 0.0.2 87.35 NOTE
r-devel-linux-x86_64-fedora-gcc 0.0.2 82.38 NOTE
r-devel-osx-x86_64-clang 0.0.2 79.74 NOTE
r-devel-windows-ix86+x86_64 0.0.2 12.00 58.00 70.00 NOTE
r-patched-linux-x86_64 0.0.2 4.04 49.26 53.29 NOTE
r-patched-solaris-sparc 0.0.2 637.30 NOTE
r-patched-solaris-x86 0.0.2 157.40 NOTE
r-release-linux-ix86 0.0.2 4.54 60.12 64.66 NOTE
r-release-linux-x86_64 0.0.2 4.16 46.14 50.31 NOTE
r-release-osx-x86_64-mavericks 0.0.2 NOTE
r-release-osx-x86_64-snowleopard 0.0.2 NOTE
r-release-windows-ix86+x86_64 0.0.2 11.00 90.00 101.00 NOTE
r-oldrel-windows-ix86+x86_64 0.0.2 10.00 95.00 105.00 NOTE

Check Details

Version: 0.0.2
Check: dependencies in R code
Result: NOTE
    Package in Depends field not imported from: ‘methods’
     These packages need to be imported from (in the NAMESPACE file)
     for when this namespace is loaded but not attached.
Flavors: r-devel-linux-x86_64-debian-clang, r-devel-linux-x86_64-debian-gcc, r-devel-linux-x86_64-fedora-clang, r-devel-linux-x86_64-fedora-gcc, r-devel-osx-x86_64-clang, r-devel-windows-ix86+x86_64, r-patched-linux-x86_64, r-patched-solaris-x86

Version: 0.0.2
Check: Rd line widths
Result: NOTE
    Rd file 'dynamicFBA.Rd':
     \usage lines wider than 90 characters:
     dynamicFBA(model, substrateRxns, initConcentrations, initBiomass, timeStep, nSteps, exclUptakeRxns,
     \examples lines wider than 100 characters:
     Ec_df <- dynamicFBA(Ec_core,substrateRxns={'EX_glc(e)'},initConcentrations=10,initBiomass=.035,timeStep=.25,nSteps=20,verbose=3 ... [TRUNCATED]
    
    Rd file 'sybilDynFBA-package.Rd':
     \examples lines wider than 100 characters:
     Ec_df <- dynamicFBA(Ec_core,substrateRxns={'EX_glc(e)'},initConcentrations=40,initBiomass=.035,timeStep=.25,nSteps=20,verbose=3 ... [TRUNCATED]
    
    These lines will be truncated in the PDF manual.
Flavors: r-devel-linux-x86_64-debian-clang, r-devel-linux-x86_64-debian-gcc, r-devel-linux-x86_64-fedora-clang, r-devel-linux-x86_64-fedora-gcc, r-patched-linux-x86_64, r-release-linux-ix86, r-release-linux-x86_64

Version: 0.0.2
Check: dependencies in R code
Result: NOTE
    Package in Depends field not imported from: ‘methods’
     These packages need to be imported from (in the NAMESPACE file)
     for when this namespace is loaded but not attached.
    See the information on DESCRIPTION files in the chapter ‘Creating R
    packages’ of the ‘Writing R Extensions’ manual.
Flavors: r-patched-solaris-sparc, r-release-linux-ix86, r-release-linux-x86_64, r-release-osx-x86_64-mavericks, r-release-windows-ix86+x86_64, r-oldrel-windows-ix86+x86_64

Version: 0.0.2
Check: dependencies in R code
Result: NOTE
    Package in Depends field not imported from: 'methods'
     These packages need to be imported from for the case when
     this namespace is loaded but not attached.
    See the information on DESCRIPTION files in the chapter 'Creating R
    packages' of the 'Writing R Extensions' manual.
Flavor: r-release-osx-x86_64-snowleopard