CRAN Package Check Results for Package sybilEFBA

Last updated on 2014-04-23 17:47:55.

Flavor Version Tinstall Tcheck Ttotal Status Flags
r-devel-linux-x86_64-debian-clang 1.0.1 4.39 51.75 56.14 OK
r-devel-linux-x86_64-debian-gcc 1.0.1 4.45 53.47 57.92 OK
r-devel-linux-x86_64-fedora-clang 1.0.1 132.33 NOTE
r-devel-linux-x86_64-fedora-gcc 1.0.1 127.33 NOTE
r-devel-osx-x86_64-clang 1.0.1 105.10 NOTE
r-devel-osx-x86_64-gcc 1.0.1 NOTE
r-devel-windows-ix86+x86_64 1.0.1 10.00 64.00 74.00 NOTE
r-patched-linux-x86_64 1.0.1 4.35 50.98 55.33 OK
r-patched-solaris-sparc 1.0.1 677.70 NOTE
r-patched-solaris-x86 1.0.1 165.70 NOTE
r-release-linux-ix86 1.0.1 7.00 81.00 88.00 OK
r-release-linux-x86_64 1.0.1 4.46 51.09 55.55 OK
r-release-osx-x86_64-mavericks 1.0.1 WARN
r-release-osx-x86_64-snowleopard 1.0.1 NOTE
r-release-windows-ix86+x86_64 1.0.1 11.00 66.00 77.00 NOTE
r-oldrel-windows-ix86+x86_64 1.0.1 12.00 65.00 77.00 NOTE

Check Details

Version: 1.0.1
Check: package dependencies
Result: NOTE
    Package suggested but not available for checking: ‘cplexAPI’
Flavors: r-devel-linux-x86_64-fedora-clang, r-devel-linux-x86_64-fedora-gcc, r-devel-osx-x86_64-clang, r-devel-osx-x86_64-gcc, r-devel-windows-ix86+x86_64, r-patched-solaris-sparc, r-patched-solaris-x86, r-release-osx-x86_64-snowleopard, r-release-windows-ix86+x86_64, r-oldrel-windows-ix86+x86_64

Version: 1.0.1
Check: package dependencies
Result: NOTE
    Packages suggested but not available for checking: ‘cplexAPI’ ‘glpkAPI’
Flavor: r-release-osx-x86_64-mavericks

Version: 1.0.1
Check: R code for possible problems
Result: NOTE
    findMDCFlux: no visible binding for global variable ‘setColNameGLPK’
    findMDCFlux: no visible global function definition for ‘writeLPGLPK’
Flavor: r-release-osx-x86_64-mavericks

Version: 1.0.1
Check: PDF version of manual
Result: WARNING
    LaTeX errors when creating PDF version.
    This typically indicates Rd problems.
    LaTeX errors found:
    ! LaTeX Error: File `upquote.sty' not found.
    
    Type X to quit or <RETURN> to proceed,
    or enter new name. (Default extension: sty)
    
    cc2e518/Rd2.tex:8: ==> Fatal error occurred, no output PDF file produced!
Flavor: r-release-osx-x86_64-mavericks