CRAN Package Check Results for Package sybilEFBA

Last updated on 2015-08-01 11:49:17.

Flavor Version Tinstall Tcheck Ttotal Status Flags
r-devel-linux-x86_64-debian-clang 1.0.2 3.50 41.94 45.44 NOTE
r-devel-linux-x86_64-debian-gcc 1.0.2 3.21 41.82 45.04 NOTE
r-devel-linux-x86_64-fedora-clang 1.0.2 94.22 NOTE
r-devel-linux-x86_64-fedora-gcc 1.0.2 88.76 NOTE
r-devel-osx-x86_64-clang 1.0.2 75.30 NOTE
r-devel-windows-ix86+x86_64 1.0.2 13.00 84.00 97.00 NOTE
r-patched-linux-x86_64 1.0.2 3.29 40.64 43.93 OK
r-patched-solaris-sparc 1.0.2 561.60 NOTE
r-patched-solaris-x86 1.0.2 131.20 NOTE
r-release-linux-x86_64 1.0.2 3.10 41.15 44.25 OK
r-release-osx-x86_64-mavericks 1.0.2 NOTE
r-release-windows-ix86+x86_64 1.0.2 12.00 69.00 81.00 NOTE
r-oldrel-windows-ix86+x86_64 1.0.2 16.00 79.00 95.00 NOTE

Check Details

Version: 1.0.2
Check: R code for possible problems
Result: NOTE
    FECorr: no visible global function definition for ‘is’
    FECorr: no visible global function definition for ‘write.csv’
    FECorr: no visible global function definition for ‘aggregate’
    FECorr: no visible global function definition for ‘lm’
    FECorr: no visible global function definition for ‘nlm’
    eFBA_gene: no visible global function definition for ‘is’
    eFBA_gene: no visible global function definition for ‘as’
    eFBA_rxn : adjustTol: no visible global function definition for ‘is’
    eFBA_rxn: no visible global function definition for ‘is’
    eFBA_rxn: no visible global function definition for ‘as’
    findFluxGeneExpr: no visible global function definition for ‘as’
    findMDCFlux: no visible global function definition for ‘is’
    findMDCFlux: no visible global function definition for ‘as’
    gene2Rule: no visible global function definition for ‘is’
    Undefined global functions or variables:
     aggregate as is lm nlm write.csv
    Consider adding
     importFrom("methods", "as", "is")
     importFrom("stats", "aggregate", "lm", "nlm")
     importFrom("utils", "write.csv")
    to your NAMESPACE.
Flavors: r-devel-linux-x86_64-debian-clang, r-devel-linux-x86_64-debian-gcc, r-devel-linux-x86_64-fedora-clang, r-devel-linux-x86_64-fedora-gcc, r-devel-windows-ix86+x86_64

Version: 1.0.2
Check: package dependencies
Result: NOTE
    Package suggested but not available for checking: ‘cplexAPI’
Flavors: r-devel-linux-x86_64-fedora-clang, r-devel-linux-x86_64-fedora-gcc, r-devel-osx-x86_64-clang, r-devel-windows-ix86+x86_64, r-patched-solaris-sparc, r-patched-solaris-x86, r-release-windows-ix86+x86_64, r-oldrel-windows-ix86+x86_64

Version: 1.0.2
Check: package dependencies
Result: NOTE
    Packages suggested but not available for checking: ‘cplexAPI’ ‘glpkAPI’
Flavor: r-release-osx-x86_64-mavericks