CRAN Package Check Results for Package sybilEFBA

Last updated on 2014-07-26 01:49:53.

Flavor Version Tinstall Tcheck Ttotal Status Flags
r-devel-linux-x86_64-debian-clang 1.0.1 4.14 50.42 54.56 OK
r-devel-linux-x86_64-debian-gcc 1.0.1 3.96 48.92 52.87 OK
r-devel-linux-x86_64-fedora-clang 1.0.1 128.65 NOTE
r-devel-linux-x86_64-fedora-gcc 1.0.1 120.32 NOTE
r-devel-osx-x86_64-clang 1.0.1 104.32 NOTE
r-devel-windows-ix86+x86_64 1.0.1 13.00 69.00 82.00 NOTE
r-patched-linux-x86_64 1.0.1 4.20 49.00 53.19 OK
r-patched-solaris-sparc 1.0.1 677.70 NOTE
r-patched-solaris-x86 1.0.1 168.80 NOTE
r-release-linux-ix86 1.0.1 4.96 59.55 64.50 OK
r-release-linux-x86_64 1.0.1 4.29 50.77 55.06 OK
r-release-osx-x86_64-mavericks 1.0.1 NOTE
r-release-osx-x86_64-snowleopard 1.0.1 NOTE
r-release-windows-ix86+x86_64 1.0.1 12.00 65.00 77.00 NOTE
r-oldrel-windows-ix86+x86_64 1.0.1 12.00 64.00 76.00 NOTE

Check Details

Version: 1.0.1
Check: package dependencies
Result: NOTE
    Package suggested but not available for checking: ‘cplexAPI’
Flavors: r-devel-linux-x86_64-fedora-clang, r-devel-linux-x86_64-fedora-gcc, r-devel-osx-x86_64-clang, r-devel-windows-ix86+x86_64, r-patched-solaris-sparc, r-patched-solaris-x86, r-release-osx-x86_64-snowleopard, r-release-windows-ix86+x86_64, r-oldrel-windows-ix86+x86_64

Version: 1.0.1
Check: package dependencies
Result: NOTE
    Packages suggested but not available for checking: ‘cplexAPI’ ‘glpkAPI’
Flavor: r-release-osx-x86_64-mavericks

Version: 1.0.1
Check: R code for possible problems
Result: NOTE
    findMDCFlux: no visible binding for global variable ‘setColNameGLPK’
    findMDCFlux: no visible global function definition for ‘writeLPGLPK’
Flavor: r-release-osx-x86_64-mavericks