CRAN Package Check Results for Package sybilEFBA

Last updated on 2014-09-02 03:49:51.

Flavor Version Tinstall Tcheck Ttotal Status Flags
r-devel-linux-x86_64-debian-clang 1.0.1 4.59 48.62 53.22 NOTE
r-devel-linux-x86_64-debian-gcc 1.0.1 3.93 46.82 50.75 NOTE
r-devel-linux-x86_64-fedora-clang 1.0.1 126.06 NOTE
r-devel-linux-x86_64-fedora-gcc 1.0.1 123.20 NOTE
r-devel-osx-x86_64-clang 1.0.1 100.51 NOTE
r-devel-windows-ix86+x86_64 1.0.1 10.00 67.00 77.00 NOTE
r-patched-linux-x86_64 1.0.1 4.05 49.06 53.12 OK
r-patched-solaris-sparc 1.0.1 681.50 NOTE
r-patched-solaris-x86 1.0.1 168.60 NOTE
r-release-linux-ix86 1.0.1 4.96 59.15 64.11 OK
r-release-linux-x86_64 1.0.1 4.16 50.06 54.22 OK
r-release-osx-x86_64-mavericks 1.0.1 NOTE
r-release-osx-x86_64-snowleopard 1.0.1 NOTE
r-release-windows-ix86+x86_64 1.0.1 11.00 103.00 114.00 NOTE
r-oldrel-windows-ix86+x86_64 1.0.1 11.00 65.00 76.00 NOTE

Check Details

Version: 1.0.1
Check: R code for possible problems
Result: NOTE
    findMDCFlux: no visible binding for global variable ‘setColNameGLPK’
    findMDCFlux: no visible global function definition for ‘writeLPGLPK’
Flavors: r-devel-linux-x86_64-debian-clang, r-devel-linux-x86_64-debian-gcc, r-devel-linux-x86_64-fedora-clang, r-devel-linux-x86_64-fedora-gcc, r-devel-osx-x86_64-clang, r-devel-windows-ix86+x86_64, r-release-osx-x86_64-mavericks

Version: 1.0.1
Check: package dependencies
Result: NOTE
    Package suggested but not available for checking: ‘cplexAPI’
Flavors: r-devel-linux-x86_64-fedora-clang, r-devel-linux-x86_64-fedora-gcc, r-devel-osx-x86_64-clang, r-devel-windows-ix86+x86_64, r-patched-solaris-sparc, r-patched-solaris-x86, r-release-osx-x86_64-snowleopard, r-release-windows-ix86+x86_64, r-oldrel-windows-ix86+x86_64

Version: 1.0.1
Check: package dependencies
Result: NOTE
    Packages suggested but not available for checking: ‘cplexAPI’ ‘glpkAPI’
Flavor: r-release-osx-x86_64-mavericks