CRAN Package Check Results for Package sybilEFBA

Last updated on 2016-07-24 14:48:18.

Flavor Version Tinstall Tcheck Ttotal Status Flags
r-devel-linux-x86_64-debian-clang 1.0.2 3.97 47.53 51.50 NOTE
r-devel-linux-x86_64-debian-gcc 1.0.2 4.49 47.56 52.05 NOTE
r-devel-linux-x86_64-fedora-clang 1.0.2 88.76 NOTE
r-devel-linux-x86_64-fedora-gcc 1.0.2 84.93 NOTE
r-devel-osx-x86_64-clang 1.0.2 70.54 NOTE
r-devel-windows-ix86+x86_64 1.0.2 9.00 75.00 84.00 NOTE
r-patched-linux-x86_64 1.0.2 4.30 44.40 48.70 NOTE
r-patched-solaris-sparc 1.0.2 514.90 NOTE
r-patched-solaris-x86 1.0.2 113.00 NOTE
r-release-linux-x86_64 1.0.2 3.35 44.79 48.14 NOTE
r-release-osx-x86_64-mavericks 1.0.2 NOTE
r-release-windows-ix86+x86_64 1.0.2 8.00 90.00 98.00 NOTE
r-oldrel-windows-ix86+x86_64 1.0.2 11.00 73.00 84.00 NOTE

Check Details

Version: 1.0.2
Check: R code for possible problems
Result: NOTE
    FECorr: no visible global function definition for ‘is’
    FECorr: no visible global function definition for ‘write.csv’
    FECorr: no visible global function definition for ‘aggregate’
    FECorr: no visible global function definition for ‘lm’
    FECorr: no visible global function definition for ‘nlm’
    eFBA_gene: no visible global function definition for ‘is’
    eFBA_gene: no visible global function definition for ‘as’
    eFBA_rxn : adjustTol: no visible global function definition for ‘is’
    eFBA_rxn: no visible global function definition for ‘is’
    eFBA_rxn: no visible global function definition for ‘as’
    findFluxGeneExpr: no visible global function definition for ‘as’
    findMDCFlux: no visible global function definition for ‘is’
    findMDCFlux: no visible global function definition for ‘as’
    gene2Rule: no visible global function definition for ‘is’
    Undefined global functions or variables:
     aggregate as is lm nlm write.csv
    Consider adding
     importFrom("methods", "as", "is")
     importFrom("stats", "aggregate", "lm", "nlm")
     importFrom("utils", "write.csv")
    to your NAMESPACE file (and ensure that your DESCRIPTION Imports field
    contains 'methods').
Flavors: r-devel-linux-x86_64-debian-clang, r-devel-linux-x86_64-debian-gcc, r-devel-linux-x86_64-fedora-clang, r-devel-linux-x86_64-fedora-gcc, r-devel-osx-x86_64-clang, r-devel-windows-ix86+x86_64, r-patched-linux-x86_64, r-patched-solaris-sparc, r-patched-solaris-x86, r-release-linux-x86_64, r-release-osx-x86_64-mavericks, r-release-windows-ix86+x86_64

Version: 1.0.2
Check: package dependencies
Result: NOTE
    Package suggested but not available for checking: ‘cplexAPI’
Flavors: r-devel-linux-x86_64-fedora-clang, r-devel-linux-x86_64-fedora-gcc, r-devel-osx-x86_64-clang, r-devel-windows-ix86+x86_64, r-patched-solaris-sparc, r-patched-solaris-x86, r-release-osx-x86_64-mavericks, r-release-windows-ix86+x86_64, r-oldrel-windows-ix86+x86_64