CRAN Package Check Results for Package sybilEFBA

Last updated on 2014-10-22 16:50:57.

Flavor Version Tinstall Tcheck Ttotal Status Flags
r-devel-linux-x86_64-debian-clang 1.0.1 4.06 48.33 52.39 NOTE
r-devel-linux-x86_64-debian-gcc 1.0.1 3.91 47.65 51.56 NOTE
r-devel-linux-x86_64-fedora-clang 1.0.1 125.68 NOTE
r-devel-linux-x86_64-fedora-gcc 1.0.1 119.93 NOTE
r-devel-osx-x86_64-clang 1.0.1 107.52 NOTE
r-devel-windows-ix86+x86_64 1.0.1 11.00 64.00 75.00 NOTE
r-patched-linux-x86_64 1.0.1 4.12 49.36 53.48 NOTE
r-patched-solaris-sparc 1.0.1 673.40 NOTE
r-patched-solaris-x86 1.0.1 170.70 NOTE
r-release-linux-ix86 1.0.1 5.04 60.46 65.50 OK
r-release-linux-x86_64 1.0.1 4.21 50.45 54.66 OK
r-release-osx-x86_64-mavericks 1.0.1 NOTE
r-release-osx-x86_64-snowleopard 1.0.1 NOTE
r-release-windows-ix86+x86_64 1.0.1 10.00 68.00 78.00 NOTE
r-oldrel-windows-ix86+x86_64 1.0.1 10.00 62.00 72.00 NOTE

Check Details

Version: 1.0.1
Check: R code for possible problems
Result: NOTE
    findMDCFlux: no visible binding for global variable ‘setColNameGLPK’
    findMDCFlux: no visible global function definition for ‘writeLPGLPK’
Flavors: r-devel-linux-x86_64-debian-clang, r-devel-linux-x86_64-debian-gcc, r-devel-linux-x86_64-fedora-clang, r-devel-linux-x86_64-fedora-gcc, r-devel-osx-x86_64-clang, r-devel-windows-ix86+x86_64, r-patched-linux-x86_64, r-patched-solaris-sparc, r-patched-solaris-x86, r-release-osx-x86_64-mavericks

Version: 1.0.1
Check: package dependencies
Result: NOTE
    Package suggested but not available for checking: ‘cplexAPI’
Flavors: r-devel-linux-x86_64-fedora-clang, r-devel-linux-x86_64-fedora-gcc, r-devel-osx-x86_64-clang, r-devel-windows-ix86+x86_64, r-patched-solaris-sparc, r-patched-solaris-x86, r-release-osx-x86_64-snowleopard, r-release-windows-ix86+x86_64, r-oldrel-windows-ix86+x86_64

Version: 1.0.1
Check: package dependencies
Result: NOTE
    Packages suggested but not available for checking: ‘cplexAPI’ ‘glpkAPI’
Flavor: r-release-osx-x86_64-mavericks