CRAN Package Check Results for Package sybilEFBA

Last updated on 2014-08-22 13:47:05.

Flavor Version Tinstall Tcheck Ttotal Status Flags
r-devel-linux-x86_64-debian-clang 1.0.1 4.14 48.43 52.58 OK
r-devel-linux-x86_64-debian-gcc 1.0.1 4.14 48.25 52.38 OK
r-devel-linux-x86_64-fedora-clang 1.0.1 130.62 NOTE
r-devel-linux-x86_64-fedora-gcc 1.0.1 121.20 NOTE
r-devel-osx-x86_64-clang 1.0.1 101.03 NOTE
r-devel-windows-ix86+x86_64 1.0.1 11.00 70.00 81.00 NOTE
r-patched-linux-x86_64 1.0.1 4.14 48.94 53.08 OK
r-patched-solaris-sparc 1.0.1 681.50 NOTE
r-patched-solaris-x86 1.0.1 168.60 NOTE
r-release-linux-ix86 1.0.1 4.96 59.93 64.89 OK
r-release-linux-x86_64 1.0.1 4.21 49.86 54.06 OK
r-release-osx-x86_64-mavericks 1.0.1 NOTE
r-release-osx-x86_64-snowleopard 1.0.1 NOTE
r-release-windows-ix86+x86_64 1.0.1 8.00 69.00 77.00 NOTE
r-oldrel-windows-ix86+x86_64 1.0.1 12.00 62.00 74.00 NOTE

Check Details

Version: 1.0.1
Check: package dependencies
Result: NOTE
    Package suggested but not available for checking: ‘cplexAPI’
Flavors: r-devel-linux-x86_64-fedora-clang, r-devel-linux-x86_64-fedora-gcc, r-devel-osx-x86_64-clang, r-devel-windows-ix86+x86_64, r-patched-solaris-sparc, r-patched-solaris-x86, r-release-osx-x86_64-snowleopard, r-release-windows-ix86+x86_64, r-oldrel-windows-ix86+x86_64

Version: 1.0.1
Check: R code for possible problems
Result: NOTE
    findMDCFlux: no visible binding for global variable ‘setColNameGLPK’
    findMDCFlux: no visible global function definition for ‘writeLPGLPK’
Flavors: r-devel-linux-x86_64-fedora-clang, r-devel-linux-x86_64-fedora-gcc, r-devel-osx-x86_64-clang, r-release-osx-x86_64-mavericks

Version: 1.0.1
Check: package dependencies
Result: NOTE
    Packages suggested but not available for checking: ‘cplexAPI’ ‘glpkAPI’
Flavor: r-release-osx-x86_64-mavericks