CRAN Package Check Results for Package sybilEFBA

Last updated on 2014-12-19 15:48:38.

Flavor Version Tinstall Tcheck Ttotal Status Flags
r-devel-linux-x86_64-debian-clang 1.0.1 3.99 48.94 52.94 NOTE
r-devel-linux-x86_64-debian-gcc 1.0.1 3.98 46.60 50.58 NOTE
r-devel-linux-x86_64-fedora-clang 1.0.1 129.87 NOTE
r-devel-linux-x86_64-fedora-gcc 1.0.1 120.35 NOTE
r-devel-osx-x86_64-clang 1.0.1 106.02 NOTE
r-devel-windows-ix86+x86_64 1.0.1 12.00 65.00 77.00 NOTE
r-patched-linux-x86_64 1.0.1 4.08 49.50 53.58 NOTE
r-patched-solaris-sparc 1.0.1 673.40 NOTE
r-patched-solaris-x86 1.0.1 167.70 NOTE
r-release-linux-ix86 1.0.1 4.76 58.30 63.06 NOTE
r-release-linux-x86_64 1.0.1 4.12 50.08 54.20 NOTE
r-release-osx-x86_64-mavericks 1.0.1 NOTE
r-release-osx-x86_64-snowleopard 1.0.1 NOTE
r-release-windows-ix86+x86_64 1.0.1 10.00 73.00 83.00 NOTE
r-oldrel-windows-ix86+x86_64 1.0.1 11.00 67.00 78.00 NOTE

Check Details

Version: 1.0.1
Check: R code for possible problems
Result: NOTE
    findMDCFlux: no visible binding for global variable ‘setColNameGLPK’
    findMDCFlux: no visible global function definition for ‘writeLPGLPK’
Flavors: r-devel-linux-x86_64-debian-clang, r-devel-linux-x86_64-debian-gcc, r-devel-linux-x86_64-fedora-clang, r-devel-linux-x86_64-fedora-gcc, r-devel-osx-x86_64-clang, r-devel-windows-ix86+x86_64, r-patched-linux-x86_64, r-patched-solaris-sparc, r-patched-solaris-x86, r-release-linux-ix86, r-release-linux-x86_64, r-release-osx-x86_64-mavericks, r-release-windows-ix86+x86_64

Version: 1.0.1
Check: package dependencies
Result: NOTE
    Package suggested but not available for checking: ‘cplexAPI’
Flavors: r-devel-linux-x86_64-fedora-clang, r-devel-linux-x86_64-fedora-gcc, r-devel-osx-x86_64-clang, r-devel-windows-ix86+x86_64, r-patched-solaris-sparc, r-patched-solaris-x86, r-release-osx-x86_64-snowleopard, r-release-windows-ix86+x86_64, r-oldrel-windows-ix86+x86_64

Version: 1.0.1
Check: package dependencies
Result: NOTE
    Packages suggested but not available for checking: ‘cplexAPI’ ‘glpkAPI’
Flavor: r-release-osx-x86_64-mavericks