CRAN Package Check Results for Package sybilEFBA

Last updated on 2018-06-21 23:50:44 CEST.

Flavor Version Tinstall Tcheck Ttotal Status Flags
r-release-osx-x86_64 1.0.2 WARN
r-oldrel-osx-x86_64 1.0.2 NOTE

Check Details

Version: 1.0.2
Check: package dependencies
Result: NOTE
    Packages suggested but not available for checking: ‘cplexAPI’ ‘glpkAPI’
Flavors: r-release-osx-x86_64, r-oldrel-osx-x86_64

Version: 1.0.2
Check: whether package can be installed
Result: WARN
    Found the following significant warnings:
     Note: break used in wrong context: no loop is visible
    See ‘/Volumes/SSD-Data/Builds/R-dev-web/QA/Simon/packages/el-capitan-x86_64/results/3.5/sybilEFBA.Rcheck/00install.out’ for details.
    Information on the location(s) of code generating the ‘Note’s can be
    obtained by re-running with environment variable R_KEEP_PKG_SOURCE set
    to ‘yes’.
Flavor: r-release-osx-x86_64

Version: 1.0.2
Check: R code for possible problems
Result: NOTE
    FECorr: no visible global function definition for ‘is’
    FECorr: no visible global function definition for ‘write.csv’
    FECorr: no visible global function definition for ‘aggregate’
    FECorr: no visible global function definition for ‘lm’
    FECorr: no visible global function definition for ‘nlm’
    eFBA_gene: no visible global function definition for ‘is’
    eFBA_gene: no visible global function definition for ‘as’
    eFBA_rxn : adjustTol: no visible global function definition for ‘is’
    eFBA_rxn: no visible global function definition for ‘is’
    eFBA_rxn: no visible global function definition for ‘as’
    findFluxGeneExpr: no visible global function definition for ‘as’
    findMDCFlux: no visible global function definition for ‘is’
    findMDCFlux: no visible global function definition for ‘as’
    gene2Rule: no visible global function definition for ‘is’
    Undefined global functions or variables:
     aggregate as is lm nlm write.csv
    Consider adding
     importFrom("methods", "as", "is")
     importFrom("stats", "aggregate", "lm", "nlm")
     importFrom("utils", "write.csv")
    to your NAMESPACE file (and ensure that your DESCRIPTION Imports field
    contains 'methods').
Flavors: r-release-osx-x86_64, r-oldrel-osx-x86_64