CRAN Package Check Results for Package sybilEFBA

Last updated on 2015-04-21 15:50:29.

Flavor Version Tinstall Tcheck Ttotal Status Flags
r-devel-linux-x86_64-debian-clang 1.0.2 3.43 42.76 46.20 OK
r-devel-linux-x86_64-debian-gcc 1.0.2 3.18 41.98 45.16 OK
r-devel-linux-x86_64-fedora-clang 1.0.2 98.10 NOTE
r-devel-linux-x86_64-fedora-gcc 1.0.2 92.01 NOTE
r-devel-osx-x86_64-clang 1.0.2 81.95 NOTE
r-devel-windows-ix86+x86_64 1.0.2 10.00 70.00 80.00 NOTE
r-patched-linux-x86_64 1.0.2 4.30 41.83 46.13 OK
r-patched-solaris-sparc 1.0.2 553.70 NOTE
r-patched-solaris-x86 1.0.2 127.40 NOTE
r-release-linux-x86_64 1.0.2 3.08 41.34 44.42 OK
r-release-osx-x86_64-mavericks 1.0.2 ERROR
r-release-osx-x86_64-snowleopard 1.0.2 NOTE
r-release-windows-ix86+x86_64 1.0.2 8.00 58.00 66.00 NOTE
r-oldrel-windows-ix86+x86_64 1.0.2 11.00 87.00 98.00 NOTE

Check Details

Version: 1.0.2
Check: package dependencies
Result: NOTE
    Package suggested but not available for checking: ‘cplexAPI’
Flavors: r-devel-linux-x86_64-fedora-clang, r-devel-linux-x86_64-fedora-gcc, r-devel-osx-x86_64-clang, r-devel-windows-ix86+x86_64, r-patched-solaris-sparc, r-patched-solaris-x86, r-release-osx-x86_64-snowleopard, r-release-windows-ix86+x86_64, r-oldrel-windows-ix86+x86_64

Version: 1.0.2
Check: package dependencies
Result: ERROR
    Package required but not available: ‘sybil’
    
    Packages suggested but not available for checking: ‘cplexAPI’ ‘glpkAPI’
    
    See section ‘The DESCRIPTION file’ in the ‘Writing R Extensions’
    manual.
Flavor: r-release-osx-x86_64-mavericks