CRAN Package Check Results for Package sybilEFBA

Last updated on 2015-05-22 17:46:52.

Flavor Version Tinstall Tcheck Ttotal Status Flags
r-devel-linux-x86_64-debian-clang 1.0.2 3.41 42.68 46.08 OK
r-devel-linux-x86_64-debian-gcc 1.0.2 3.12 41.02 44.14 OK
r-devel-linux-x86_64-fedora-clang 1.0.2 96.90 NOTE
r-devel-linux-x86_64-fedora-gcc 1.0.2 91.14 NOTE
r-devel-osx-x86_64-clang 1.0.2 81.33 NOTE
r-devel-windows-ix86+x86_64 1.0.2 12.00 59.00 71.00 NOTE
r-patched-linux-x86_64 1.0.2 3.09 41.23 44.32 OK
r-patched-solaris-sparc 1.0.2 553.70 NOTE
r-patched-solaris-x86 1.0.2 130.10 NOTE
r-release-linux-x86_64 1.0.2 3.25 41.60 44.86 OK
r-release-osx-x86_64-mavericks 1.0.2 NOTE
r-release-osx-x86_64-snowleopard 1.0.2 NOTE
r-release-windows-ix86+x86_64 1.0.2 9.00 63.00 72.00 NOTE
r-oldrel-windows-ix86+x86_64 1.0.2 13.00 95.00 108.00 NOTE

Check Details

Version: 1.0.2
Check: package dependencies
Result: NOTE
    Package suggested but not available for checking: ‘cplexAPI’
Flavors: r-devel-linux-x86_64-fedora-clang, r-devel-linux-x86_64-fedora-gcc, r-devel-osx-x86_64-clang, r-devel-windows-ix86+x86_64, r-patched-solaris-sparc, r-patched-solaris-x86, r-release-osx-x86_64-snowleopard, r-release-windows-ix86+x86_64, r-oldrel-windows-ix86+x86_64

Version: 1.0.2
Check: package dependencies
Result: NOTE
    Packages suggested but not available for checking: ‘cplexAPI’ ‘glpkAPI’
Flavor: r-release-osx-x86_64-mavericks