CRAN Package Check Results for Package sybilEFBA

Last updated on 2015-09-05 07:47:08.

Flavor Version Tinstall Tcheck Ttotal Status Flags
r-devel-linux-x86_64-debian-clang 1.0.2 3.12 39.22 42.34 NOTE
r-devel-linux-x86_64-debian-gcc 1.0.2 4.10 38.78 42.88 NOTE
r-devel-linux-x86_64-fedora-clang 1.0.2 93.09 NOTE
r-devel-linux-x86_64-fedora-gcc 1.0.2 87.36 NOTE
r-devel-osx-x86_64-clang 1.0.2 67.09 NOTE
r-devel-windows-ix86+x86_64 1.0.2 11.00 67.00 78.00 NOTE
r-patched-linux-x86_64 1.0.2 3.32 42.37 45.69 OK
r-patched-solaris-sparc 1.0.2 561.60 NOTE
r-patched-solaris-x86 1.0.2 130.90 NOTE
r-release-linux-x86_64 1.0.2 3.28 41.60 44.88 OK
r-release-osx-x86_64-mavericks 1.0.2 NOTE
r-release-windows-ix86+x86_64 1.0.2 12.00 72.00 84.00 NOTE
r-oldrel-windows-ix86+x86_64 1.0.2 11.00 85.00 96.00 NOTE

Check Details

Version: 1.0.2
Check: R code for possible problems
Result: NOTE
    FECorr: no visible global function definition for ‘is’
    FECorr: no visible global function definition for ‘write.csv’
    FECorr: no visible global function definition for ‘aggregate’
    FECorr: no visible global function definition for ‘lm’
    FECorr: no visible global function definition for ‘nlm’
    eFBA_gene: no visible global function definition for ‘is’
    eFBA_gene: no visible global function definition for ‘as’
    eFBA_rxn : adjustTol: no visible global function definition for ‘is’
    eFBA_rxn: no visible global function definition for ‘is’
    eFBA_rxn: no visible global function definition for ‘as’
    findFluxGeneExpr: no visible global function definition for ‘as’
    findMDCFlux: no visible global function definition for ‘is’
    findMDCFlux: no visible global function definition for ‘as’
    gene2Rule: no visible global function definition for ‘is’
    Undefined global functions or variables:
     aggregate as is lm nlm write.csv
    Consider adding
     importFrom("methods", "as", "is")
     importFrom("stats", "aggregate", "lm", "nlm")
     importFrom("utils", "write.csv")
    to your NAMESPACE (and ensure that your DESCRIPTION Imports field
    contains 'methods').
Flavors: r-devel-linux-x86_64-debian-clang, r-devel-linux-x86_64-debian-gcc, r-devel-linux-x86_64-fedora-clang, r-devel-linux-x86_64-fedora-gcc, r-devel-windows-ix86+x86_64

Version: 1.0.2
Check: package dependencies
Result: NOTE
    Package suggested but not available for checking: ‘cplexAPI’
Flavors: r-devel-linux-x86_64-fedora-clang, r-devel-linux-x86_64-fedora-gcc, r-devel-osx-x86_64-clang, r-devel-windows-ix86+x86_64, r-patched-solaris-sparc, r-patched-solaris-x86, r-release-windows-ix86+x86_64, r-oldrel-windows-ix86+x86_64

Version: 1.0.2
Check: package dependencies
Result: NOTE
    Packages suggested but not available for checking: ‘cplexAPI’ ‘glpkAPI’
Flavor: r-release-osx-x86_64-mavericks