CRAN Package Check Results for Package sybilEFBA

Last updated on 2014-11-27 19:49:59.

Flavor Version Tinstall Tcheck Ttotal Status Flags
r-devel-linux-x86_64-debian-clang 1.0.1 3.89 48.41 52.30 NOTE
r-devel-linux-x86_64-debian-gcc 1.0.1 4.02 47.06 51.08 NOTE
r-devel-linux-x86_64-fedora-clang 1.0.1 132.57 NOTE
r-devel-linux-x86_64-fedora-gcc 1.0.1 123.70 NOTE
r-devel-osx-x86_64-clang 1.0.1 104.90 NOTE
r-devel-windows-ix86+x86_64 1.0.1 10.00 64.00 74.00 NOTE
r-patched-linux-x86_64 1.0.1 4.07 50.15 54.22 NOTE
r-patched-solaris-sparc 1.0.1 673.40 NOTE
r-patched-solaris-x86 1.0.1 170.50 NOTE
r-release-linux-ix86 1.0.1 4.77 58.76 63.53 NOTE
r-release-linux-x86_64 1.0.1 5.92 49.67 55.59 NOTE
r-release-osx-x86_64-mavericks 1.0.1 NOTE
r-release-osx-x86_64-snowleopard 1.0.1 NOTE
r-release-windows-ix86+x86_64 1.0.1 12.00 69.00 81.00 NOTE
r-oldrel-windows-ix86+x86_64 1.0.1 10.00 63.00 73.00 NOTE

Check Details

Version: 1.0.1
Check: R code for possible problems
Result: NOTE
    findMDCFlux: no visible binding for global variable ‘setColNameGLPK’
    findMDCFlux: no visible global function definition for ‘writeLPGLPK’
Flavors: r-devel-linux-x86_64-debian-clang, r-devel-linux-x86_64-debian-gcc, r-devel-linux-x86_64-fedora-clang, r-devel-linux-x86_64-fedora-gcc, r-devel-osx-x86_64-clang, r-devel-windows-ix86+x86_64, r-patched-linux-x86_64, r-patched-solaris-sparc, r-patched-solaris-x86, r-release-linux-ix86, r-release-linux-x86_64, r-release-osx-x86_64-mavericks, r-release-windows-ix86+x86_64

Version: 1.0.1
Check: package dependencies
Result: NOTE
    Package suggested but not available for checking: ‘cplexAPI’
Flavors: r-devel-linux-x86_64-fedora-clang, r-devel-linux-x86_64-fedora-gcc, r-devel-osx-x86_64-clang, r-devel-windows-ix86+x86_64, r-patched-solaris-sparc, r-patched-solaris-x86, r-release-osx-x86_64-snowleopard, r-release-windows-ix86+x86_64, r-oldrel-windows-ix86+x86_64

Version: 1.0.1
Check: package dependencies
Result: NOTE
    Packages suggested but not available for checking: ‘cplexAPI’ ‘glpkAPI’
Flavor: r-release-osx-x86_64-mavericks