CRAN Package Check Results for Package sybilEFBA

Last updated on 2015-06-29 23:47:14.

Flavor Version Tinstall Tcheck Ttotal Status Flags
r-devel-linux-x86_64-debian-clang 1.0.2 3.15 42.49 45.64 NOTE
r-devel-linux-x86_64-debian-gcc 1.0.2 3.23 40.26 43.49 NOTE
r-devel-linux-x86_64-fedora-clang 1.0.2 99.00 NOTE
r-devel-linux-x86_64-fedora-gcc 1.0.2 86.58 NOTE
r-devel-osx-x86_64-clang 1.0.2 70.27 NOTE
r-devel-windows-ix86+x86_64 1.0.2 13.00 87.00 100.00 NOTE
r-patched-linux-x86_64 1.0.2 3.08 42.17 45.25 OK
r-patched-solaris-sparc 1.0.2 551.80 NOTE
r-patched-solaris-x86 1.0.2 130.80 NOTE
r-release-linux-x86_64 1.0.2 3.04 41.44 44.48 OK
r-release-osx-x86_64-mavericks 1.0.2 NOTE
r-release-windows-ix86+x86_64 1.0.2 11.00 94.00 105.00 NOTE
r-oldrel-windows-ix86+x86_64 1.0.2 11.00 76.00 87.00 NOTE

Check Details

Version: 1.0.2
Check: R code for possible problems
Result: NOTE
    FECorr: no visible global function definition for ‘is’
    FECorr: no visible global function definition for ‘write.csv’
    FECorr: no visible global function definition for ‘aggregate’
    FECorr: no visible global function definition for ‘lm’
    FECorr: no visible global function definition for ‘nlm’
    eFBA_gene: no visible global function definition for ‘is’
    eFBA_gene: no visible global function definition for ‘as’
    eFBA_rxn : adjustTol: no visible global function definition for ‘is’
    eFBA_rxn: no visible global function definition for ‘is’
    eFBA_rxn: no visible global function definition for ‘as’
    findFluxGeneExpr: no visible global function definition for ‘as’
    findMDCFlux: no visible global function definition for ‘is’
    findMDCFlux: no visible global function definition for ‘as’
    gene2Rule: no visible global function definition for ‘is’
Flavors: r-devel-linux-x86_64-debian-clang, r-devel-linux-x86_64-debian-gcc, r-devel-windows-ix86+x86_64

Version: 1.0.2
Check: package dependencies
Result: NOTE
    Package suggested but not available for checking: ‘cplexAPI’
Flavors: r-devel-linux-x86_64-fedora-clang, r-devel-linux-x86_64-fedora-gcc, r-devel-osx-x86_64-clang, r-devel-windows-ix86+x86_64, r-patched-solaris-sparc, r-patched-solaris-x86, r-release-windows-ix86+x86_64, r-oldrel-windows-ix86+x86_64

Version: 1.0.2
Check: package dependencies
Result: NOTE
    Packages suggested but not available for checking: ‘cplexAPI’ ‘glpkAPI’
Flavor: r-release-osx-x86_64-mavericks