CRAN Package Check Results for Package sybilEFBA

Last updated on 2015-03-05 12:48:14.

Flavor Version Tinstall Tcheck Ttotal Status Flags
r-devel-linux-x86_64-debian-clang 1.0.2 3.17 42.54 45.71 OK
r-devel-linux-x86_64-debian-gcc 1.0.2 3.24 41.10 44.34 OK
r-devel-linux-x86_64-fedora-clang 1.0.2 94.59 NOTE
r-devel-linux-x86_64-fedora-gcc 1.0.2 91.38 NOTE
r-devel-osx-x86_64-clang 1.0.2 94.90 NOTE
r-devel-windows-ix86+x86_64 1.0.2 10.00 61.00 71.00 NOTE
r-patched-linux-x86_64 1.0.2 4.16 52.06 56.21 OK
r-patched-solaris-sparc 1.0.2 711.20 NOTE
r-patched-solaris-x86 1.0.2 173.30 NOTE
r-release-linux-ix86 1.0.2 4.83 71.20 76.02 OK
r-release-linux-x86_64 1.0.2 4.75 51.84 56.58 OK
r-release-osx-x86_64-mavericks 1.0.2 NOTE
r-release-osx-x86_64-snowleopard 1.0.2 NOTE
r-release-windows-ix86+x86_64 1.0.2 12.00 77.00 89.00 NOTE
r-oldrel-windows-ix86+x86_64 1.0.2 11.00 67.00 78.00 NOTE

Check Details

Version: 1.0.2
Check: package dependencies
Result: NOTE
    Package suggested but not available for checking: ‘cplexAPI’
Flavors: r-devel-linux-x86_64-fedora-clang, r-devel-linux-x86_64-fedora-gcc, r-devel-osx-x86_64-clang, r-devel-windows-ix86+x86_64, r-patched-solaris-sparc, r-patched-solaris-x86, r-release-osx-x86_64-snowleopard, r-release-windows-ix86+x86_64, r-oldrel-windows-ix86+x86_64

Version: 1.0.2
Check: package dependencies
Result: NOTE
    Packages suggested but not available for checking: ‘cplexAPI’ ‘glpkAPI’
Flavor: r-release-osx-x86_64-mavericks