CRAN Package Check Results for Package sybilEFBA

Last updated on 2018-02-22 01:50:09 CET.

Flavor Version Tinstall Tcheck Ttotal Status Flags
r-devel-linux-x86_64-debian-clang 1.0.2 7.17 57.20 64.37 WARN
r-devel-linux-x86_64-debian-gcc 1.0.2 6.42 52.03 58.45 WARN
r-devel-linux-x86_64-fedora-clang 1.0.2 93.44 WARN
r-devel-linux-x86_64-fedora-gcc 1.0.2 77.74 WARN
r-devel-windows-ix86+x86_64 1.0.2 15.00 74.00 89.00 NOTE
r-patched-linux-x86_64 1.0.2 4.21 65.03 69.24 NOTE
r-patched-solaris-x86 1.0.2 127.90 NOTE
r-release-linux-x86_64 1.0.2 4.48 64.96 69.44 NOTE
r-release-windows-ix86+x86_64 1.0.2 12.00 73.00 85.00 NOTE
r-release-osx-x86_64 1.0.2 NOTE
r-oldrel-windows-ix86+x86_64 1.0.2 8.00 91.00 99.00 NOTE
r-oldrel-osx-x86_64 1.0.2 NOTE

Check Details

Version: 1.0.2
Check: whether package can be installed
Result: WARN
    Found the following significant warnings:
     Note: break may be used in wrong context: no loop is visible
Flavors: r-devel-linux-x86_64-debian-clang, r-devel-linux-x86_64-debian-gcc, r-devel-linux-x86_64-fedora-clang, r-devel-linux-x86_64-fedora-gcc

Version: 1.0.2
Check: R code for possible problems
Result: NOTE
    FECorr: no visible global function definition for ‘is’
    FECorr: no visible global function definition for ‘write.csv’
    FECorr: no visible global function definition for ‘aggregate’
    FECorr: no visible global function definition for ‘lm’
    FECorr: no visible global function definition for ‘nlm’
    eFBA_gene: no visible global function definition for ‘is’
    eFBA_gene: no visible global function definition for ‘as’
    eFBA_rxn : adjustTol: no visible global function definition for ‘is’
    eFBA_rxn: no visible global function definition for ‘is’
    eFBA_rxn: no visible global function definition for ‘as’
    findFluxGeneExpr: no visible global function definition for ‘as’
    findMDCFlux: no visible global function definition for ‘is’
    findMDCFlux: no visible global function definition for ‘as’
    gene2Rule: no visible global function definition for ‘is’
    Undefined global functions or variables:
     aggregate as is lm nlm write.csv
    Consider adding
     importFrom("methods", "as", "is")
     importFrom("stats", "aggregate", "lm", "nlm")
     importFrom("utils", "write.csv")
    to your NAMESPACE file (and ensure that your DESCRIPTION Imports field
    contains 'methods').
Flavors: r-devel-linux-x86_64-debian-clang, r-devel-linux-x86_64-debian-gcc, r-devel-linux-x86_64-fedora-clang, r-devel-linux-x86_64-fedora-gcc, r-devel-windows-ix86+x86_64, r-patched-linux-x86_64, r-patched-solaris-x86, r-release-linux-x86_64, r-release-windows-ix86+x86_64, r-release-osx-x86_64, r-oldrel-windows-ix86+x86_64, r-oldrel-osx-x86_64

Version: 1.0.2
Check: package dependencies
Result: NOTE
    Package suggested but not available for checking: ‘cplexAPI’
Flavors: r-devel-linux-x86_64-fedora-clang, r-devel-linux-x86_64-fedora-gcc, r-devel-windows-ix86+x86_64, r-patched-solaris-x86, r-release-windows-ix86+x86_64, r-oldrel-windows-ix86+x86_64, r-oldrel-osx-x86_64

Version: 1.0.2
Check: package dependencies
Result: NOTE
    Packages suggested but not available for checking: ‘cplexAPI’ ‘glpkAPI’
Flavor: r-release-osx-x86_64