CRAN Package Check Results for Package sybilEFBA

Last updated on 2015-01-31 20:47:00.

Flavor Version Tinstall Tcheck Ttotal Status Flags
r-devel-linux-x86_64-debian-clang 1.0.1 3.32 40.69 44.02 NOTE
r-devel-linux-x86_64-debian-gcc 1.0.1 3.26 38.92 42.18 NOTE
r-devel-linux-x86_64-fedora-clang 1.0.1 125.93 NOTE
r-devel-linux-x86_64-fedora-gcc 1.0.1 121.54 NOTE
r-devel-osx-x86_64-clang 1.0.1 105.38 NOTE
r-devel-windows-ix86+x86_64 1.0.1 12.00 59.00 71.00 NOTE
r-patched-linux-x86_64 1.0.1 4.11 50.89 55.00 NOTE
r-patched-solaris-sparc 1.0.1 678.40 NOTE
r-patched-solaris-x86 1.0.1 168.60 NOTE
r-release-linux-ix86 1.0.1 4.81 58.32 63.13 NOTE
r-release-linux-x86_64 1.0.1 4.12 49.99 54.11 NOTE
r-release-osx-x86_64-mavericks 1.0.1 NOTE
r-release-osx-x86_64-snowleopard 1.0.1 NOTE
r-release-windows-ix86+x86_64 1.0.1 11.00 75.00 86.00 NOTE
r-oldrel-windows-ix86+x86_64 1.0.1 12.00 74.00 86.00 NOTE

Check Details

Version: 1.0.1
Check: R code for possible problems
Result: NOTE
    findMDCFlux: no visible binding for global variable ‘setColNameGLPK’
    findMDCFlux: no visible global function definition for ‘writeLPGLPK’
Flavors: r-devel-linux-x86_64-debian-clang, r-devel-linux-x86_64-debian-gcc, r-devel-linux-x86_64-fedora-clang, r-devel-linux-x86_64-fedora-gcc, r-devel-osx-x86_64-clang, r-devel-windows-ix86+x86_64, r-patched-linux-x86_64, r-patched-solaris-sparc, r-patched-solaris-x86, r-release-linux-ix86, r-release-linux-x86_64, r-release-osx-x86_64-mavericks, r-release-windows-ix86+x86_64

Version: 1.0.1
Check: package dependencies
Result: NOTE
    Package suggested but not available for checking: ‘cplexAPI’
Flavors: r-devel-linux-x86_64-fedora-clang, r-devel-linux-x86_64-fedora-gcc, r-devel-osx-x86_64-clang, r-devel-windows-ix86+x86_64, r-patched-solaris-sparc, r-patched-solaris-x86, r-release-osx-x86_64-snowleopard, r-release-windows-ix86+x86_64, r-oldrel-windows-ix86+x86_64

Version: 1.0.1
Check: package dependencies
Result: NOTE
    Packages suggested but not available for checking: ‘cplexAPI’ ‘glpkAPI’
Flavor: r-release-osx-x86_64-mavericks