CRAN Package Check Results for Package sybilSBML

Last updated on 2015-04-19 17:48:51.

Flavor Version Tinstall Tcheck Ttotal Status Flags
r-devel-linux-x86_64-debian-clang 2.0.8 6.02 48.12 54.14 NOTE
r-devel-linux-x86_64-debian-gcc 2.0.8 5.69 47.90 53.59 NOTE
r-devel-linux-x86_64-fedora-clang 2.0.8 113.48 NOTE
r-devel-linux-x86_64-fedora-gcc 2.0.8 108.27 NOTE
r-devel-osx-x86_64-clang 2.0.8 104.50 NOTE
r-devel-windows-ix86+x86_64 2.0.8 24.00 481.00 505.00 NOTE
r-patched-linux-x86_64 2.0.8 5.74 47.94 53.67 NOTE
r-patched-solaris-sparc 2.0.8 604.40 NOTE
r-patched-solaris-x86 2.0.8 164.40 NOTE
r-release-linux-x86_64 2.0.8 5.33 42.82 48.16 NOTE
r-release-osx-x86_64-mavericks 2.0.8 ERROR
r-release-osx-x86_64-snowleopard 2.0.8 ERROR
r-release-windows-ix86+x86_64 2.0.8 16.00 459.00 475.00 NOTE
r-oldrel-windows-ix86+x86_64 2.0.8 21.00 509.00 530.00 NOTE

Check Details

Version: 2.0.8
Check: DESCRIPTION meta-information
Result: NOTE
    Malformed Description field: should contain one or more complete sentences.
Flavors: r-devel-linux-x86_64-debian-clang, r-devel-linux-x86_64-debian-gcc, r-devel-linux-x86_64-fedora-clang, r-devel-linux-x86_64-fedora-gcc, r-devel-osx-x86_64-clang, r-devel-windows-ix86+x86_64, r-patched-linux-x86_64, r-patched-solaris-sparc, r-patched-solaris-x86, r-release-linux-x86_64, r-release-windows-ix86+x86_64

Version: 2.0.8
Check: installed package size
Result: NOTE
     installed size is 12.9Mb
     sub-directories of 1Mb or more:
     libs 12.4Mb
Flavors: r-devel-windows-ix86+x86_64, r-release-windows-ix86+x86_64, r-oldrel-windows-ix86+x86_64

Version: 2.0.8
Check: whether package can be installed
Result: ERROR
    Installation failed.
Flavors: r-release-osx-x86_64-mavericks, r-release-osx-x86_64-snowleopard