CRAN Package Check Results for Package sybilSBML

Last updated on 2017-03-29 22:47:34.

Flavor Version Tinstall Tcheck Ttotal Status Flags
r-devel-linux-x86_64-debian-clang 3.0.1 7.78 48.91 56.69 OK
r-devel-linux-x86_64-debian-gcc 3.0.1 6.85 47.74 54.59 OK
r-devel-macos-x86_64-clang 3.0.1 93.07 OK --no-stop-on-test-error
r-devel-windows-ix86+x86_64 3.0.1 2.00 4.00 6.00 ERROR
r-patched-linux-x86_64 3.0.1 6.63 48.65 55.27 OK
r-release-linux-x86_64 3.0.1 6.42 43.76 50.17 OK
r-release-osx-x86_64-mavericks 3.0.1 ERROR
r-release-windows-ix86+x86_64 3.0.1 3.00 7.00 10.00 ERROR
r-oldrel-windows-ix86+x86_64 3.0.1 9.00 3.00 12.00 ERROR

Check Details

Version: 3.0.1
Check: whether package can be installed
Result: ERROR
    Installation failed.
Flavors: r-devel-windows-ix86+x86_64, r-release-osx-x86_64-mavericks, r-release-windows-ix86+x86_64, r-oldrel-windows-ix86+x86_64