CRAN Package Check Results for Package sybilSBML

Last updated on 2017-11-24 09:48:25 CET.

Flavor Version Tinstall Tcheck Ttotal Status Flags
r-devel-linux-x86_64-debian-clang 3.0.1 7.20 72.51 79.71 OK
r-devel-linux-x86_64-debian-gcc 3.0.1 8.32 99.06 107.39 WARN
r-devel-linux-x86_64-fedora-clang 3.0.1 102.42 OK
r-devel-linux-x86_64-fedora-gcc 3.0.1 101.09 WARN
r-devel-windows-ix86+x86_64 3.0.1 3.00 6.00 9.00 ERROR
r-patched-linux-x86_64 3.0.1 10.19 117.88 128.06 OK
r-release-linux-x86_64 3.0.1 10.16 119.66 129.82 OK
r-release-windows-ix86+x86_64 3.0.1 3.00 4.00 7.00 ERROR
r-release-osx-x86_64 3.0.1 ERROR
r-oldrel-windows-ix86+x86_64 3.0.1 3.00 4.00 7.00 ERROR
r-oldrel-osx-x86_64 3.0.1 ERROR

Check Details

Version: 3.0.1
Check: whether package can be installed
Result: WARN
    Found the following significant warnings:
     sybilSBML.c:2236:32: warning: ā€˜%dā€™ directive writing between 1 and 10 bytes into a region of size 9 [-Wformat-overflow=]
     sybilSBML.c:2247:34: warning: ā€˜%dā€™ directive writing between 1 and 10 bytes into a region of size 9 [-Wformat-overflow=]
Flavors: r-devel-linux-x86_64-debian-gcc, r-devel-linux-x86_64-fedora-gcc

Version: 3.0.1
Check: whether package can be installed
Result: ERROR
    Installation failed.
Flavors: r-devel-windows-ix86+x86_64, r-release-windows-ix86+x86_64, r-release-osx-x86_64, r-oldrel-windows-ix86+x86_64, r-oldrel-osx-x86_64