CRAN Package Check Results for Package sybilSBML

Last updated on 2014-12-19 20:48:28.

Flavor Version Tinstall Tcheck Ttotal Status Flags
r-devel-linux-x86_64-debian-clang 2.0.8 6.82 56.01 62.83 OK
r-devel-linux-x86_64-debian-gcc 2.0.8 6.14 53.77 59.91 OK
r-devel-linux-x86_64-fedora-clang 2.0.8 153.19 OK
r-devel-linux-x86_64-fedora-gcc 2.0.8 141.51 OK
r-devel-osx-x86_64-clang 2.0.8 131.74 OK
r-devel-windows-ix86+x86_64 2.0.8 22.00 495.00 517.00 NOTE
r-patched-linux-x86_64 2.0.8 6.23 57.79 64.02 OK
r-patched-solaris-sparc 2.0.8 819.90 OK
r-patched-solaris-x86 2.0.8 205.90 OK
r-release-linux-ix86 2.0.8 8.46 67.94 76.40 OK
r-release-linux-x86_64 2.0.8 6.40 57.98 64.39 OK
r-release-osx-x86_64-mavericks 2.0.8 ERROR
r-release-osx-x86_64-snowleopard 2.0.8 ERROR
r-release-windows-ix86+x86_64 2.0.8 19.00 514.00 533.00 NOTE
r-oldrel-windows-ix86+x86_64 2.0.8 19.00 427.00 446.00 NOTE

Check Details

Version: 2.0.8
Check: installed package size
Result: NOTE
     installed size is 12.9Mb
     sub-directories of 1Mb or more:
     libs 12.4Mb
Flavors: r-devel-windows-ix86+x86_64, r-release-windows-ix86+x86_64, r-oldrel-windows-ix86+x86_64

Version: 2.0.8
Check: whether package can be installed
Result: ERROR
    Installation failed.
Flavors: r-release-osx-x86_64-mavericks, r-release-osx-x86_64-snowleopard