CRAN Package Check Results for Package sybilSBML

Last updated on 2014-08-22 03:48:10.

Flavor Version Tinstall Tcheck Ttotal Status Flags
r-devel-linux-x86_64-debian-clang 2.0.8 6.56 55.29 61.84 OK
r-devel-linux-x86_64-debian-gcc 2.0.8 6.11 54.62 60.74 OK
r-devel-linux-x86_64-fedora-clang 2.0.8 156.79 OK
r-devel-linux-x86_64-fedora-gcc 2.0.8 146.06 OK
r-devel-osx-x86_64-clang 2.0.8 126.73 OK
r-devel-windows-ix86+x86_64 2.0.8 20.00 525.00 545.00 NOTE
r-patched-linux-x86_64 2.0.8 6.46 55.64 62.10 OK
r-patched-solaris-sparc 2.0.8 819.90 OK
r-patched-solaris-x86 2.0.8 208.70 OK
r-release-linux-ix86 2.0.8 8.63 70.02 78.65 OK
r-release-linux-x86_64 2.0.8 6.36 56.63 62.99 OK
r-release-osx-x86_64-mavericks 2.0.8 ERROR
r-release-osx-x86_64-snowleopard 2.0.8 ERROR
r-release-windows-ix86+x86_64 2.0.8 20.00 509.00 529.00 NOTE
r-oldrel-windows-ix86+x86_64 2.0.8 19.00 460.00 479.00 NOTE

Check Details

Version: 2.0.8
Check: installed package size
Result: NOTE
     installed size is 12.9Mb
     sub-directories of 1Mb or more:
     libs 12.4Mb
Flavors: r-devel-windows-ix86+x86_64, r-release-windows-ix86+x86_64, r-oldrel-windows-ix86+x86_64

Version: 2.0.8
Check: whether package can be installed
Result: ERROR
    Installation failed.
Flavors: r-release-osx-x86_64-mavericks, r-release-osx-x86_64-snowleopard