CRAN Package Check Results for Package sybilSBML

Last updated on 2016-12-10 12:54:08.

Flavor Version Tinstall Tcheck Ttotal Status Flags
r-devel-linux-x86_64-debian-clang 2.0.11 6.21 45.11 51.32 OK
r-devel-linux-x86_64-debian-gcc 2.0.11 5.56 45.37 50.93 OK
r-devel-linux-x86_64-fedora-clang 2.0.11 110.03 OK --no-stop-on-test-error
r-devel-linux-x86_64-fedora-gcc 2.0.11 105.56 OK --no-stop-on-test-error
r-devel-macos-x86_64-clang 2.0.11 88.33 OK --no-stop-on-test-error
r-devel-windows-ix86+x86_64 2.0.11 17.00 125.00 142.00 NOTE
r-patched-linux-x86_64 2.0.11 5.54 40.95 46.48 OK
r-patched-solaris-sparc 2.0.11 578.40 OK
r-patched-solaris-x86 2.0.11 126.70 OK
r-release-linux-x86_64 2.0.11 5.78 41.44 47.21 OK
r-release-osx-x86_64-mavericks 2.0.11 ERROR
r-release-windows-ix86+x86_64 2.0.11 20.00 86.00 106.00 NOTE
r-oldrel-windows-ix86+x86_64 2.0.11 28.00 507.00 535.00 NOTE

Check Details

Version: 2.0.11
Check: installed package size
Result: NOTE
     installed size is 12.9Mb
     sub-directories of 1Mb or more:
     libs 12.4Mb
Flavors: r-devel-windows-ix86+x86_64, r-release-windows-ix86+x86_64, r-oldrel-windows-ix86+x86_64

Version: 2.0.11
Check: whether package can be installed
Result: ERROR
    Installation failed.
Flavor: r-release-osx-x86_64-mavericks