CRAN Package Check Results for Package sybilSBML

Last updated on 2016-10-01 10:47:56.

Flavor Version Tinstall Tcheck Ttotal Status Flags
r-devel-linux-x86_64-debian-clang 2.0.11 6.50 43.52 50.02 OK
r-devel-linux-x86_64-debian-gcc 2.0.11 5.64 43.12 48.76 OK
r-devel-linux-x86_64-fedora-clang 2.0.11 107.30 OK
r-devel-linux-x86_64-fedora-gcc 2.0.11 99.56 OK
r-devel-macos-x86_64-clang 2.0.11 79.50 OK
r-devel-windows-ix86+x86_64 2.0.11 29.00 111.00 140.00 NOTE
r-patched-linux-x86_64 2.0.11 5.43 41.96 47.39 OK
r-patched-solaris-sparc 2.0.11 578.40 OK
r-patched-solaris-x86 2.0.11 128.60 OK
r-release-linux-x86_64 2.0.11 5.48 42.45 47.93 OK
r-release-osx-x86_64-mavericks 2.0.11 ERROR
r-release-windows-ix86+x86_64 2.0.11 17.00 115.00 132.00 NOTE
r-oldrel-windows-ix86+x86_64 2.0.11 29.00 510.00 539.00 NOTE

Check Details

Version: 2.0.11
Check: installed package size
Result: NOTE
     installed size is 12.9Mb
     sub-directories of 1Mb or more:
     libs 12.4Mb
Flavors: r-devel-windows-ix86+x86_64, r-release-windows-ix86+x86_64, r-oldrel-windows-ix86+x86_64

Version: 2.0.11
Check: whether package can be installed
Result: ERROR
    Installation failed.
Flavor: r-release-osx-x86_64-mavericks