CRAN Package Check Results for Package sybilSBML

Last updated on 2015-02-01 23:49:07.

Flavor Version Tinstall Tcheck Ttotal Status Flags
r-devel-linux-x86_64-debian-clang 2.0.8 5.65 48.04 53.69 OK
r-devel-linux-x86_64-debian-gcc 2.0.8 5.19 45.36 50.55 OK
r-devel-linux-x86_64-fedora-clang 2.0.8 114.63 OK
r-devel-linux-x86_64-fedora-gcc 2.0.8 109.24 OK
r-devel-osx-x86_64-clang 2.0.8 116.58 OK
r-devel-windows-ix86+x86_64 2.0.8 27.00 506.00 533.00 NOTE
r-patched-linux-x86_64 2.0.8 6.82 57.56 64.38 OK
r-patched-solaris-sparc 2.0.8 811.80 OK
r-patched-solaris-x86 2.0.8 209.50 OK
r-release-linux-ix86 2.0.8 8.60 68.26 76.86 OK
r-release-linux-x86_64 2.0.8 7.15 56.93 64.08 OK
r-release-osx-x86_64-mavericks 2.0.8 ERROR
r-release-osx-x86_64-snowleopard 2.0.8 ERROR
r-release-windows-ix86+x86_64 2.0.8 20.00 527.00 547.00 NOTE
r-oldrel-windows-ix86+x86_64 2.0.8 20.00 417.00 437.00 NOTE

Check Details

Version: 2.0.8
Check: installed package size
Result: NOTE
     installed size is 12.9Mb
     sub-directories of 1Mb or more:
     libs 12.4Mb
Flavors: r-devel-windows-ix86+x86_64, r-release-windows-ix86+x86_64, r-oldrel-windows-ix86+x86_64

Version: 2.0.8
Check: whether package can be installed
Result: ERROR
    Installation failed.
Flavors: r-release-osx-x86_64-mavericks, r-release-osx-x86_64-snowleopard