CRAN Package Check Results for Package sybilSBML

Last updated on 2017-01-16 15:51:21.

Flavor Version Tinstall Tcheck Ttotal Status Flags
r-devel-linux-x86_64-debian-clang 3.0.1 7.28 46.67 53.95 OK
r-devel-linux-x86_64-debian-gcc 2.0.11 5.61 44.27 49.87 OK
r-devel-linux-x86_64-fedora-clang 3.0.1 5.73 ERROR --no-stop-on-test-error
r-devel-linux-x86_64-fedora-gcc 3.0.1 6.24 ERROR --no-stop-on-test-error
r-devel-macos-x86_64-clang 3.0.1 91.20 OK --no-stop-on-test-error
r-devel-windows-ix86+x86_64 3.0.1 3.00 8.00 11.00 ERROR
r-patched-linux-x86_64 3.0.1 6.98 42.93 49.92 OK
r-release-linux-x86_64 3.0.1 6.44 42.82 49.26 OK
r-release-osx-x86_64-mavericks 3.0.1 ERROR
r-release-windows-ix86+x86_64 3.0.1 4.00 4.00 8.00 ERROR
r-oldrel-windows-ix86+x86_64 3.0.1 2.00 3.00 5.00 ERROR

Check Details

Version: 3.0.1
Flags: --no-stop-on-test-error
Check: whether package can be installed
Result: ERROR
    Installation failed.
Flavors: r-devel-linux-x86_64-fedora-clang, r-devel-linux-x86_64-fedora-gcc

Version: 3.0.1
Check: whether package can be installed
Result: ERROR
    Installation failed.
Flavors: r-devel-windows-ix86+x86_64, r-release-osx-x86_64-mavericks, r-release-windows-ix86+x86_64, r-oldrel-windows-ix86+x86_64