CRAN Package Check Results for Package sybilSBML

Last updated on 2017-02-27 03:50:46.

Flavor Version Tinstall Tcheck Ttotal Status Flags
r-devel-linux-x86_64-debian-clang 3.0.1 7.69 48.34 56.02 OK
r-devel-linux-x86_64-debian-gcc 3.0.1 6.85 48.20 55.04 OK
r-devel-macos-x86_64-clang 3.0.1 95.70 OK --no-stop-on-test-error
r-devel-windows-ix86+x86_64 3.0.1 3.00 5.00 8.00 ERROR
r-patched-linux-x86_64 3.0.1 6.75 44.07 50.81 OK
r-release-linux-x86_64 3.0.1 6.56 44.90 51.46 OK
r-release-osx-x86_64-mavericks 3.0.1 ERROR
r-release-windows-ix86+x86_64 3.0.1 8.00 3.00 11.00 ERROR
r-oldrel-windows-ix86+x86_64 3.0.1 4.00 3.00 7.00 ERROR

Check Details

Version: 3.0.1
Check: whether package can be installed
Result: ERROR
    Installation failed.
Flavors: r-devel-windows-ix86+x86_64, r-release-osx-x86_64-mavericks, r-release-windows-ix86+x86_64, r-oldrel-windows-ix86+x86_64