CRAN Package Check Results for Package sybilSBML

Last updated on 2016-02-05 23:48:59.

Flavor Version Tinstall Tcheck Ttotal Status Flags
r-devel-linux-x86_64-debian-gcc 2.0.10 7.59 42.08 49.67 OK
r-devel-linux-x86_64-fedora-clang 2.0.10 98.51 OK
r-devel-linux-x86_64-fedora-gcc 2.0.10 93.42 OK
r-devel-osx-x86_64-clang 2.0.10 106.34 OK
r-devel-windows-ix86+x86_64 2.0.10 23.00 439.00 462.00 NOTE
r-patched-linux-x86_64 2.0.10 5.99 47.21 53.20 OK
r-patched-solaris-sparc 2.0.10 650.70 OK
r-patched-solaris-x86 2.0.10 143.50 OK
r-release-linux-x86_64 2.0.10 5.80 47.48 53.28 OK
r-release-osx-x86_64-mavericks 2.0.10 ERROR
r-release-windows-ix86+x86_64 2.0.10 25.00 515.00 540.00 NOTE
r-oldrel-windows-ix86+x86_64 2.0.10 27.00 543.00 570.00 NOTE

Check Details

Version: 2.0.10
Check: installed package size
Result: NOTE
     installed size is 12.9Mb
     sub-directories of 1Mb or more:
     libs 12.4Mb
Flavors: r-devel-windows-ix86+x86_64, r-release-windows-ix86+x86_64, r-oldrel-windows-ix86+x86_64

Version: 2.0.10
Check: whether package can be installed
Result: ERROR
    Installation failed.
Flavor: r-release-osx-x86_64-mavericks