CRAN Package Check Results for Package sybilSBML

Last updated on 2014-04-25 05:47:26.

Flavor Version Tinstall Tcheck Ttotal Status Flags
r-devel-linux-x86_64-debian-clang 2.0.7 6.97 58.84 65.81 OK
r-devel-linux-x86_64-debian-gcc 2.0.7 6.37 58.69 65.06 OK
r-devel-linux-x86_64-fedora-clang 2.0.7 157.11 OK
r-devel-linux-x86_64-fedora-gcc 2.0.7 151.54 OK
r-devel-osx-x86_64-clang 2.0.7 130.70 OK
r-devel-osx-x86_64-gcc 2.0.7 ERROR
r-devel-windows-ix86+x86_64 2.0.7 19.00 541.00 560.00 NOTE
r-patched-linux-x86_64 2.0.7 6.48 58.37 64.85 OK
r-patched-solaris-sparc 2.0.7 825.00 OK
r-patched-solaris-x86 2.0.7 200.50 OK
r-release-linux-ix86 2.0.7 12.00 94.00 106.00 OK
r-release-linux-x86_64 2.0.7 6.41 58.38 64.79 OK
r-release-osx-x86_64-mavericks 2.0.7 ERROR
r-release-osx-x86_64-snowleopard 2.0.7 ERROR
r-release-windows-ix86+x86_64 2.0.7 19.00 508.00 527.00 NOTE
r-oldrel-windows-ix86+x86_64 2.0.7 18.00 457.00 475.00 NOTE

Check Details

Version: 2.0.7
Check: whether package can be installed
Result: ERROR
    Installation failed.
    See ‘/Volumes/XT3/Builds/R-dev-web/QA/Simon/packages/snowleopard-x86_64/results/3.2/sybilSBML.Rcheck/00install.out’ for details.
Flavor: r-devel-osx-x86_64-gcc

Version: 2.0.7
Check: installed package size
Result: NOTE
     installed size is 12.9Mb
     sub-directories of 1Mb or more:
     libs 12.4Mb
Flavors: r-devel-windows-ix86+x86_64, r-release-windows-ix86+x86_64, r-oldrel-windows-ix86+x86_64

Version: 2.0.7
Check: whether package can be installed
Result: ERROR
    Installation failed.
    See ‘/Builds/CRAN-QA-Simon/packages/mavericks-x86_64/results/3.1/sybilSBML.Rcheck/00install.out’ for details.
Flavor: r-release-osx-x86_64-mavericks

Version: 2.0.7
Check: whether package can be installed
Result: ERROR
    Installation failed.
    See ‘/Volumes/XT3/Builds/R-dev-web/QA/Simon/packages/snowleopard-x86_64/results/3.1/sybilSBML.Rcheck/00install.out’ for details.
Flavor: r-release-osx-x86_64-snowleopard