CRAN Package Check Results for Package sybilSBML

Last updated on 2014-09-30 11:48:36.

Flavor Version Tinstall Tcheck Ttotal Status Flags
r-devel-linux-x86_64-debian-clang 2.0.8 6.57 56.04 62.61 OK
r-devel-linux-x86_64-debian-gcc 2.0.8 6.17 54.14 60.31 OK
r-devel-linux-x86_64-fedora-clang 2.0.8 151.02 OK
r-devel-linux-x86_64-fedora-gcc 2.0.8 142.39 OK
r-devel-osx-x86_64-clang 2.0.8 125.36 OK
r-devel-windows-ix86+x86_64 2.0.8 20.00 532.00 552.00 NOTE
r-patched-linux-x86_64 2.0.8 6.95 56.80 63.74 OK
r-patched-solaris-sparc 2.0.8 819.90 OK
r-patched-solaris-x86 2.0.8 213.40 OK
r-release-linux-ix86 2.0.8 8.61 70.87 79.48 OK
r-release-linux-x86_64 2.0.8 6.37 57.30 63.67 OK
r-release-osx-x86_64-mavericks 2.0.8 ERROR
r-release-osx-x86_64-snowleopard 2.0.8 ERROR
r-release-windows-ix86+x86_64 2.0.8 21.00 513.00 534.00 NOTE
r-oldrel-windows-ix86+x86_64 2.0.8 20.00 448.00 468.00 NOTE

Check Details

Version: 2.0.8
Check: installed package size
Result: NOTE
     installed size is 12.9Mb
     sub-directories of 1Mb or more:
     libs 12.4Mb
Flavors: r-devel-windows-ix86+x86_64, r-release-windows-ix86+x86_64, r-oldrel-windows-ix86+x86_64

Version: 2.0.8
Check: whether package can be installed
Result: ERROR
    Installation failed.
Flavors: r-release-osx-x86_64-mavericks, r-release-osx-x86_64-snowleopard