CRAN Package Check Results for Package sybilSBML

Last updated on 2017-05-28 23:50:20.

Flavor Version Tinstall Tcheck Ttotal Status Flags
r-devel-linux-x86_64-debian-clang 3.0.1 8.34 49.30 57.64 OK
r-devel-linux-x86_64-debian-gcc 3.0.1 6.85 47.81 54.66 OK
r-devel-windows-ix86+x86_64 3.0.1 2.00 6.00 8.00 ERROR
r-patched-linux-x86_64 3.0.1 7.76 48.61 56.38 OK
r-release-linux-x86_64 3.0.1 7.33 48.97 56.29 OK
r-release-windows-ix86+x86_64 3.0.1 4.00 4.00 8.00 ERROR
r-release-osx-x86_64 3.0.1 ERROR
r-oldrel-windows-ix86+x86_64 3.0.1 3.00 4.00 7.00 ERROR
r-oldrel-osx-x86_64 3.0.1 ERROR

Check Details

Version: 3.0.1
Check: whether package can be installed
Result: ERROR
    Installation failed.
Flavors: r-devel-windows-ix86+x86_64, r-release-windows-ix86+x86_64, r-release-osx-x86_64, r-oldrel-windows-ix86+x86_64, r-oldrel-osx-x86_64