CRAN Package Check Results for Package sybilSBML

Last updated on 2016-04-28 21:47:46.

Flavor Version Tinstall Tcheck Ttotal Status Flags
r-devel-linux-x86_64-debian-gcc 2.0.10 5.85 44.43 50.27 OK
r-devel-linux-x86_64-fedora-clang 2.0.10 97.88 OK
r-devel-linux-x86_64-fedora-gcc 2.0.10 93.39 OK
r-devel-osx-x86_64-clang 2.0.10 107.55 OK
r-devel-windows-ix86+x86_64 2.0.10 27.00 128.00 155.00 NOTE
r-patched-linux-x86_64 2.0.10 5.60 43.81 49.40 OK
r-patched-solaris-sparc 2.0.10 577.70 OK
r-patched-solaris-x86 2.0.10 130.10 OK
r-release-linux-x86_64 2.0.10 6.42 49.86 56.28 OK
r-release-osx-x86_64-mavericks 2.0.10 ERROR
r-release-windows-ix86+x86_64 2.0.10 19.00 524.00 543.00 NOTE
r-oldrel-windows-ix86+x86_64 2.0.10 30.00 532.00 562.00 NOTE

Check Details

Version: 2.0.10
Check: installed package size
Result: NOTE
     installed size is 12.9Mb
     sub-directories of 1Mb or more:
     libs 12.4Mb
Flavors: r-devel-windows-ix86+x86_64, r-release-windows-ix86+x86_64, r-oldrel-windows-ix86+x86_64

Version: 2.0.10
Check: whether package can be installed
Result: ERROR
    Installation failed.
Flavor: r-release-osx-x86_64-mavericks