CRAN Package Check Results for Package sybilSBML

Last updated on 2018-02-23 13:47:57 CET.

Flavor Version Tinstall Tcheck Ttotal Status Flags
r-devel-linux-x86_64-debian-clang 3.0.1 14.22 75.48 89.70 OK
r-devel-linux-x86_64-debian-gcc 3.0.1 13.96 60.21 74.17 WARN
r-devel-linux-x86_64-fedora-clang 3.0.1 118.38 OK
r-devel-linux-x86_64-fedora-gcc 3.0.1 111.99 WARN
r-devel-windows-ix86+x86_64 3.0.1 2.00 5.00 7.00 ERROR
r-patched-linux-x86_64 3.0.1 9.78 77.35 87.13 OK
r-release-linux-x86_64 3.0.1 9.20 76.89 86.09 OK
r-release-windows-ix86+x86_64 3.0.1 6.00 5.00 11.00 ERROR
r-release-osx-x86_64 3.0.1 ERROR
r-oldrel-windows-ix86+x86_64 3.0.1 2.00 6.00 8.00 ERROR
r-oldrel-osx-x86_64 3.0.1 ERROR

Check Details

Version: 3.0.1
Check: whether package can be installed
Result: WARN
    Found the following significant warnings:
     sybilSBML.c:2236:32: warning: ā€˜%dā€™ directive writing between 1 and 10 bytes into a region of size 9 [-Wformat-overflow=]
     sybilSBML.c:2247:34: warning: ā€˜%dā€™ directive writing between 1 and 10 bytes into a region of size 9 [-Wformat-overflow=]
Flavors: r-devel-linux-x86_64-debian-gcc, r-devel-linux-x86_64-fedora-gcc

Version: 3.0.1
Check: whether package can be installed
Result: ERROR
    Installation failed.
Flavors: r-devel-windows-ix86+x86_64, r-release-windows-ix86+x86_64, r-release-osx-x86_64, r-oldrel-windows-ix86+x86_64, r-oldrel-osx-x86_64