CRAN Package Check Results for Package sybilSBML

Last updated on 2016-07-27 12:50:52.

Flavor Version Tinstall Tcheck Ttotal Status Flags
r-devel-linux-x86_64-debian-clang 2.0.11 8.22 51.29 59.52 OK
r-devel-linux-x86_64-debian-gcc 2.0.11 7.26 50.70 57.96 OK
r-devel-linux-x86_64-fedora-clang 2.0.11 100.80 OK
r-devel-linux-x86_64-fedora-gcc 2.0.11 96.35 OK
r-devel-osx-x86_64-clang 2.0.11 83.32 OK
r-devel-windows-ix86+x86_64 2.0.11 21.00 130.00 151.00 NOTE
r-patched-linux-x86_64 2.0.11 7.02 49.70 56.72 OK
r-patched-solaris-sparc 2.0.11 578.40 OK
r-patched-solaris-x86 2.0.11 127.60 OK
r-release-linux-x86_64 2.0.11 7.05 50.48 57.54 OK
r-release-osx-x86_64-mavericks 2.0.11 ERROR
r-release-windows-ix86+x86_64 2.0.11 21.00 126.00 147.00 NOTE
r-oldrel-windows-ix86+x86_64 2.0.11 28.00 580.00 608.00 NOTE

Check Details

Version: 2.0.11
Check: installed package size
Result: NOTE
     installed size is 12.9Mb
     sub-directories of 1Mb or more:
     libs 12.4Mb
Flavors: r-devel-windows-ix86+x86_64, r-release-windows-ix86+x86_64, r-oldrel-windows-ix86+x86_64

Version: 2.0.11
Check: whether package can be installed
Result: ERROR
    Installation failed.
Flavor: r-release-osx-x86_64-mavericks