CRAN Package Check Results for Package sybilSBML

Last updated on 2015-07-08 03:48:25.

Flavor Version Tinstall Tcheck Ttotal Status Flags
r-devel-linux-x86_64-debian-clang 2.0.8 5.65 47.76 53.40 NOTE
r-devel-linux-x86_64-debian-gcc 2.0.8 5.24 46.53 51.77 NOTE
r-devel-linux-x86_64-fedora-clang 2.0.8 111.04 NOTE
r-devel-linux-x86_64-fedora-gcc 2.0.8 106.25 NOTE
r-devel-osx-x86_64-clang 2.0.8 88.55 NOTE
r-devel-windows-ix86+x86_64 2.0.8 24.00 523.00 547.00 NOTE
r-patched-linux-x86_64 2.0.8 5.40 48.28 53.69 NOTE
r-patched-solaris-sparc 2.0.8 595.20 NOTE
r-patched-solaris-x86 2.0.8 167.30 NOTE
r-release-linux-x86_64 2.0.8 5.43 47.04 52.47 NOTE
r-release-osx-x86_64-mavericks 2.0.8 ERROR
r-release-windows-ix86+x86_64 2.0.8 25.00 593.00 618.00 NOTE
r-oldrel-windows-ix86+x86_64 2.0.8 21.00 602.00 623.00 NOTE

Check Details

Version: 2.0.8
Check: DESCRIPTION meta-information
Result: NOTE
    Malformed Description field: should contain one or more complete sentences.
Flavors: r-devel-linux-x86_64-debian-clang, r-devel-linux-x86_64-debian-gcc, r-devel-linux-x86_64-fedora-clang, r-devel-linux-x86_64-fedora-gcc, r-devel-osx-x86_64-clang, r-devel-windows-ix86+x86_64, r-patched-linux-x86_64, r-patched-solaris-sparc, r-patched-solaris-x86, r-release-linux-x86_64, r-release-windows-ix86+x86_64

Version: 2.0.8
Check: dependencies in R code
Result: NOTE
    Unexported objects imported by ':::' calls:
     ‘sybil:::.deadEndMetabolite’ ‘sybil:::.generateModKey’
     ‘sybil:::.parseBoolean’ ‘sybil:::.prepareSubSysMatrix’
     ‘sybil:::.singletonMetabolite’
     See the note in ?`:::` about the use of this operator.
Flavors: r-devel-linux-x86_64-debian-clang, r-devel-linux-x86_64-debian-gcc, r-devel-linux-x86_64-fedora-clang, r-devel-linux-x86_64-fedora-gcc, r-devel-osx-x86_64-clang, r-devel-windows-ix86+x86_64, r-patched-linux-x86_64, r-patched-solaris-sparc, r-patched-solaris-x86, r-release-linux-x86_64, r-release-windows-ix86+x86_64, r-oldrel-windows-ix86+x86_64

Version: 2.0.8
Check: installed package size
Result: NOTE
     installed size is 12.9Mb
     sub-directories of 1Mb or more:
     libs 12.4Mb
Flavors: r-devel-windows-ix86+x86_64, r-release-windows-ix86+x86_64, r-oldrel-windows-ix86+x86_64

Version: 2.0.8
Check: whether package can be installed
Result: ERROR
    Installation failed.
Flavor: r-release-osx-x86_64-mavericks