CRAN Package Check Results for Package sybilSBML

Last updated on 2014-11-28 03:47:47.

Flavor Version Tinstall Tcheck Ttotal Status Flags
r-devel-linux-x86_64-debian-clang 2.0.8 6.24 55.06 61.30 OK
r-devel-linux-x86_64-debian-gcc 2.0.8 6.21 53.71 59.92 OK
r-devel-linux-x86_64-fedora-clang 2.0.8 157.29 OK
r-devel-linux-x86_64-fedora-gcc 2.0.8 145.69 OK
r-devel-osx-x86_64-clang 2.0.8 129.28 OK
r-devel-windows-ix86+x86_64 2.0.8 19.00 521.00 540.00 NOTE
r-patched-linux-x86_64 2.0.8 6.19 58.47 64.66 OK
r-patched-solaris-sparc 2.0.8 819.90 OK
r-patched-solaris-x86 2.0.8 212.80 OK
r-release-linux-ix86 2.0.8 8.44 68.88 77.32 OK
r-release-linux-x86_64 2.0.8 6.23 56.61 62.84 OK
r-release-osx-x86_64-mavericks 2.0.8 ERROR
r-release-osx-x86_64-snowleopard 2.0.8 ERROR
r-release-windows-ix86+x86_64 2.0.8 21.00 515.00 536.00 NOTE
r-oldrel-windows-ix86+x86_64 2.0.8 20.00 471.00 491.00 NOTE

Check Details

Version: 2.0.8
Check: installed package size
Result: NOTE
     installed size is 12.9Mb
     sub-directories of 1Mb or more:
     libs 12.4Mb
Flavors: r-devel-windows-ix86+x86_64, r-release-windows-ix86+x86_64, r-oldrel-windows-ix86+x86_64

Version: 2.0.8
Check: whether package can be installed
Result: ERROR
    Installation failed.
Flavors: r-release-osx-x86_64-mavericks, r-release-osx-x86_64-snowleopard