CRAN Package Check Results for Package sybilSBML

Last updated on 2014-10-23 17:47:54.

Flavor Version Tinstall Tcheck Ttotal Status Flags
r-devel-linux-x86_64-debian-clang 2.0.8 6.26 55.07 61.32 OK
r-devel-linux-x86_64-debian-gcc 2.0.8 6.23 54.42 60.64 OK
r-devel-linux-x86_64-fedora-clang 2.0.8 149.05 OK
r-devel-linux-x86_64-fedora-gcc 2.0.8 143.62 OK
r-devel-osx-x86_64-clang 2.0.8 132.04 OK
r-devel-windows-ix86+x86_64 2.0.8 20.00 474.00 494.00 NOTE
r-patched-linux-x86_64 2.0.8 6.27 57.30 63.58 OK
r-patched-solaris-sparc 2.0.8 819.90 OK
r-patched-solaris-x86 2.0.8 209.80 OK
r-release-linux-ix86 2.0.8 8.70 70.87 79.57 OK
r-release-linux-x86_64 2.0.8 6.70 57.37 64.08 OK
r-release-osx-x86_64-mavericks 2.0.8 ERROR
r-release-osx-x86_64-snowleopard 2.0.8 ERROR
r-release-windows-ix86+x86_64 2.0.8 19.00 490.00 509.00 NOTE
r-oldrel-windows-ix86+x86_64 2.0.8 21.00 426.00 447.00 NOTE

Check Details

Version: 2.0.8
Check: installed package size
Result: NOTE
     installed size is 12.9Mb
     sub-directories of 1Mb or more:
     libs 12.4Mb
Flavors: r-devel-windows-ix86+x86_64, r-release-windows-ix86+x86_64, r-oldrel-windows-ix86+x86_64

Version: 2.0.8
Check: whether package can be installed
Result: ERROR
    Installation failed.
Flavors: r-release-osx-x86_64-mavericks, r-release-osx-x86_64-snowleopard