CRAN Package Check Results for Package sybilSBML

Last updated on 2014-07-22 19:47:59.

Flavor Version Tinstall Tcheck Ttotal Status Flags
r-devel-linux-x86_64-debian-clang 2.0.8 6.50 56.80 63.30 OK
r-devel-linux-x86_64-debian-gcc 2.0.8 6.27 54.59 60.86 OK
r-devel-linux-x86_64-fedora-clang 2.0.8 85.04 OK
r-devel-linux-x86_64-fedora-gcc 2.0.8 83.62 OK
r-devel-osx-x86_64-clang 2.0.8 64.34 OK
r-devel-windows-ix86+x86_64 2.0.8 22.00 523.00 545.00 NOTE
r-patched-linux-x86_64 2.0.8 6.60 55.59 62.19 OK
r-patched-solaris-sparc 2.0.8 731.80 OK
r-patched-solaris-x86 2.0.8 209.20 OK
r-release-linux-ix86 2.0.8 8.57 69.64 78.21 OK
r-release-linux-x86_64 2.0.8 6.41 57.18 63.59 OK
r-release-osx-x86_64-mavericks 2.0.8 ERROR
r-release-osx-x86_64-snowleopard 2.0.8 ERROR
r-release-windows-ix86+x86_64 2.0.8 20.00 532.00 552.00 NOTE
r-oldrel-windows-ix86+x86_64 2.0.8 19.00 464.00 483.00 NOTE

Check Details

Version: 2.0.8
Check: installed package size
Result: NOTE
     installed size is 12.9Mb
     sub-directories of 1Mb or more:
     libs 12.4Mb
Flavors: r-devel-windows-ix86+x86_64, r-release-windows-ix86+x86_64, r-oldrel-windows-ix86+x86_64

Version: 2.0.8
Check: whether package can be installed
Result: ERROR
    Installation failed.
    See ‘/Builds/CRAN-QA-Simon/packages/mavericks-x86_64/results/3.1/sybilSBML.Rcheck/00install.out’ for details.
Flavor: r-release-osx-x86_64-mavericks

Version: 2.0.8
Check: whether package can be installed
Result: ERROR
    Installation failed.
    See ‘/Volumes/XT3/Builds/R-dev-web/QA/Simon/packages/snowleopard-x86_64/results/3.1/sybilSBML.Rcheck/00install.out’ for details.
Flavor: r-release-osx-x86_64-snowleopard