CRAN Package Check Results for Package sybilSBML

Last updated on 2016-06-01 06:49:18.

Flavor Version Tinstall Tcheck Ttotal Status Flags
r-devel-linux-x86_64-debian-gcc 2.0.10 6.57 46.72 53.29 OK
r-devel-linux-x86_64-fedora-clang 2.0.10 97.39 OK
r-devel-linux-x86_64-fedora-gcc 2.0.10 93.85 OK
r-devel-osx-x86_64-clang 2.0.10 108.01 OK
r-devel-windows-ix86+x86_64 2.0.10 23.00 125.00 148.00 NOTE
r-patched-linux-x86_64 2.0.10 6.19 45.41 51.60 OK
r-patched-solaris-sparc 2.0.10 577.00 OK
r-patched-solaris-x86 2.0.10 129.70 OK
r-release-linux-x86_64 2.0.10 5.77 43.19 48.96 OK
r-release-osx-x86_64-mavericks 2.0.10 ERROR
r-release-windows-ix86+x86_64 2.0.10 24.00 125.00 149.00 NOTE
r-oldrel-windows-ix86+x86_64 2.0.10 19.00 598.00 617.00 NOTE

Check Details

Version: 2.0.10
Check: installed package size
Result: NOTE
     installed size is 12.9Mb
     sub-directories of 1Mb or more:
     libs 12.4Mb
Flavors: r-devel-windows-ix86+x86_64, r-release-windows-ix86+x86_64, r-oldrel-windows-ix86+x86_64

Version: 2.0.10
Check: whether package can be installed
Result: ERROR
    Installation failed.
Flavor: r-release-osx-x86_64-mavericks