CRAN Package Check Results for Package sybilSBML

Last updated on 2018-06-23 16:47:02 CEST.

Flavor Version Tinstall Tcheck Ttotal Status Flags
r-oldrel-osx-x86_64 3.0.1 ERROR

Check Details

Version: 3.0.1
Check: whether package can be installed
Result: ERROR
    Installation failed.
Flavor: r-oldrel-osx-x86_64