CRAN Package Check Results for Package sybilSBML

Last updated on 2015-03-30 23:48:00.

Flavor Version Tinstall Tcheck Ttotal Status Flags
r-devel-linux-x86_64-debian-clang 2.0.8 5.94 48.11 54.04 NOTE
r-devel-linux-x86_64-debian-gcc 2.0.8 5.31 46.92 52.22 NOTE
r-devel-linux-x86_64-fedora-clang 2.0.8 112.93 NOTE
r-devel-linux-x86_64-fedora-gcc 2.0.8 107.58 NOTE
r-devel-osx-x86_64-clang 2.0.8 112.52 NOTE
r-prerel-windows-ix86+x86_64 2.0.8 18.00 489.00 507.00 NOTE
r-prerel-linux-x86_64 2.0.8 6.19 46.47 52.66 NOTE
r-prerel-solaris-sparc 2.0.8 604.40 NOTE
r-prerel-solaris-x86 2.0.8 157.50 NOTE
r-release-linux-x86_64 2.0.8 7.87 56.78 64.65 OK
r-release-osx-x86_64-mavericks 2.0.8 ERROR
r-release-osx-x86_64-snowleopard 2.0.8 ERROR
r-release-windows-ix86+x86_64 2.0.8 19.00 518.00 537.00 NOTE
r-oldrel-windows-ix86+x86_64 2.0.8 19.00 601.00 620.00 NOTE

Check Details

Version: 2.0.8
Check: DESCRIPTION meta-information
Result: NOTE
    Malformed Description field: should contain one or more complete sentences.
Flavors: r-devel-linux-x86_64-debian-clang, r-devel-linux-x86_64-debian-gcc, r-devel-linux-x86_64-fedora-clang, r-devel-linux-x86_64-fedora-gcc, r-devel-osx-x86_64-clang, r-prerel-windows-ix86+x86_64, r-prerel-linux-x86_64, r-prerel-solaris-sparc, r-prerel-solaris-x86

Version: 2.0.8
Check: installed package size
Result: NOTE
     installed size is 12.9Mb
     sub-directories of 1Mb or more:
     libs 12.4Mb
Flavors: r-prerel-windows-ix86+x86_64, r-release-windows-ix86+x86_64, r-oldrel-windows-ix86+x86_64

Version: 2.0.8
Check: whether package can be installed
Result: ERROR
    Installation failed.
Flavors: r-release-osx-x86_64-mavericks, r-release-osx-x86_64-snowleopard