CRAN Package Check Results for Package sybilSBML

Last updated on 2015-05-25 03:47:53.

Flavor Version Tinstall Tcheck Ttotal Status Flags
r-devel-linux-x86_64-debian-clang 2.0.8 5.78 48.64 54.42 NOTE
r-devel-linux-x86_64-debian-gcc 2.0.8 5.14 47.24 52.37 NOTE
r-devel-linux-x86_64-fedora-clang 2.0.8 113.08 NOTE
r-devel-linux-x86_64-fedora-gcc 2.0.8 106.47 NOTE
r-devel-osx-x86_64-clang 2.0.8 104.82 NOTE
r-devel-windows-ix86+x86_64 2.0.8 19.00 501.00 520.00 NOTE
r-patched-linux-x86_64 2.0.8 5.29 46.89 52.18 NOTE
r-patched-solaris-sparc 2.0.8 655.00 NOTE
r-patched-solaris-x86 2.0.8 166.40 NOTE
r-release-linux-x86_64 2.0.8 5.46 46.96 52.42 NOTE
r-release-osx-x86_64-mavericks 2.0.8 ERROR
r-release-osx-x86_64-snowleopard 2.0.8 ERROR
r-release-windows-ix86+x86_64 2.0.8 18.00 496.00 514.00 NOTE
r-oldrel-windows-ix86+x86_64 2.0.8 23.00 572.00 595.00 NOTE

Check Details

Version: 2.0.8
Check: DESCRIPTION meta-information
Result: NOTE
    Malformed Description field: should contain one or more complete sentences.
Flavors: r-devel-linux-x86_64-debian-clang, r-devel-linux-x86_64-debian-gcc, r-devel-linux-x86_64-fedora-clang, r-devel-linux-x86_64-fedora-gcc, r-devel-osx-x86_64-clang, r-devel-windows-ix86+x86_64, r-patched-linux-x86_64, r-patched-solaris-sparc, r-patched-solaris-x86, r-release-linux-x86_64, r-release-windows-ix86+x86_64

Version: 2.0.8
Check: installed package size
Result: NOTE
     installed size is 12.9Mb
     sub-directories of 1Mb or more:
     libs 12.4Mb
Flavors: r-devel-windows-ix86+x86_64, r-release-windows-ix86+x86_64, r-oldrel-windows-ix86+x86_64

Version: 2.0.8
Check: whether package can be installed
Result: ERROR
    Installation failed.
Flavors: r-release-osx-x86_64-mavericks, r-release-osx-x86_64-snowleopard