CRAN Package Check Results for Package sybilSBML

Last updated on 2016-08-24 09:47:22.

Flavor Version Tinstall Tcheck Ttotal Status Flags
r-devel-linux-x86_64-debian-clang 2.0.11 6.72 46.19 52.90 OK
r-devel-linux-x86_64-debian-gcc 2.0.11 6.16 46.06 52.21 OK
r-devel-linux-x86_64-fedora-clang 2.0.11 103.65 OK
r-devel-linux-x86_64-fedora-gcc 2.0.11 98.53 OK
r-devel-osx-x86_64-clang 2.0.11 83.80 OK
r-devel-windows-ix86+x86_64 2.0.11 21.00 127.00 148.00 NOTE
r-patched-linux-x86_64 2.0.11 5.83 43.85 49.68 OK
r-patched-solaris-sparc 2.0.11 578.40 OK
r-patched-solaris-x86 2.0.11 128.80 OK
r-release-linux-x86_64 2.0.11 6.07 44.44 50.51 OK
r-release-osx-x86_64-mavericks 2.0.11 ERROR
r-release-windows-ix86+x86_64 2.0.11 21.00 122.00 143.00 NOTE
r-oldrel-windows-ix86+x86_64 2.0.11 22.00 504.00 526.00 NOTE

Check Details

Version: 2.0.11
Check: installed package size
Result: NOTE
     installed size is 12.9Mb
     sub-directories of 1Mb or more:
     libs 12.4Mb
Flavors: r-devel-windows-ix86+x86_64, r-release-windows-ix86+x86_64, r-oldrel-windows-ix86+x86_64

Version: 2.0.11
Check: whether package can be installed
Result: ERROR
    Installation failed.
Flavor: r-release-osx-x86_64-mavericks