CRAN Package Check Results for Package sybilSBML

Last updated on 2017-07-23 17:47:40.

Flavor Version Tinstall Tcheck Ttotal Status Flags
r-devel-linux-x86_64-debian-clang 3.0.1 7.71 55.64 63.35 OK
r-devel-linux-x86_64-debian-gcc 3.0.1 6.84 56.66 63.50 OK
r-devel-windows-ix86+x86_64 3.0.1 4.00 4.00 8.00 ERROR
r-patched-linux-x86_64 3.0.1 6.63 56.68 63.31 OK
r-release-linux-x86_64 3.0.1 7.00 55.82 62.82 OK
r-release-windows-ix86+x86_64 3.0.1 3.00 5.00 8.00 ERROR
r-release-osx-x86_64 3.0.1 ERROR
r-oldrel-windows-ix86+x86_64 3.0.1 4.00 6.00 10.00 ERROR
r-oldrel-osx-x86_64 3.0.1 ERROR

Check Details

Version: 3.0.1
Check: whether package can be installed
Result: ERROR
    Installation failed.
Flavors: r-devel-windows-ix86+x86_64, r-release-windows-ix86+x86_64, r-release-osx-x86_64, r-oldrel-windows-ix86+x86_64, r-oldrel-osx-x86_64