CRAN Package Check Results for Package sybilSBML

Last updated on 2017-09-21 17:48:40.

Flavor Version Tinstall Tcheck Ttotal Status Flags
r-devel-linux-x86_64-debian-clang 3.0.1 7.40 48.11 55.51 OK
r-devel-linux-x86_64-debian-gcc 3.0.1 6.87 47.22 54.09 OK
r-devel-windows-ix86+x86_64 3.0.1 2.00 4.00 6.00 ERROR
r-patched-linux-x86_64 3.0.1 7.22 48.84 56.06 OK
r-release-linux-x86_64 3.0.1 6.97 48.37 55.34 OK
r-release-windows-ix86+x86_64 3.0.1 2.00 4.00 6.00 ERROR
r-release-osx-x86_64 3.0.1 ERROR
r-oldrel-windows-ix86+x86_64 3.0.1 2.00 3.00 5.00 ERROR
r-oldrel-osx-x86_64 3.0.1 ERROR

Check Details

Version: 3.0.1
Check: whether package can be installed
Result: ERROR
    Installation failed.
Flavors: r-devel-windows-ix86+x86_64, r-release-windows-ix86+x86_64, r-release-osx-x86_64, r-oldrel-windows-ix86+x86_64, r-oldrel-osx-x86_64