CRAN Package Check Results for Package sybilSBML

Last updated on 2015-09-05 12:49:42.

Flavor Version Tinstall Tcheck Ttotal Status Flags
r-devel-linux-x86_64-debian-clang 2.0.10 5.84 44.90 50.74 OK
r-devel-linux-x86_64-debian-gcc 2.0.10 5.14 44.95 50.09 OK
r-devel-linux-x86_64-fedora-clang 2.0.10 108.11 OK
r-devel-linux-x86_64-fedora-gcc 2.0.10 104.73 OK
r-devel-osx-x86_64-clang 2.0.10 86.11 OK
r-devel-windows-ix86+x86_64 2.0.10 27.00 523.00 550.00 NOTE
r-patched-linux-x86_64 2.0.10 5.93 48.20 54.14 OK
r-patched-solaris-sparc 2.0.10 631.70 OK
r-patched-solaris-x86 2.0.10 165.20 OK
r-release-linux-x86_64 2.0.10 5.76 47.52 53.29 OK
r-release-osx-x86_64-mavericks 2.0.10 ERROR
r-release-windows-ix86+x86_64 2.0.10 26.00 534.00 560.00 NOTE
r-oldrel-windows-ix86+x86_64 2.0.10 21.00 549.00 570.00 NOTE

Check Details

Version: 2.0.10
Check: installed package size
Result: NOTE
     installed size is 12.9Mb
     sub-directories of 1Mb or more:
     libs 12.4Mb
Flavors: r-devel-windows-ix86+x86_64, r-release-windows-ix86+x86_64, r-oldrel-windows-ix86+x86_64

Version: 2.0.10
Check: whether package can be installed
Result: ERROR
    Installation failed.
Flavor: r-release-osx-x86_64-mavericks