CRAN Package Check Results for Package sybilccFBA

Last updated on 2020-06-01 20:50:48 CEST.

Flavor Version Tinstall Tcheck Ttotal Status Flags
r-devel-linux-x86_64-debian-clang 3.0.1 18.96 89.79 108.75 OK
r-devel-linux-x86_64-debian-gcc 3.0.1 13.25 70.69 83.94 OK
r-devel-linux-x86_64-fedora-clang 3.0.1 147.48 NOTE
r-devel-linux-x86_64-fedora-gcc 3.0.1 131.89 NOTE
r-devel-windows-ix86+x86_64 3.0.1 33.00 132.00 165.00 NOTE
r-patched-linux-x86_64 3.0.1 15.64 89.89 105.53 OK
r-patched-solaris-x86 3.0.1 189.00 NOTE
r-release-linux-x86_64 3.0.1 14.93 90.52 105.45 OK
r-release-osx-x86_64 3.0.1 NOTE
r-release-windows-ix86+x86_64 3.0.1 27.00 128.00 155.00 NOTE
r-oldrel-osx-x86_64 3.0.1 NOTE
r-oldrel-windows-ix86+x86_64 3.0.1 33.00 94.00 127.00 NOTE

Check Details

Version: 3.0.1
Check: package dependencies
Result: NOTE
    Package suggested but not available for checking: ‘cplexAPI’
Flavors: r-devel-linux-x86_64-fedora-clang, r-devel-linux-x86_64-fedora-gcc, r-devel-windows-ix86+x86_64, r-patched-solaris-x86, r-release-osx-x86_64, r-release-windows-ix86+x86_64, r-oldrel-osx-x86_64, r-oldrel-windows-ix86+x86_64

Version: 3.0.1
Check: installed package size
Result: NOTE
     installed size is 5.2Mb
     sub-directories of 1Mb or more:
     extdata 4.2Mb
Flavors: r-devel-linux-x86_64-fedora-clang, r-devel-windows-ix86+x86_64, r-patched-solaris-x86, r-release-osx-x86_64, r-release-windows-ix86+x86_64, r-oldrel-osx-x86_64, r-oldrel-windows-ix86+x86_64

Version: 3.0.1
Check: data for non-ASCII characters
Result: NOTE
     Note: found 1 marked UTF-8 string
Flavors: r-devel-linux-x86_64-fedora-clang, r-devel-linux-x86_64-fedora-gcc, r-patched-solaris-x86, r-release-osx-x86_64, r-oldrel-osx-x86_64