CRAN Package Check Results for Package sybilccFBA

Last updated on 2021-11-30 02:51:15 CET.

Flavor Version Tinstall Tcheck Ttotal Status Flags
r-devel-linux-x86_64-debian-clang 3.0.1 15.10 93.10 108.20 NOTE
r-devel-linux-x86_64-debian-gcc 3.0.1 13.73 72.12 85.85 NOTE
r-devel-linux-x86_64-fedora-clang 3.0.1 161.23 NOTE
r-devel-linux-x86_64-fedora-gcc 3.0.1 135.54 NOTE
r-devel-windows-x86_64-new-UL 3.0.1 29.00 129.00 158.00 NOTE
r-devel-windows-x86_64-new-TK 3.0.1 NOTE
r-devel-windows-x86_64-old 3.0.1 26.00 89.00 115.00 NOTE
r-patched-linux-x86_64 3.0.1 17.75 91.12 108.87 NOTE
r-patched-solaris-x86 3.0.1 186.90 NOTE
r-release-linux-x86_64 3.0.1 12.49 92.08 104.57 NOTE
r-release-macos-arm64 3.0.1 NOTE
r-release-macos-x86_64 3.0.1 NOTE
r-release-windows-ix86+x86_64 3.0.1 32.00 87.00 119.00 NOTE
r-oldrel-macos-x86_64 3.0.1 NOTE
r-oldrel-windows-ix86+x86_64 3.0.1 20.00 115.00 135.00 NOTE

Check Details

Version: 3.0.1
Check: package dependencies
Result: NOTE
    Package suggested but not available for checking: 'cplexAPI'
Flavors: r-devel-linux-x86_64-debian-clang, r-devel-linux-x86_64-debian-gcc, r-devel-linux-x86_64-fedora-clang, r-devel-linux-x86_64-fedora-gcc, r-devel-windows-x86_64-new-UL, r-devel-windows-x86_64-new-TK, r-devel-windows-x86_64-old, r-patched-linux-x86_64, r-patched-solaris-x86, r-release-linux-x86_64, r-release-macos-arm64, r-release-macos-x86_64, r-release-windows-ix86+x86_64, r-oldrel-macos-x86_64, r-oldrel-windows-ix86+x86_64

Version: 3.0.1
Check: installed package size
Result: NOTE
     installed size is 5.2Mb
     sub-directories of 1Mb or more:
     extdata 4.2Mb
Flavors: r-devel-linux-x86_64-fedora-clang, r-devel-windows-x86_64-new-UL, r-devel-windows-x86_64-old, r-patched-solaris-x86, r-release-macos-arm64, r-release-macos-x86_64, r-release-windows-ix86+x86_64, r-oldrel-macos-x86_64, r-oldrel-windows-ix86+x86_64

Version: 3.0.1
Check: data for non-ASCII characters
Result: NOTE
     Note: found 1 marked UTF-8 string
Flavors: r-devel-linux-x86_64-fedora-clang, r-devel-linux-x86_64-fedora-gcc, r-devel-windows-x86_64-new-TK, r-patched-solaris-x86, r-release-macos-arm64, r-release-macos-x86_64, r-oldrel-macos-x86_64