CRAN Package Check Results for Package symbolicDA

Last updated on 2014-09-02 15:49:09.

Flavor Version Tinstall Tcheck Ttotal Status Flags
r-devel-linux-x86_64-debian-clang 0.4-1 2.16 232.07 234.22 NOTE
r-devel-linux-x86_64-debian-gcc 0.4-1 2.01 226.17 228.18 NOTE
r-devel-linux-x86_64-fedora-clang 0.4-1 486.59 NOTE
r-devel-linux-x86_64-fedora-gcc 0.4-1 465.67 NOTE
r-devel-osx-x86_64-clang 0.4-1 345.85 NOTE
r-devel-windows-ix86+x86_64 0.4-1 7.00 344.00 351.00 NOTE
r-patched-linux-x86_64 0.4-1 1.99 270.86 272.85 OK
r-patched-solaris-sparc 0.4-1 2926.90 OK
r-patched-solaris-x86 0.4-1 539.00 OK
r-release-linux-ix86 0.4-1 2.72 300.84 303.56 OK
r-release-linux-x86_64 0.4-1 2.12 270.80 272.92 OK
r-release-osx-x86_64-mavericks 0.4-1 OK
r-release-osx-x86_64-snowleopard 0.4-1 OK
r-release-windows-ix86+x86_64 0.4-1 7.00 407.00 414.00 OK
r-oldrel-windows-ix86+x86_64 0.4-1 9.00 345.00 354.00 OK

Check Details

Version: 0.4-1
Check: R code for possible problems
Result: NOTE
    .clust: no visible global function definition for ‘pam’
    .clust: no visible global function definition for ‘diana’
    HINoV.SDA: no visible global function definition for ‘pam’
Flavors: r-devel-linux-x86_64-debian-clang, r-devel-linux-x86_64-debian-gcc, r-devel-linux-x86_64-fedora-clang, r-devel-linux-x86_64-fedora-gcc, r-devel-osx-x86_64-clang, r-devel-windows-ix86+x86_64