CRAN Package Check Results for Package symbolicDA

Last updated on 2020-01-27 19:46:59 CET.

Flavor Version Tinstall Tcheck Ttotal Status Flags
r-devel-linux-x86_64-debian-clang 0.6-2 21.24 538.14 559.38 OK
r-devel-linux-x86_64-debian-gcc 0.6-2 18.31 382.23 400.54 OK
r-devel-linux-x86_64-fedora-clang 0.6-2 586.25 OK
r-devel-linux-x86_64-fedora-gcc 0.6-2 587.19 OK
r-devel-windows-ix86+x86_64 0.6-2 70.00 210.00 280.00 OK --no-examples --no-tests --no-vignettes
r-devel-windows-ix86+x86_64-gcc8 0.6-2 76.00 211.00 287.00 OK --no-examples --no-tests --no-vignettes
r-patched-linux-x86_64 0.6-2 OK
r-patched-solaris-x86 0.6-2 623.50 OK
r-release-linux-x86_64 0.6-2 18.83 459.84 478.67 OK
r-release-windows-ix86+x86_64 0.6-2 32.00 330.00 362.00 OK --no-examples --no-tests --no-vignettes
r-release-osx-x86_64 0.6-2 WARN
r-oldrel-windows-ix86+x86_64 0.5-3 44.00 148.00 192.00 OK --no-examples --no-tests --no-vignettes
r-oldrel-osx-x86_64 0.6-2 ERROR

Check Details

Version: 0.6-2
Check: whether package can be installed
Result: WARN
    Found the following significant warnings:
     Warning: 'rgl_init' failed, running with rgl.useNULL = TRUE
Flavor: r-release-osx-x86_64

Version: 0.6-2
Check: dependencies in R code
Result: NOTE
    No protocol specified
Flavor: r-release-osx-x86_64

Version: 0.6-2
Check: S3 generic/method consistency
Result: WARN
    No protocol specified
    See section ‘Generic functions and methods’ in the ‘Writing R
    Extensions’ manual.
Flavor: r-release-osx-x86_64

Version: 0.6-2
Check: replacement functions
Result: WARN
    No protocol specified
    The argument of a replacement function which corresponds to the right
    hand side must be named ‘value’.
Flavor: r-release-osx-x86_64

Version: 0.6-2
Check: foreign function calls
Result: NOTE
    No protocol specified
    See chapter ‘System and foreign language interfaces’ in the ‘Writing R
    Extensions’ manual.
Flavor: r-release-osx-x86_64

Version: 0.6-2
Check: R code for possible problems
Result: NOTE
    No protocol specified
Flavor: r-release-osx-x86_64

Version: 0.6-2
Check: for missing documentation entries
Result: WARN
    No protocol specified
    All user-level objects in a package should have documentation entries.
    See chapter ‘Writing R documentation files’ in the ‘Writing R
    Extensions’ manual.
Flavor: r-release-osx-x86_64

Version: 0.6-2
Check: for code/documentation mismatches
Result: WARN
    No protocol specified
    No protocol specified
    No protocol specified
Flavor: r-release-osx-x86_64

Version: 0.6-2
Check: Rd \usage sections
Result: NOTE
    No protocol specified
    The \usage entries for S3 methods should use the \method markup and not
    their full name.
    See chapter ‘Writing R documentation files’ in the ‘Writing R
    Extensions’ manual.
Flavor: r-release-osx-x86_64

Version: 0.6-2
Check: whether package can be installed
Result: ERROR
    Installation failed.
Flavor: r-oldrel-osx-x86_64