CRAN Package Check Results for Package symbolicDA

Last updated on 2014-08-21 05:47:05.

Flavor Version Tinstall Tcheck Ttotal Status Flags
r-devel-linux-x86_64-debian-clang 0.4-1 2.01 227.31 229.32 OK
r-devel-linux-x86_64-debian-gcc 0.4-1 2.10 221.49 223.59 OK
r-devel-linux-x86_64-fedora-clang 0.4-1 489.56 NOTE
r-devel-linux-x86_64-fedora-gcc 0.4-1 487.11 NOTE
r-devel-osx-x86_64-clang 0.4-1 343.81 NOTE
r-devel-windows-ix86+x86_64 0.4-1 8.00 348.00 356.00 OK
r-patched-linux-x86_64 0.4-1 2.02 263.09 265.11 OK
r-patched-solaris-sparc 0.4-1 2926.90 OK
r-patched-solaris-x86 0.4-1 533.30 OK
r-release-linux-ix86 0.4-1 2.82 303.02 305.84 OK
r-release-linux-x86_64 0.4-1 2.09 270.84 272.93 OK
r-release-osx-x86_64-mavericks 0.4-1 OK
r-release-osx-x86_64-snowleopard 0.4-1 OK
r-release-windows-ix86+x86_64 0.4-1 8.00 424.00 432.00 OK
r-oldrel-windows-ix86+x86_64 0.4-1 9.00 355.00 364.00 OK

Check Details

Version: 0.4-1
Check: R code for possible problems
Result: NOTE
    .clust: no visible global function definition for ‘pam’
    .clust: no visible global function definition for ‘diana’
    HINoV.SDA: no visible global function definition for ‘pam’
Flavors: r-devel-linux-x86_64-fedora-clang, r-devel-linux-x86_64-fedora-gcc, r-devel-osx-x86_64-clang