CRAN Package Check Results for Package symbolicDA

Last updated on 2014-11-24 19:50:35.

Flavor Version Tinstall Tcheck Ttotal Status Flags
r-devel-linux-x86_64-debian-clang 0.4-1 2.16 216.52 218.68 NOTE
r-devel-linux-x86_64-debian-gcc 0.4-1 2.02 207.90 209.93 NOTE
r-devel-linux-x86_64-fedora-clang 0.4-1 441.40 NOTE
r-devel-linux-x86_64-fedora-gcc 0.4-1 418.27 NOTE
r-devel-osx-x86_64-clang 0.4-1 346.18 NOTE
r-devel-windows-ix86+x86_64 0.4-1 8.00 285.00 293.00 NOTE
r-patched-linux-x86_64 0.4-1 2.63 269.68 272.31 NOTE
r-patched-solaris-sparc 0.4-1 2569.70 NOTE
r-patched-solaris-x86 0.4-1 467.20 NOTE
r-release-linux-ix86 0.4-1 3.31 291.78 295.09 NOTE
r-release-linux-x86_64 0.4-1 2.02 275.38 277.40 NOTE
r-release-osx-x86_64-mavericks 0.4-1 OK
r-release-osx-x86_64-snowleopard 0.4-1 OK
r-release-windows-ix86+x86_64 0.4-1 9.00 414.00 423.00 NOTE
r-oldrel-windows-ix86+x86_64 0.4-1 8.00 370.00 378.00 OK

Check Details

Version: 0.4-1
Check: R code for possible problems
Result: NOTE
    .clust: no visible global function definition for ‘pam’
    .clust: no visible global function definition for ‘diana’
    HINoV.SDA: no visible global function definition for ‘pam’
Flavors: r-devel-linux-x86_64-debian-clang, r-devel-linux-x86_64-debian-gcc, r-devel-linux-x86_64-fedora-clang, r-devel-linux-x86_64-fedora-gcc, r-devel-osx-x86_64-clang, r-devel-windows-ix86+x86_64, r-patched-linux-x86_64, r-patched-solaris-sparc, r-patched-solaris-x86, r-release-linux-ix86, r-release-linux-x86_64, r-release-windows-ix86+x86_64