CRAN Package Check Results for Package symbolicDA

Last updated on 2016-06-30 21:47:00.

Flavor Version Tinstall Tcheck Ttotal Status Flags
r-devel-linux-x86_64-debian-gcc 0.4-2 2.58 207.84 210.41 NOTE
r-devel-linux-x86_64-fedora-clang 0.4-2 385.19 NOTE
r-devel-linux-x86_64-fedora-gcc 0.4-2 371.17 NOTE
r-devel-osx-x86_64-clang 0.4-2 294.89 NOTE
r-devel-windows-ix86+x86_64 0.4-2 9.00 83.00 92.00 NOTE --no-examples --no-tests --no-vignettes
r-patched-linux-x86_64 0.4-2 2.61 211.35 213.96 NOTE
r-patched-solaris-sparc 0.4-2 2270.20 NOTE
r-patched-solaris-x86 0.4-2 373.10 NOTE
r-release-linux-x86_64 0.4-2 2.06 200.25 202.31 NOTE
r-release-osx-x86_64-mavericks 0.4-2 WARN
r-release-windows-ix86+x86_64 0.4-2 12.00 57.00 69.00 NOTE --no-examples --no-tests --no-vignettes
r-oldrel-windows-ix86+x86_64 0.4-2 14.00 82.00 96.00 OK --no-examples --no-tests --no-vignettes

Check Details

Version: 0.4-2
Check: R code for possible problems
Result: NOTE
    .clust: no visible global function definition for ‘cutree’
    .clust: no visible global function definition for ‘as.hclust’
    .clust: no visible global function definition for ‘hclust’
    .los: no visible global function definition for ‘rnorm’
    .parseFormula: no visible global function definition for ‘terms’
    .parseFormula: no visible global function definition for ‘formula’
    .plot.decisionTree.SDA: no visible global function definition for
     ‘plot’
    .plot.decisionTree.SDA: no visible global function definition for
     ‘rect’
    .plot.decisionTree.SDA: no visible global function definition for
     ‘text’
    .plot.decisionTree.SDA: no visible global function definition for
     ‘lines’
    .zoomStar: no visible global function definition for ‘plot’
    .zoomStar: no visible global function definition for ‘lines’
    .zoomStar: no visible global function definition for ‘text’
    .zoomStar: no visible global function definition for ‘polygon’
    .zoomStar: no visible global function definition for ‘points’
    HINoV.SDA: no visible global function definition for ‘cutree’
    HINoV.SDA: no visible global function definition for ‘hclust’
    IchinoFS.SDA: no visible global function definition for ‘plot’
    IchinoFS.SDA: no visible global function definition for ‘segments’
    IchinoFS.SDA: no visible global function definition for ‘text’
    PCA.centers.SDA: no visible global function definition for ‘cor’
    PCA.mrpca.SDA: no visible global function definition for ‘prcomp’
    PCA.vertices.SDA: no visible global function definition for ‘cor’
    bagging.SDA: no visible global function definition for ‘as.formula’
    boosting.SDA: no visible global function definition for ‘as.formula’
    dist.SDA: no visible global function definition for ‘as.dist’
    generate.SO: no visible global function definition for ‘rnorm’
    kohonen.SDA: no visible global function definition for ‘dist’
    kohonen.SDA: no visible global function definition for ‘plot’
    kohonen.SDA: no visible global function definition for ‘segments’
    kohonen.SDA: no visible global function definition for ‘text’
    replication.SDA: no visible global function definition for ‘as.dist’
    symscal.SDA: no visible global function definition for ‘rnorm’
    Undefined global functions or variables:
     as.dist as.formula as.hclust cor cutree dist formula hclust lines
     plot points polygon prcomp rect rnorm segments terms text
    Consider adding
     importFrom("graphics", "lines", "plot", "points", "polygon", "rect",
     "segments", "text")
     importFrom("stats", "as.dist", "as.formula", "as.hclust", "cor",
     "cutree", "dist", "formula", "hclust", "prcomp", "rnorm",
     "terms")
    to your NAMESPACE file.
Flavors: r-devel-linux-x86_64-debian-gcc, r-devel-linux-x86_64-fedora-clang, r-devel-linux-x86_64-fedora-gcc, r-devel-osx-x86_64-clang, r-patched-linux-x86_64, r-patched-solaris-sparc, r-patched-solaris-x86, r-release-linux-x86_64

Version: 0.4-2
Flags: --no-examples --no-tests --no-vignettes
Check: R code for possible problems
Result: NOTE
    .clust: no visible global function definition for 'cutree'
    .clust: no visible global function definition for 'as.hclust'
    .clust: no visible global function definition for 'hclust'
    .los: no visible global function definition for 'rnorm'
    .parseFormula: no visible global function definition for 'terms'
    .parseFormula: no visible global function definition for 'formula'
    .plot.decisionTree.SDA: no visible global function definition for
     'plot'
    .plot.decisionTree.SDA: no visible global function definition for
     'rect'
    .plot.decisionTree.SDA: no visible global function definition for
     'text'
    .plot.decisionTree.SDA: no visible global function definition for
     'lines'
    .zoomStar: no visible global function definition for 'plot'
    .zoomStar: no visible global function definition for 'lines'
    .zoomStar: no visible global function definition for 'text'
    .zoomStar: no visible global function definition for 'polygon'
    .zoomStar: no visible global function definition for 'points'
    HINoV.SDA: no visible global function definition for 'cutree'
    HINoV.SDA: no visible global function definition for 'hclust'
    IchinoFS.SDA: no visible global function definition for 'plot'
    IchinoFS.SDA: no visible global function definition for 'segments'
    IchinoFS.SDA: no visible global function definition for 'text'
    PCA.centers.SDA: no visible global function definition for 'cor'
    PCA.mrpca.SDA: no visible global function definition for 'prcomp'
    PCA.vertices.SDA: no visible global function definition for 'cor'
    bagging.SDA: no visible global function definition for 'as.formula'
    boosting.SDA: no visible global function definition for 'as.formula'
    dist.SDA: no visible global function definition for 'as.dist'
    generate.SO: no visible global function definition for 'rnorm'
    kohonen.SDA: no visible global function definition for 'dist'
    kohonen.SDA: no visible global function definition for 'plot'
    kohonen.SDA: no visible global function definition for 'segments'
    kohonen.SDA: no visible global function definition for 'text'
    replication.SDA: no visible global function definition for 'as.dist'
    symscal.SDA: no visible global function definition for 'rnorm'
    Undefined global functions or variables:
     as.dist as.formula as.hclust cor cutree dist formula hclust lines
     plot points polygon prcomp rect rnorm segments terms text
    Consider adding
     importFrom("graphics", "lines", "plot", "points", "polygon", "rect",
     "segments", "text")
     importFrom("stats", "as.dist", "as.formula", "as.hclust", "cor",
     "cutree", "dist", "formula", "hclust", "prcomp", "rnorm",
     "terms")
    to your NAMESPACE file.
Flavors: r-devel-windows-ix86+x86_64, r-release-windows-ix86+x86_64

Version: 0.4-2
Check: whether package can be installed
Result: WARN
    Found the following significant warnings:
     Warning: 'rgl_init' failed, running with rgl.useNULL = TRUE
Flavor: r-release-osx-x86_64-mavericks

Version: 0.4-2
Check: dependencies in R code
Result: NOTE
    Invalid MIT-MAGIC-COOKIE-1 key
Flavor: r-release-osx-x86_64-mavericks

Version: 0.4-2
Check: S3 generic/method consistency
Result: WARN
    Invalid MIT-MAGIC-COOKIE-1 key
    See section ‘Generic functions and methods’ in the ‘Writing R
    Extensions’ manual.
Flavor: r-release-osx-x86_64-mavericks

Version: 0.4-2
Check: replacement functions
Result: WARN
    Invalid MIT-MAGIC-COOKIE-1 key
    The argument of a replacement function which corresponds to the right
    hand side must be named ‘value’.
Flavor: r-release-osx-x86_64-mavericks

Version: 0.4-2
Check: foreign function calls
Result: NOTE
    Invalid MIT-MAGIC-COOKIE-1 key
    See chapter ‘System and foreign language interfaces’ in the ‘Writing R
    Extensions’ manual.
Flavor: r-release-osx-x86_64-mavericks

Version: 0.4-2
Check: R code for possible problems
Result: NOTE
    Invalid MIT-MAGIC-COOKIE-1 key.clust: no visible global function definition for ‘cutree’
    .clust: no visible global function definition for ‘as.hclust’
    .clust: no visible global function definition for ‘hclust’
    .los: no visible global function definition for ‘rnorm’
    .parseFormula: no visible global function definition for ‘terms’
    .parseFormula: no visible global function definition for ‘formula’
    .plot.decisionTree.SDA: no visible global function definition for
     ‘plot’
    .plot.decisionTree.SDA: no visible global function definition for
     ‘rect’
    .plot.decisionTree.SDA: no visible global function definition for
     ‘text’
    .plot.decisionTree.SDA: no visible global function definition for
     ‘lines’
    .zoomStar: no visible global function definition for ‘plot’
    .zoomStar: no visible global function definition for ‘lines’
    .zoomStar: no visible global function definition for ‘text’
    .zoomStar: no visible global function definition for ‘polygon’
    .zoomStar: no visible global function definition for ‘points’
    HINoV.SDA: no visible global function definition for ‘cutree’
    HINoV.SDA: no visible global function definition for ‘hclust’
    IchinoFS.SDA: no visible global function definition for ‘plot’
    IchinoFS.SDA: no visible global function definition for ‘segments’
    IchinoFS.SDA: no visible global function definition for ‘text’
    PCA.centers.SDA: no visible global function definition for ‘cor’
    PCA.mrpca.SDA: no visible global function definition for ‘prcomp’
    PCA.vertices.SDA: no visible global function definition for ‘cor’
    bagging.SDA: no visible global function definition for ‘as.formula’
    boosting.SDA: no visible global function definition for ‘as.formula’
    dist.SDA: no visible global function definition for ‘as.dist’
    generate.SO: no visible global function definition for ‘rnorm’
    kohonen.SDA: no visible global function definition for ‘dist’
    kohonen.SDA: no visible global function definition for ‘plot’
    kohonen.SDA: no visible global function definition for ‘segments’
    kohonen.SDA: no visible global function definition for ‘text’
    replication.SDA: no visible global function definition for ‘as.dist’
    symscal.SDA: no visible global function definition for ‘rnorm’
    Undefined global functions or variables:
     as.dist as.formula as.hclust cor cutree dist formula hclust lines
     plot points polygon prcomp rect rnorm segments terms text
    Consider adding
     importFrom("graphics", "lines", "plot", "points", "polygon", "rect",
     "segments", "text")
     importFrom("stats", "as.dist", "as.formula", "as.hclust", "cor",
     "cutree", "dist", "formula", "hclust", "prcomp", "rnorm",
     "terms")
    to your NAMESPACE file.
Flavor: r-release-osx-x86_64-mavericks

Version: 0.4-2
Check: for missing documentation entries
Result: WARN
    Invalid MIT-MAGIC-COOKIE-1 key
    All user-level objects in a package should have documentation entries.
    See chapter ‘Writing R documentation files’ in the ‘Writing R
    Extensions’ manual.
Flavor: r-release-osx-x86_64-mavericks

Version: 0.4-2
Check: for code/documentation mismatches
Result: WARN
    Invalid MIT-MAGIC-COOKIE-1 key
    Invalid MIT-MAGIC-COOKIE-1 key
    Invalid MIT-MAGIC-COOKIE-1 key
Flavor: r-release-osx-x86_64-mavericks

Version: 0.4-2
Check: Rd \usage sections
Result: NOTE
    Invalid MIT-MAGIC-COOKIE-1 key
    The \usage entries for S3 methods should use the \method markup and not
    their full name.
    See chapter ‘Writing R documentation files’ in the ‘Writing R
    Extensions’ manual.
Flavor: r-release-osx-x86_64-mavericks