CRAN Package Check Results for Package symbolicDA

Last updated on 2015-09-05 03:47:21.

Flavor Version Tinstall Tcheck Ttotal Status Flags
r-devel-linux-x86_64-debian-clang 0.4-2 1.94 198.20 200.14 NOTE
r-devel-linux-x86_64-debian-gcc 0.4-2 1.97 185.14 187.11 NOTE
r-devel-linux-x86_64-fedora-clang 0.4-2 389.48 NOTE
r-devel-linux-x86_64-fedora-gcc 0.4-2 365.99 NOTE
r-devel-osx-x86_64-clang 0.4-2 271.27 OK
r-devel-windows-ix86+x86_64 0.4-2 15.00 539.00 554.00 NOTE
r-patched-linux-x86_64 0.4-2 2.15 189.37 191.52 OK
r-patched-solaris-sparc 0.4-2 2313.70 OK
r-patched-solaris-x86 0.4-2 410.60 OK
r-release-linux-x86_64 0.4-2 2.08 202.97 205.05 OK
r-release-osx-x86_64-mavericks 0.4-2 OK
r-release-windows-ix86+x86_64 0.4-2 13.00 706.00 719.00 OK
r-oldrel-windows-ix86+x86_64 0.4-2 12.00 1007.00 1019.00 OK

Check Details

Version: 0.4-2
Check: R code for possible problems
Result: NOTE
    .clust: no visible global function definition for ‘cutree’
    .clust: no visible global function definition for ‘as.hclust’
    .clust: no visible global function definition for ‘hclust’
    .los: no visible global function definition for ‘rnorm’
    .parseFormula: no visible global function definition for ‘terms’
    .parseFormula: no visible global function definition for ‘formula’
    .plot.decisionTree.SDA: no visible global function definition for
     ‘plot’
    .plot.decisionTree.SDA: no visible global function definition for
     ‘rect’
    .plot.decisionTree.SDA: no visible global function definition for
     ‘text’
    .plot.decisionTree.SDA: no visible global function definition for
     ‘lines’
    .zoomStar: no visible global function definition for ‘plot’
    .zoomStar: no visible global function definition for ‘lines’
    .zoomStar: no visible global function definition for ‘text’
    .zoomStar: no visible global function definition for ‘polygon’
    .zoomStar: no visible global function definition for ‘points’
    HINoV.SDA: no visible global function definition for ‘cutree’
    HINoV.SDA: no visible global function definition for ‘hclust’
    IchinoFS.SDA: no visible global function definition for ‘plot’
    IchinoFS.SDA: no visible global function definition for ‘segments’
    IchinoFS.SDA: no visible global function definition for ‘text’
    PCA.centers.SDA: no visible global function definition for ‘cor’
    PCA.mrpca.SDA: no visible global function definition for ‘prcomp’
    PCA.vertices.SDA: no visible global function definition for ‘cor’
    bagging.SDA: no visible global function definition for ‘as.formula’
    boosting.SDA: no visible global function definition for ‘as.formula’
    dist.SDA: no visible global function definition for ‘as.dist’
    generate.SO: no visible global function definition for ‘rnorm’
    kohonen.SDA: no visible global function definition for ‘dist’
    kohonen.SDA: no visible global function definition for ‘plot’
    kohonen.SDA: no visible global function definition for ‘segments’
    kohonen.SDA: no visible global function definition for ‘text’
    replication.SDA: no visible global function definition for ‘as.dist’
    symscal.SDA: no visible global function definition for ‘rnorm’
    Undefined global functions or variables:
     as.dist as.formula as.hclust cor cutree dist formula hclust lines
     plot points polygon prcomp rect rnorm segments terms text
    Consider adding
     importFrom("graphics", "lines", "plot", "points", "polygon", "rect",
     "segments", "text")
     importFrom("stats", "as.dist", "as.formula", "as.hclust", "cor",
     "cutree", "dist", "formula", "hclust", "prcomp", "rnorm",
     "terms")
    to your NAMESPACE.
Flavors: r-devel-linux-x86_64-debian-clang, r-devel-linux-x86_64-debian-gcc, r-devel-linux-x86_64-fedora-clang, r-devel-linux-x86_64-fedora-gcc, r-devel-windows-ix86+x86_64