CRAN Package Check Results for Package symbolicDA

Last updated on 2015-07-05 03:47:47.

Flavor Version Tinstall Tcheck Ttotal Status Flags
r-devel-linux-x86_64-debian-clang 0.4-2 2.04 192.11 194.15 NOTE
r-devel-linux-x86_64-debian-gcc 0.4-2 2.00 198.25 200.25 NOTE
r-devel-linux-x86_64-fedora-clang 0.4-2 391.52 NOTE
r-devel-linux-x86_64-fedora-gcc 0.4-2 367.41 NOTE
r-devel-osx-x86_64-clang 0.4-2 281.07 OK
r-devel-windows-ix86+x86_64 0.4-2 9.00 557.00 566.00 NOTE
r-patched-linux-x86_64 0.4-2 2.00 189.61 191.60 OK
r-patched-solaris-sparc 0.4-2 2278.80 OK
r-patched-solaris-x86 0.4-2 407.60 OK
r-release-linux-x86_64 0.4-2 2.07 196.21 198.28 OK
r-release-osx-x86_64-mavericks 0.4-2 OK
r-release-windows-ix86+x86_64 0.4-2 10.00 519.00 529.00 OK
r-oldrel-windows-ix86+x86_64 0.4-2 11.00 694.00 705.00 OK

Check Details

Version: 0.4-2
Check: R code for possible problems
Result: NOTE
    .clust: no visible global function definition for ‘cutree’
    .clust: no visible global function definition for ‘as.hclust’
    .clust: no visible global function definition for ‘hclust’
    .los: no visible global function definition for ‘rnorm’
    .parseFormula: no visible global function definition for ‘terms’
    .parseFormula: no visible global function definition for ‘formula’
    .plot.decisionTree.SDA: no visible global function definition for
     ‘plot’
    .plot.decisionTree.SDA: no visible global function definition for
     ‘rect’
    .plot.decisionTree.SDA: no visible global function definition for
     ‘text’
    .plot.decisionTree.SDA: no visible global function definition for
     ‘lines’
    .zoomStar: no visible global function definition for ‘plot’
    .zoomStar: no visible global function definition for ‘lines’
    .zoomStar: no visible global function definition for ‘text’
    .zoomStar: no visible global function definition for ‘polygon’
    .zoomStar: no visible global function definition for ‘points’
    HINoV.SDA: no visible global function definition for ‘cutree’
    HINoV.SDA: no visible global function definition for ‘hclust’
    IchinoFS.SDA: no visible global function definition for ‘plot’
    IchinoFS.SDA: no visible global function definition for ‘segments’
    IchinoFS.SDA: no visible global function definition for ‘text’
    PCA.centers.SDA: no visible global function definition for ‘cor’
    PCA.mrpca.SDA: no visible global function definition for ‘prcomp’
    PCA.vertices.SDA: no visible global function definition for ‘cor’
    bagging.SDA: no visible global function definition for ‘as.formula’
    boosting.SDA: no visible global function definition for ‘as.formula’
    dist.SDA: no visible global function definition for ‘as.dist’
    generate.SO: no visible global function definition for ‘rnorm’
    kohonen.SDA: no visible global function definition for ‘dist’
    kohonen.SDA: no visible global function definition for ‘plot’
    kohonen.SDA: no visible global function definition for ‘segments’
    kohonen.SDA: no visible global function definition for ‘text’
    replication.SDA: no visible global function definition for ‘as.dist’
    symscal.SDA: no visible global function definition for ‘rnorm’
    Undefined global functions or variables:
     as.dist as.formula as.hclust cor cutree dist formula hclust lines
     plot points polygon prcomp rect rnorm segments terms text
Flavors: r-devel-linux-x86_64-debian-clang, r-devel-linux-x86_64-debian-gcc, r-devel-linux-x86_64-fedora-clang, r-devel-linux-x86_64-fedora-gcc, r-devel-windows-ix86+x86_64