CRAN Package Check Results for Package symbolicDA

Last updated on 2015-02-26 23:47:58.

Flavor Version Tinstall Tcheck Ttotal Status Flags
r-devel-linux-x86_64-debian-clang 0.4-1 1.60 197.57 199.17 NOTE
r-devel-linux-x86_64-debian-gcc 0.4-1 1.56 186.08 187.64 NOTE
r-devel-linux-x86_64-fedora-clang 0.4-1 398.29 NOTE
r-devel-linux-x86_64-fedora-gcc 0.4-1 374.63 NOTE
r-devel-osx-x86_64-clang 0.4-1 335.66 NOTE
r-devel-windows-ix86+x86_64 0.4-1 9.00 317.00 326.00 NOTE
r-patched-linux-x86_64 0.4-1 2.25 268.73 270.98 NOTE
r-patched-solaris-sparc 0.4-1 2737.60 NOTE
r-patched-solaris-x86 0.4-1 491.30 NOTE
r-release-linux-ix86 0.4-1 2.88 300.58 303.46 NOTE
r-release-linux-x86_64 0.4-1 2.22 0.25 2.47 OK
r-release-osx-x86_64-mavericks 0.4-1 NOTE
r-release-osx-x86_64-snowleopard 0.4-1 OK
r-release-windows-ix86+x86_64 0.4-1 10.00 427.00 437.00 NOTE
r-oldrel-windows-ix86+x86_64 0.4-1 10.00 524.00 534.00 OK

Check Details

Version: 0.4-1
Check: S3 generic/method consistency
Result: NOTE
    Found the following apparent S3 methods exported but not registered:
     summary.symbolic
    See section ‘Registering S3 methods’ in the ‘Writing R Extensions’
    manual.
Flavors: r-devel-linux-x86_64-debian-clang, r-devel-linux-x86_64-debian-gcc, r-devel-linux-x86_64-fedora-clang, r-devel-linux-x86_64-fedora-gcc, r-devel-osx-x86_64-clang

Version: 0.4-1
Check: R code for possible problems
Result: NOTE
    .clust: no visible global function definition for ‘pam’
    .clust: no visible global function definition for ‘diana’
    HINoV.SDA: no visible global function definition for ‘pam’
Flavors: r-devel-linux-x86_64-debian-clang, r-devel-linux-x86_64-debian-gcc, r-devel-linux-x86_64-fedora-clang, r-devel-linux-x86_64-fedora-gcc, r-devel-osx-x86_64-clang, r-devel-windows-ix86+x86_64, r-patched-linux-x86_64, r-patched-solaris-sparc, r-patched-solaris-x86, r-release-linux-ix86, r-release-osx-x86_64-mavericks, r-release-windows-ix86+x86_64