CRAN Package Check Results for Package symbolicDA

Last updated on 2014-12-18 17:51:41.

Flavor Version Tinstall Tcheck Ttotal Status Flags
r-devel-linux-x86_64-debian-clang 0.4-1 2.22 205.63 207.85 NOTE
r-devel-linux-x86_64-debian-gcc 0.4-1 2.65 203.10 205.74 NOTE
r-devel-linux-x86_64-fedora-clang 0.4-1 440.71 NOTE
r-devel-linux-x86_64-fedora-gcc 0.4-1 401.97 NOTE
r-devel-osx-x86_64-clang 0.4-1 360.43 NOTE
r-devel-windows-ix86+x86_64 0.4-1 9.00 163.00 172.00 ERROR
r-patched-linux-x86_64 0.4-1 2.16 259.91 262.07 NOTE
r-patched-solaris-sparc 0.4-1 2569.70 NOTE
r-patched-solaris-x86 0.4-1 491.50 NOTE
r-release-linux-ix86 0.4-1 2.52 293.66 296.18 NOTE
r-release-linux-x86_64 0.4-1 2.16 269.96 272.12 NOTE
r-release-osx-x86_64-mavericks 0.4-1 OK
r-release-osx-x86_64-snowleopard 0.4-1 OK
r-release-windows-ix86+x86_64 0.4-1 9.00 404.00 413.00 NOTE
r-oldrel-windows-ix86+x86_64 0.4-1 9.00 357.00 366.00 OK

Check Details

Version: 0.4-1
Check: R code for possible problems
Result: NOTE
    .clust: no visible global function definition for ‘pam’
    .clust: no visible global function definition for ‘diana’
    HINoV.SDA: no visible global function definition for ‘pam’
Flavors: r-devel-linux-x86_64-debian-clang, r-devel-linux-x86_64-debian-gcc, r-devel-linux-x86_64-fedora-clang, r-devel-linux-x86_64-fedora-gcc, r-devel-osx-x86_64-clang, r-devel-windows-ix86+x86_64, r-patched-linux-x86_64, r-patched-solaris-sparc, r-patched-solaris-x86, r-release-linux-ix86, r-release-linux-x86_64, r-release-windows-ix86+x86_64

Version: 0.4-1
Check: tests
Result: ERROR
    Running the tests in 'tests/plot3dInterval.R' failed.
    Last 13 lines of output:
     > means<-means*1.5
     > means[5:8,1]<-means[5:8,1]-2
     > means[5:8,3]<-means[5:8,3]-2
     > cov <- matrix(c(1,0,0,0,1,0,0,0,1),3,3)
     > t<-cluster.Gen(model=2, means=means, cov=cov, dataType="s", numObjects=10)
     > plot3dInterval(t$data, colors=rainbow(8)[t$clusters])
     [1] TRUE
     > rgl.viewpoint(15,20,30)
     > rgl.snapshot("8_clusters_3d.jpg")
     Error in rgl.snapshot("8_clusters_3d.jpg") :
     pixmap save format not supported in this build
     Calls: rgl.snapshot -> .C
     Execution halted
Flavor: r-devel-windows-ix86+x86_64