CRAN Package Check Results for Package symbolicDA

Last updated on 2015-05-25 03:47:53.

Flavor Version Tinstall Tcheck Ttotal Status Flags
r-devel-linux-x86_64-debian-clang 0.4-2 2.10 193.93 196.02 OK
r-devel-linux-x86_64-debian-gcc 0.4-2 1.94 190.58 192.51 OK
r-devel-linux-x86_64-fedora-clang 0.4-2 398.10 OK
r-devel-linux-x86_64-fedora-gcc 0.4-2 374.43 OK
r-devel-osx-x86_64-clang 0.4-2 314.05 OK
r-devel-windows-ix86+x86_64 0.4-2 10.00 508.00 518.00 OK
r-patched-linux-x86_64 0.4-2 2.07 189.26 191.32 OK
r-patched-solaris-sparc 0.4-2 2278.80 OK
r-patched-solaris-x86 0.4-2 403.50 OK
r-release-linux-x86_64 0.4-2 2.06 191.72 193.78 OK
r-release-osx-x86_64-mavericks 0.4-2 OK
r-release-osx-x86_64-snowleopard 0.4-2 ERROR
r-release-windows-ix86+x86_64 0.4-2 12.00 495.00 507.00 OK
r-oldrel-windows-ix86+x86_64 0.4-2 11.00 676.00 687.00 OK

Check Details

Version: 0.4-2
Check: package dependencies
Result: ERROR
    Package required but not available: ‘XML’
    
    See section ‘The DESCRIPTION file’ in the ‘Writing R Extensions’
    manual.
Flavor: r-release-osx-x86_64-snowleopard