CRAN Package Check Results for Package symbolicDA

Last updated on 2014-10-24 11:47:27.

Flavor Version Tinstall Tcheck Ttotal Status Flags
r-devel-linux-x86_64-debian-clang 0.4-1 2.11 214.46 216.57 NOTE
r-devel-linux-x86_64-debian-gcc 0.4-1 1.96 205.08 207.05 NOTE
r-devel-linux-x86_64-fedora-clang 0.4-1 474.62 NOTE
r-devel-linux-x86_64-fedora-gcc 0.4-1 444.38 NOTE
r-devel-osx-x86_64-clang 0.4-1 352.81 NOTE
r-devel-windows-ix86+x86_64 0.4-1 8.00 295.00 303.00 NOTE
r-patched-linux-x86_64 0.4-1 1.99 270.06 272.05 NOTE
r-patched-solaris-sparc 0.4-1 2929.70 NOTE
r-patched-solaris-x86 0.4-1 521.10 NOTE
r-release-linux-ix86 0.4-1 2.78 309.60 312.37 OK
r-release-linux-x86_64 0.4-1 2.12 285.11 287.24 OK
r-release-osx-x86_64-mavericks 0.4-1 OK
r-release-osx-x86_64-snowleopard 0.4-1 OK
r-release-windows-ix86+x86_64 0.4-1 7.00 424.00 431.00 OK
r-oldrel-windows-ix86+x86_64 0.4-1 8.00 349.00 357.00 OK

Check Details

Version: 0.4-1
Check: R code for possible problems
Result: NOTE
    .clust: no visible global function definition for ‘pam’
    .clust: no visible global function definition for ‘diana’
    HINoV.SDA: no visible global function definition for ‘pam’
Flavors: r-devel-linux-x86_64-debian-clang, r-devel-linux-x86_64-debian-gcc, r-devel-linux-x86_64-fedora-clang, r-devel-linux-x86_64-fedora-gcc, r-devel-osx-x86_64-clang, r-devel-windows-ix86+x86_64, r-patched-linux-x86_64, r-patched-solaris-sparc, r-patched-solaris-x86