CRAN Package Check Results for Package symbolicDA

Last updated on 2014-04-23 12:48:29.

Flavor Version Tinstall Tcheck Ttotal Status Flags
r-devel-linux-x86_64-debian-clang 0.4-1 2.34 281.88 284.22 OK
r-devel-linux-x86_64-debian-gcc 0.4-1 2.24 277.48 279.72 OK
r-devel-linux-x86_64-fedora-clang 0.4-1 574.89 OK
r-devel-linux-x86_64-fedora-gcc 0.4-1 572.70 OK
r-devel-osx-x86_64-clang 0.4-1 417.31 OK
r-devel-osx-x86_64-gcc 0.4-1 ERROR
r-devel-windows-ix86+x86_64 0.4-1 8.00 435.00 443.00 OK
r-patched-linux-x86_64 0.4-1 2.28 275.14 277.42 OK
r-patched-solaris-sparc 0.4-1 2940.10 OK
r-patched-solaris-x86 0.4-1 534.90 OK
r-release-linux-ix86 0.4-1 4.00 376.00 380.00 OK
r-release-linux-x86_64 0.4-1 2.34 276.79 279.13 OK
r-release-osx-x86_64-mavericks 0.4-1 WARN
r-release-osx-x86_64-snowleopard 0.4-1 OK
r-release-windows-ix86+x86_64 0.4-1 7.00 435.00 442.00 OK
r-oldrel-windows-ix86+x86_64 0.4-1 7.00 412.00 419.00 OK

Check Details

Version: 0.4-1
Check: package dependencies
Result: ERROR
    Package required but not available: ‘XML’
    
    See the information on DESCRIPTION files in the chapter ‘Creating R
    packages’ of the ‘Writing R Extensions’ manual.
Flavor: r-devel-osx-x86_64-gcc

Version: 0.4-1
Check: PDF version of manual
Result: WARNING
    LaTeX errors when creating PDF version.
    This typically indicates Rd problems.
    LaTeX errors found:
    ! LaTeX Error: File `upquote.sty' not found.
    
    Type X to quit or <RETURN> to proceed,
    or enter new name. (Default extension: sty)
    
    fb26f0d/Rd2.tex:8: ==> Fatal error occurred, no output PDF file produced!
Flavor: r-release-osx-x86_64-mavericks