CRAN Package Check Results for Package symbolicDA

Last updated on 2015-04-27 06:46:53.

Flavor Version Tinstall Tcheck Ttotal Status Flags
r-devel-linux-x86_64-debian-clang 0.4-2 2.06 196.72 198.78 OK
r-devel-linux-x86_64-debian-gcc 0.4-2 1.95 187.98 189.93 OK
r-devel-linux-x86_64-fedora-clang 0.4-2 399.70 OK
r-devel-linux-x86_64-fedora-gcc 0.4-2 374.57 OK
r-devel-osx-x86_64-clang 0.4-2 311.31 OK
r-devel-windows-ix86+x86_64 0.4-2 11.00 555.00 566.00 OK
r-patched-linux-x86_64 0.4-2 2.14 188.02 190.17 OK
r-patched-solaris-sparc 0.4-2 2109.30 OK
r-patched-solaris-x86 0.4-2 400.90 OK
r-release-linux-x86_64 0.4-2 1.96 194.94 196.91 OK
r-release-osx-x86_64-mavericks 0.4-2 OK
r-release-osx-x86_64-snowleopard 0.4-2 ERROR
r-release-windows-ix86+x86_64 0.4-2 9.00 536.00 545.00 OK
r-oldrel-windows-ix86+x86_64 0.4-2 10.00 665.00 675.00 OK

Check Details

Version: 0.4-2
Check: package dependencies
Result: ERROR
    Package required but not available: ‘XML’
    
    See section ‘The DESCRIPTION file’ in the ‘Writing R Extensions’
    manual.
Flavor: r-release-osx-x86_64-snowleopard