CRAN Package Check Results for Package symbols

Last updated on 2014-09-03 08:53:42.

Flavor Version Tinstall Tcheck Ttotal Status Flags
r-devel-linux-x86_64-debian-clang 1.1 0.49 10.80 11.29 OK
r-devel-linux-x86_64-debian-gcc 1.1 0.51 11.16 11.68 OK
r-devel-linux-x86_64-fedora-clang 1.1 24.13 NOTE
r-devel-linux-x86_64-fedora-gcc 1.1 23.22 NOTE
r-devel-osx-x86_64-clang 1.1 24.65 OK
r-devel-windows-ix86+x86_64 1.1 2.00 18.00 20.00 OK
r-patched-linux-x86_64 1.1 0.54 11.42 11.96 OK
r-patched-solaris-sparc 1.1 142.90 OK
r-patched-solaris-x86 1.1 33.60 OK
r-release-linux-ix86 1.1 0.86 17.53 18.39 OK
r-release-linux-x86_64 1.1 0.57 11.64 12.20 OK
r-release-osx-x86_64-mavericks 1.1 OK
r-release-windows-ix86+x86_64 1.1 3.00 26.00 29.00 OK
r-oldrel-windows-ix86+x86_64 1.1 3.00 20.00 23.00 OK

Check Details

Version: 1.1
Check: Rd line widths
Result: NOTE
    Rd file 'symbol.Rd':
     \usage lines wider than 90 characters:
     symbol(df, type="star", colin=NULL, colout=NULL, colin2=NA, colout2=1, ssize=NULL, labels=0, labelsize=0.6,
     scheme=1, sortby=0, descending=FALSE, coorx=NULL, coory=NULL, lty=1, main=NULL, sub=NULL, xlab=NULL, ylab=NULL,
     add=FALSE, xlim=NULL, ylim=NULL, facew=0.5, faceh=0.5, eyes=0.5, eyed=0.5, mouthw=0.5, mouthc=0.5, brows=0.5,
     browp=0.5, nosel=0.5, nosew=0.5, ears=0.5, pupils=0.5, body=0.5, limb1=0.5, limb2=0.5, limb3=0.5, limb4=0.5, defcol=NA)
    
    These lines will be truncated in the PDF manual.
Flavors: r-devel-linux-x86_64-fedora-clang, r-devel-linux-x86_64-fedora-gcc