CRAN Package Check Results for Package symbols

Last updated on 2015-03-01 03:48:49.

Flavor Version Tinstall Tcheck Ttotal Status Flags
r-devel-linux-x86_64-debian-clang 1.1 0.57 11.22 11.78 NOTE
r-devel-linux-x86_64-debian-gcc 1.1 0.52 11.16 11.68 NOTE
r-devel-linux-x86_64-fedora-clang 1.1 22.60 NOTE
r-devel-linux-x86_64-fedora-gcc 1.1 20.22 NOTE
r-devel-osx-x86_64-clang 1.1 25.41 OK
r-devel-windows-ix86+x86_64 1.1 2.00 17.00 19.00 OK
r-patched-linux-x86_64 1.1 0.61 12.15 12.76 NOTE
r-patched-solaris-sparc 1.1 150.00 OK
r-patched-solaris-x86 1.1 34.70 OK
r-release-linux-ix86 1.1 0.96 18.18 19.14 NOTE
r-release-linux-x86_64 1.1 0.62 12.22 12.84 NOTE
r-release-osx-x86_64-mavericks 1.1 OK
r-release-windows-ix86+x86_64 1.1 3.00 20.00 23.00 OK
r-oldrel-windows-ix86+x86_64 1.1 2.00 20.00 22.00 OK

Check Details

Version: 1.1
Check: Rd line widths
Result: NOTE
    Rd file 'symbol.Rd':
     \usage lines wider than 90 characters:
     symbol(df, type="star", colin=NULL, colout=NULL, colin2=NA, colout2=1, ssize=NULL, labels=0, labelsize=0.6,
     scheme=1, sortby=0, descending=FALSE, coorx=NULL, coory=NULL, lty=1, main=NULL, sub=NULL, xlab=NULL, ylab=NULL,
     add=FALSE, xlim=NULL, ylim=NULL, facew=0.5, faceh=0.5, eyes=0.5, eyed=0.5, mouthw=0.5, mouthc=0.5, brows=0.5,
     browp=0.5, nosel=0.5, nosew=0.5, ears=0.5, pupils=0.5, body=0.5, limb1=0.5, limb2=0.5, limb3=0.5, limb4=0.5, defcol=NA)
    
    These lines will be truncated in the PDF manual.
Flavors: r-devel-linux-x86_64-debian-clang, r-devel-linux-x86_64-debian-gcc, r-devel-linux-x86_64-fedora-clang, r-devel-linux-x86_64-fedora-gcc, r-patched-linux-x86_64, r-release-linux-ix86, r-release-linux-x86_64