CRAN Package Check Results for Package symbols

Last updated on 2016-05-04 17:50:11.

Flavor Version Tinstall Tcheck Ttotal Status Flags
r-devel-linux-x86_64-debian-gcc 1.1 0.52 11.15 11.67 NOTE
r-devel-linux-x86_64-fedora-clang 1.1 19.62 NOTE
r-devel-linux-x86_64-fedora-gcc 1.1 18.36 NOTE
r-devel-osx-x86_64-clang 1.1 23.13 NOTE
r-devel-windows-ix86+x86_64 1.1 2.00 34.00 36.00 NOTE
r-patched-linux-x86_64 1.1 0.53 11.04 11.57 NOTE
r-patched-solaris-sparc 1.1 127.00 NOTE
r-patched-solaris-x86 1.1 27.90 NOTE
r-release-linux-x86_64 1.1 0.60 11.07 11.67 NOTE
r-release-osx-x86_64-mavericks 1.1 OK
r-release-windows-ix86+x86_64 1.1 2.00 34.00 36.00 NOTE
r-oldrel-windows-ix86+x86_64 1.1 3.00 29.00 32.00 OK

Check Details

Version: 1.1
Check: R code for possible problems
Result: NOTE
    symbol: no visible global function definition for ‘plot.new’
    symbol: no visible global function definition for ‘plot.window’
    symbol: no visible global function definition for ‘axis’
    symbol: no visible global function definition for ‘box’
    symbol: no visible global function definition for ‘title’
    symbol: no visible global function definition for ‘rainbow’
    symbol: no visible global function definition for ‘hsv’
    symbol: no visible global function definition for ‘rect’
    symbol: no visible global function definition for ‘polygon’
    symbol: no visible global function definition for ‘lines’
    symbol: no visible global function definition for ‘text’
    Undefined global functions or variables:
     axis box hsv lines plot.new plot.window polygon rainbow rect text
     title
    Consider adding
     importFrom("grDevices", "hsv", "rainbow")
     importFrom("graphics", "axis", "box", "lines", "plot.new",
     "plot.window", "polygon", "rect", "text", "title")
    to your NAMESPACE file.
Flavors: r-devel-linux-x86_64-debian-gcc, r-devel-linux-x86_64-fedora-clang, r-devel-linux-x86_64-fedora-gcc, r-devel-osx-x86_64-clang, r-devel-windows-ix86+x86_64, r-patched-linux-x86_64, r-patched-solaris-sparc, r-patched-solaris-x86, r-release-linux-x86_64, r-release-windows-ix86+x86_64

Version: 1.1
Check: Rd line widths
Result: NOTE
    Rd file 'symbol.Rd':
     \usage lines wider than 90 characters:
     symbol(df, type="star", colin=NULL, colout=NULL, colin2=NA, colout2=1, ssize=NULL, labels=0, labelsize=0.6,
     scheme=1, sortby=0, descending=FALSE, coorx=NULL, coory=NULL, lty=1, main=NULL, sub=NULL, xlab=NULL, ylab=NULL,
     add=FALSE, xlim=NULL, ylim=NULL, facew=0.5, faceh=0.5, eyes=0.5, eyed=0.5, mouthw=0.5, mouthc=0.5, brows=0.5,
     browp=0.5, nosel=0.5, nosew=0.5, ears=0.5, pupils=0.5, body=0.5, limb1=0.5, limb2=0.5, limb3=0.5, limb4=0.5, defcol=NA)
    
    These lines will be truncated in the PDF manual.
Flavors: r-devel-linux-x86_64-debian-gcc, r-devel-linux-x86_64-fedora-clang, r-devel-linux-x86_64-fedora-gcc, r-patched-linux-x86_64, r-release-linux-x86_64