CRAN Package Check Results for Package symmetry

Last updated on 2022-11-26 23:00:19 CET.

Flavor Version Tinstall Tcheck Ttotal Status Flags
r-devel-linux-x86_64-debian-clang 0.2.2 217.55 42.52 260.07 OK
r-devel-linux-x86_64-debian-gcc 0.2.2 157.08 32.82 189.90 OK
r-devel-linux-x86_64-fedora-clang 0.2.2 437.49 OK
r-devel-linux-x86_64-fedora-gcc 0.2.2 342.19 OK
r-devel-windows-x86_64 0.2.2 177.00 93.00 270.00 OK
r-patched-linux-x86_64 0.2.2 OK
r-release-linux-x86_64 0.2.2 166.15 40.88 207.03 OK
r-release-macos-arm64 0.2.2 82.00 NOTE
r-release-macos-x86_64 0.2.2 105.00 OK
r-release-windows-x86_64 0.2.2 166.00 100.00 266.00 OK
r-oldrel-macos-arm64 0.2.2 75.00 NOTE
r-oldrel-macos-x86_64 0.2.2 104.00 OK
r-oldrel-windows-ix86+x86_64 0.2.2 513.00 101.00 614.00 OK

Check Details

Version: 0.2.2
Check: installed package size
Result: NOTE
     installed size is 5.0Mb
     sub-directories of 1Mb or more:
     libs 4.9Mb
Flavors: r-release-macos-arm64, r-oldrel-macos-arm64