CRAN Package Check Results for Package symmoments

Last updated on 2014-12-20 08:51:13.

Flavor Version Tinstall Tcheck Ttotal Status Flags
r-devel-linux-x86_64-debian-clang 1.2 0.94 26.16 27.10 NOTE
r-devel-linux-x86_64-debian-gcc 1.2 0.84 24.92 25.76 NOTE
r-devel-linux-x86_64-fedora-clang 1.2 54.75 NOTE
r-devel-linux-x86_64-fedora-gcc 1.2 51.58 NOTE
r-devel-osx-x86_64-clang 1.2 54.75 NOTE
r-devel-windows-ix86+x86_64 1.2 5.00 40.00 45.00 NOTE
r-patched-linux-x86_64 1.2 0.91 24.76 25.67 NOTE
r-patched-solaris-sparc 1.2 312.00 NOTE
r-patched-solaris-x86 1.2 70.20 NOTE
r-release-linux-ix86 1.2 1.27 33.09 34.36 NOTE
r-release-linux-x86_64 1.2 0.88 25.34 26.22 NOTE
r-release-osx-x86_64-mavericks 1.2 OK
r-release-osx-x86_64-snowleopard 1.2 OK
r-release-windows-ix86+x86_64 1.2 4.00 40.00 44.00 NOTE
r-oldrel-windows-ix86+x86_64 1.2 5.00 43.00 48.00 OK

Check Details

Version: 1.2
Check: R code for possible problems
Result: NOTE
    integrate.polynomial : f: no visible global function definition for
     ‘dmvnorm’
Flavors: r-devel-linux-x86_64-debian-clang, r-devel-linux-x86_64-debian-gcc, r-devel-linux-x86_64-fedora-clang, r-devel-linux-x86_64-fedora-gcc, r-devel-osx-x86_64-clang, r-devel-windows-ix86+x86_64, r-patched-linux-x86_64, r-patched-solaris-sparc, r-patched-solaris-x86, r-release-linux-ix86, r-release-linux-x86_64, r-release-windows-ix86+x86_64