CRAN Package Check Results for Package symmoments

Last updated on 2014-08-21 19:48:59.

Flavor Version Tinstall Tcheck Ttotal Status Flags
r-devel-linux-x86_64-debian-clang 1.2 0.88 24.93 25.81 OK
r-devel-linux-x86_64-debian-gcc 1.2 0.82 23.93 24.76 OK
r-devel-linux-x86_64-fedora-clang 1.2 57.66 NOTE
r-devel-linux-x86_64-fedora-gcc 1.2 55.01 NOTE
r-devel-osx-x86_64-clang 1.2 55.16 NOTE
r-devel-windows-ix86+x86_64 1.2 4.00 38.00 42.00 OK
r-patched-linux-x86_64 1.2 0.84 24.16 25.00 OK
r-patched-solaris-sparc 1.2 297.50 OK
r-patched-solaris-x86 1.2 79.80 OK
r-release-linux-ix86 1.2 1.28 35.25 36.54 OK
r-release-linux-x86_64 1.2 0.88 24.91 25.79 OK
r-release-osx-x86_64-mavericks 1.2 OK
r-release-osx-x86_64-snowleopard 1.2 OK
r-release-windows-ix86+x86_64 1.2 4.00 38.00 42.00 OK
r-oldrel-windows-ix86+x86_64 1.2 4.00 42.00 46.00 OK

Check Details

Version: 1.2
Check: R code for possible problems
Result: NOTE
    integrate.polynomial : f: no visible global function definition for
     ‘dmvnorm’
Flavors: r-devel-linux-x86_64-fedora-clang, r-devel-linux-x86_64-fedora-gcc, r-devel-osx-x86_64-clang