CRAN Package Check Results for Package symmoments

Last updated on 2015-07-29 19:50:11.

Flavor Version Tinstall Tcheck Ttotal Status Flags
r-devel-linux-x86_64-debian-clang 1.2 0.76 22.07 22.83 NOTE
r-devel-linux-x86_64-debian-gcc 1.2 0.83 22.56 23.40 NOTE
r-devel-linux-x86_64-fedora-clang 1.2 45.50 NOTE
r-devel-linux-x86_64-fedora-gcc 1.2 44.01 NOTE
r-devel-osx-x86_64-clang 1.2 39.84 NOTE
r-devel-windows-ix86+x86_64 1.2 5.00 34.00 39.00 NOTE
r-patched-linux-x86_64 1.2 0.82 22.35 23.16 NOTE
r-patched-solaris-sparc 1.2 290.20 NOTE
r-patched-solaris-x86 1.2 63.30 NOTE
r-release-linux-x86_64 1.2 0.76 22.21 22.97 NOTE
r-release-osx-x86_64-mavericks 1.2 NOTE
r-release-windows-ix86+x86_64 1.2 4.00 35.00 39.00 NOTE
r-oldrel-windows-ix86+x86_64 1.2 8.00 46.00 54.00 NOTE

Check Details

Version: 1.2
Check: R code for possible problems
Result: NOTE
    integrate.polynomial : f: no visible global function definition for
     ‘dmvnorm’
    Undefined global functions or variables:
     dmvnorm
Flavors: r-devel-linux-x86_64-debian-clang, r-devel-linux-x86_64-debian-gcc, r-devel-linux-x86_64-fedora-clang, r-devel-linux-x86_64-fedora-gcc, r-devel-osx-x86_64-clang, r-devel-windows-ix86+x86_64

Version: 1.2
Check: R code for possible problems
Result: NOTE
    integrate.polynomial : f: no visible global function definition for
     ‘dmvnorm’
Flavors: r-patched-linux-x86_64, r-patched-solaris-sparc, r-patched-solaris-x86, r-release-linux-x86_64, r-release-osx-x86_64-mavericks, r-release-windows-ix86+x86_64, r-oldrel-windows-ix86+x86_64

Version: 1.2
Check: re-building of vignette outputs
Result: NOTE
    Error in re-building vignettes:
     ...
    3 X1^2 + 2 X1 X2^3 + X1 X2^2 X3 - 4 X3^2
    Error in texi2dvi(file = file, pdf = TRUE, clean = clean, quiet = quiet, :
     Running 'texi2dvi' on 'symmoments.tex' failed.
    LaTeX errors:
    ! Undefined control sequence.
    l.15 x<9c><ed>\Ol
     ^^S<cb>^^Y<ff>b;^^?^^\<c0><bb>+^^^<90><86>8<b1><b6><e5>E<b4><c1><a1><b2>z^^H^^R5<95>,UBꡕ,<bd>'<ae>O^^QG<de>^^A<e5>^^]...
    The control sequence at the end of the top line
    of your error message was never \def'ed. If you have
    ! Undefined control sequence.
    l.16 <e9>j^^Op<b9>\<82>
     <94><ac><aa><a2><de><d7>^^?<fc>à<89>f<b3><db><d0>y<88><eb><d2>-f=<99><d1>M]<dd>9<bd><b3><a7><fb><f0><f6><f7><f1>o<be><f2>5A<e0><86><a1><8a>zg<b7><95>.=<f7><e7><bf><fe><fb>?<e9><cd>...
    The control sequence at the end of the top line
    of your error message was never \def'ed. If you have
    ! LaTeX Error: Missing \begin{document}.
    
    See the LaTeX manual or LaTeX Companion for explanation.
    Type H <return> for immediate help.
     ...
    ! Missing $ inserted.
    <inserted text>
     $
    l.16 ...<9e><be>x<f1><a2>,<cb>^^V<8b><85><e7><
    Calls: buildVignettes -> texi2pdf -> texi2dvi
    Execution halted
Flavor: r-release-osx-x86_64-mavericks