CRAN Package Check Results for Package symmoments

Last updated on 2014-04-23 17:47:55.

Flavor Version Tinstall Tcheck Ttotal Status Flags
r-devel-linux-x86_64-debian-clang 1.1 0.66 15.11 15.77 OK
r-devel-linux-x86_64-debian-gcc 1.1 0.64 15.60 16.24 OK
r-devel-linux-x86_64-fedora-clang 1.1 36.92 OK
r-devel-linux-x86_64-fedora-gcc 1.1 35.63 OK
r-devel-osx-x86_64-clang 1.1 42.06 OK
r-devel-osx-x86_64-gcc 1.1 OK
r-devel-windows-ix86+x86_64 1.1 3.00 23.00 26.00 OK
r-patched-linux-x86_64 1.1 0.69 15.34 16.03 OK
r-patched-solaris-sparc 1.1 182.80 OK
r-patched-solaris-x86 1.1 46.70 OK
r-release-linux-ix86 1.1 1.00 34.00 35.00 OK
r-release-linux-x86_64 1.1 0.68 15.15 15.83 OK
r-release-osx-x86_64-mavericks 1.1 WARN
r-release-osx-x86_64-snowleopard 1.1 OK
r-release-windows-ix86+x86_64 1.1 4.00 22.00 26.00 OK
r-oldrel-windows-ix86+x86_64 1.1 3.00 26.00 29.00 OK

Check Details

Version: 1.1
Check: PDF version of manual
Result: WARNING
    LaTeX errors when creating PDF version.
    This typically indicates Rd problems.
    LaTeX errors found:
    ! LaTeX Error: File `upquote.sty' not found.
    
    Type X to quit or <RETURN> to proceed,
    or enter new name. (Default extension: sty)
    
    8e3f61a/Rd2.tex:8: ==> Fatal error occurred, no output PDF file produced!
Flavor: r-release-osx-x86_64-mavericks