CRAN Package Check Results for Package symmoments

Last updated on 2014-10-31 11:47:35.

Flavor Version Tinstall Tcheck Ttotal Status Flags
r-devel-linux-x86_64-debian-clang 1.2 0.99 25.29 26.28 NOTE
r-devel-linux-x86_64-debian-gcc 1.2 0.86 25.44 26.30 NOTE
r-devel-linux-x86_64-fedora-clang 1.2 51.63 NOTE
r-devel-linux-x86_64-fedora-gcc 1.2 57.15 NOTE
r-devel-osx-x86_64-clang 1.2 57.99 NOTE
r-devel-windows-ix86+x86_64 1.2 4.00 35.00 39.00 NOTE
r-patched-linux-x86_64 1.2 0.89 26.65 27.54 NOTE
r-patched-solaris-sparc 1.2 312.00 NOTE
r-patched-solaris-x86 1.2 74.90 NOTE
r-release-linux-ix86 1.2 1.28 35.82 37.10 OK
r-release-linux-x86_64 1.2 0.88 27.45 28.34 OK
r-release-osx-x86_64-mavericks 1.2 OK
r-release-osx-x86_64-snowleopard 1.2 OK
r-release-windows-ix86+x86_64 1.2 4.00 41.00 45.00 OK
r-oldrel-windows-ix86+x86_64 1.2 4.00 40.00 44.00 OK

Check Details

Version: 1.2
Check: R code for possible problems
Result: NOTE
    integrate.polynomial : f: no visible global function definition for
     ‘dmvnorm’
Flavors: r-devel-linux-x86_64-debian-clang, r-devel-linux-x86_64-debian-gcc, r-devel-linux-x86_64-fedora-clang, r-devel-linux-x86_64-fedora-gcc, r-devel-osx-x86_64-clang, r-devel-windows-ix86+x86_64, r-patched-linux-x86_64, r-patched-solaris-sparc, r-patched-solaris-x86