CRAN Package Check Results for Package symmoments

Last updated on 2014-09-16 19:48:45.

Flavor Version Tinstall Tcheck Ttotal Status Flags
r-devel-linux-x86_64-debian-clang 1.2 0.91 25.31 26.22 NOTE
r-devel-linux-x86_64-debian-gcc 1.2 0.79 24.34 25.13 NOTE
r-devel-linux-x86_64-fedora-clang 1.2 59.09 NOTE
r-devel-linux-x86_64-fedora-gcc 1.2 54.31 NOTE
r-devel-osx-x86_64-clang 1.2 56.54 NOTE
r-devel-windows-ix86+x86_64 1.2 4.00 40.00 44.00 NOTE
r-patched-linux-x86_64 1.2 0.85 24.53 25.38 OK
r-patched-solaris-sparc 1.2 297.50 OK
r-patched-solaris-x86 1.2 74.50 OK
r-release-linux-ix86 1.2 1.29 35.15 36.44 OK
r-release-linux-x86_64 1.2 0.90 26.52 27.42 OK
r-release-osx-x86_64-mavericks 1.2 OK
r-release-osx-x86_64-snowleopard 1.2 OK
r-release-windows-ix86+x86_64 1.2 4.00 41.00 45.00 OK
r-oldrel-windows-ix86+x86_64 1.2 5.00 39.00 44.00 OK

Check Details

Version: 1.2
Check: R code for possible problems
Result: NOTE
    integrate.polynomial : f: no visible global function definition for
     ‘dmvnorm’
Flavors: r-devel-linux-x86_64-debian-clang, r-devel-linux-x86_64-debian-gcc, r-devel-linux-x86_64-fedora-clang, r-devel-linux-x86_64-fedora-gcc, r-devel-osx-x86_64-clang, r-devel-windows-ix86+x86_64