CRAN Package Check Results for Package symmoments

Last updated on 2017-09-25 02:47:46.

Flavor Version Tinstall Tcheck Ttotal Status Flags
r-devel-linux-x86_64-debian-clang 1.2 1.04 27.77 28.81 NOTE
r-devel-linux-x86_64-debian-gcc 1.2 1.12 27.44 28.56 NOTE
r-devel-linux-x86_64-fedora-clang 1.2 56.02 NOTE
r-devel-linux-x86_64-fedora-gcc 1.2 53.89 NOTE
r-devel-windows-ix86+x86_64 1.2 5.00 54.00 59.00 NOTE
r-patched-linux-x86_64 1.2 1.13 27.33 28.46 NOTE
r-patched-solaris-x86 1.2 65.60 NOTE
r-release-linux-x86_64 1.2 1.17 27.32 28.48 NOTE
r-release-windows-ix86+x86_64 1.2 5.00 58.00 63.00 NOTE
r-release-osx-x86_64 1.2 ERROR
r-oldrel-windows-ix86+x86_64 1.2 4.00 53.00 57.00 NOTE
r-oldrel-osx-x86_64 1.2 NOTE

Check Details

Version: 1.2
Check: R code for possible problems
Result: NOTE
    integrate.polynomial : f: no visible global function definition for
     ‘dmvnorm’
    Undefined global functions or variables:
     dmvnorm
Flavors: r-devel-linux-x86_64-debian-clang, r-devel-linux-x86_64-debian-gcc, r-devel-linux-x86_64-fedora-clang, r-devel-linux-x86_64-fedora-gcc, r-devel-windows-ix86+x86_64, r-patched-linux-x86_64, r-patched-solaris-x86, r-release-linux-x86_64, r-release-windows-ix86+x86_64, r-release-osx-x86_64, r-oldrel-windows-ix86+x86_64, r-oldrel-osx-x86_64

Version: 1.2
Check: package dependencies
Result: NOTE
    Package suggested but not available for checking: ‘mpoly’
Flavor: r-release-osx-x86_64

Version: 1.2
Check: examples
Result: ERROR
    Running examples in ‘symmoments-Ex.R’ failed
    The error most likely occurred in:
    
    > ### Name: convert.mpoly
    > ### Title: Convert between mpoly and list representations of multivariate
    > ### polynomials
    > ### Aliases: ' convert.mpoly '
    >
    > ### ** Examples
    >
    > # create an mpoly object here
    >
    > # convert from mpoly to list representation
    > library(mpoly)
    Error in library(mpoly) : there is no package called ‘mpoly’
    Execution halted
Flavor: r-release-osx-x86_64

Version: 1.2
Check: running R code from vignettes
Result: WARN
    Errors in running code in vignettes:
    when running code in ‘symmoments.rnw’
     ...
    [4,] 1 1 1 2
    
    > evaluate(m1234, c(4, 2, 1, 1, 3, 1, 1, 2, 1, 2))
    [1] 3480
    
    > library(mpoly)
    
     When sourcing ‘symmoments.R’:
    Error: there is no package called ‘mpoly’
    Execution halted
Flavor: r-release-osx-x86_64

Version: 1.2
Check: re-building of vignette outputs
Result: NOTE
    Error in re-building vignettes:
     ...
    Loading required package: mvtnorm
    Loading required package: cubature
    Loading required package: combinat
    
    Attaching package: ‘combinat’
    
    The following object is masked from ‘package:utils’:
    
     combn
    
    Loading required package: multipol
    Loading required package: abind
    
    Attaching package: ‘multipol’
    
    The following object is masked from ‘package:base’:
    
     single
    
    
    Error: processing vignette 'symmoments.rnw' failed with diagnostics:
     chunk 13 (label = noncentral3a)
    Error in library(mpoly) : there is no package called ‘mpoly’
    Execution halted
Flavor: r-release-osx-x86_64

Version: 1.2
Check: re-building of vignette outputs
Result: NOTE
    Error in re-building vignettes:
     ...
     input string 426 is invalid in this locale
    Error in texi2dvi(file = file, pdf = TRUE, clean = clean, quiet = quiet, :
     Running 'texi2dvi' on 'symmoments.tex' failed.
    LaTeX errors:
    ! Undefined control sequence.
    l.15 x<9c><ed>\Ol
     ^^S<cb>^^Y<ff>b;^^?^^\<c0><bb>+^^^<90><86>8<b1><b6><e5>E<b4><c1><a1><b2>z^^H^^R5<95>,UBꡕ,<bd>'<ae>O^^QG<de>^^A<e5>^^]...
    The control sequence at the end of the top line
    of your error message was never \def'ed. If you have
    ! Undefined control sequence.
    l.16 <e9>j^^Op<b9>\<82>
     <94><ac><aa><a2><de><d7>^^?<fc>à<89>f<b3><db><d0>y<88><eb><d2>-f=<99><d1>M]<dd>9<bd><b3><a7><fb><f0><f6><f7><f1>o<be><f2>5A<e0><86><a1><8a>zg<b7><95>.=<f7><e7><bf><fe><fb>?<e9><cd>...
    The control sequence at the end of the top line
    of your error message was never \def'ed. If you have
    ! LaTeX Error: Missing \begin{document}.
    
    See the LaTeX manual or LaTeX Companion for explanation.
    Type H <return> for immediate help.
     ...
    ! Missing $ inserted.
    <inserted text>
     $
    l.16 ...<9e><be>x<f1><a2>,<cb>^^V<8b><85><e7><
    Calls: buildVignettes -> texi2pdf -> texi2dvi
    Execution halted
Flavor: r-oldrel-osx-x86_64