CRAN Package Check Results for Package syn

Last updated on 2024-03-02 04:48:37 CET.

Flavor Version Tinstall Tcheck Ttotal Status Flags
r-devel-linux-x86_64-debian-clang 0.1.0 12.94 29.51 42.45 NOTE
r-devel-linux-x86_64-debian-gcc 0.1.0 10.87 23.17 34.04 NOTE
r-devel-linux-x86_64-fedora-clang 0.1.0 53.47 NOTE
r-devel-linux-x86_64-fedora-gcc 0.1.0 52.01 NOTE
r-devel-windows-x86_64 0.1.0 13.00 45.00 58.00 NOTE
r-patched-linux-x86_64 0.1.0 12.29 29.38 41.67 NOTE
r-release-linux-x86_64 0.1.0 13.98 29.27 43.25 NOTE
r-release-macos-arm64 0.1.0 23.00 NOTE
r-release-macos-x86_64 0.1.0 32.00 NOTE
r-release-windows-x86_64 0.1.0 13.00 47.00 60.00 NOTE
r-oldrel-macos-arm64 0.1.0 24.00 NOTE
r-oldrel-windows-x86_64 0.1.0 15.00 49.00 64.00 NOTE

Check Details

Version: 0.1.0
Check: LazyData
Result: NOTE 'LazyData' is specified without a 'data' directory Flavors: r-devel-linux-x86_64-debian-clang, r-devel-linux-x86_64-debian-gcc, r-devel-linux-x86_64-fedora-clang, r-devel-linux-x86_64-fedora-gcc, r-devel-windows-x86_64, r-patched-linux-x86_64, r-release-linux-x86_64, r-release-macos-arm64, r-release-macos-x86_64, r-release-windows-x86_64, r-oldrel-macos-arm64, r-oldrel-windows-x86_64