CRAN Package Check Results for Package synRNASeqNet

Last updated on 2020-09-23 01:57:47 CEST.

Flavor Version Tinstall Tcheck Ttotal Status Flags
r-devel-linux-x86_64-debian-clang 1.0 3.95 36.82 40.77 NOTE
r-devel-linux-x86_64-debian-gcc 1.0 2.99 28.78 31.77 NOTE
r-devel-linux-x86_64-fedora-clang 1.0 67.94 NOTE
r-devel-linux-x86_64-fedora-gcc 1.0 49.25 NOTE
r-devel-windows-ix86+x86_64 1.0 7.00 56.00 63.00 NOTE
r-patched-linux-x86_64 1.0 3.59 36.07 39.66 NOTE
r-patched-solaris-x86 1.0 108.80 NOTE
r-release-linux-x86_64 1.0 3.50 36.20 39.70 NOTE
r-release-macos-x86_64 1.0 NOTE
r-release-windows-ix86+x86_64 1.0 8.00 68.00 76.00 NOTE
r-oldrel-macos-x86_64 1.0 NOTE
r-oldrel-windows-ix86+x86_64 1.0 5.00 67.00 72.00 NOTE

Check Details

Version: 1.0
Check: R code for possible problems
Result: NOTE
    mainNetFunction: no visible global function definition for 'png'
    mainNetFunction: no visible global function definition for 'lines'
    mainNetFunction: no visible global function definition for 'legend'
    mainNetFunction: no visible global function definition for 'dev.off'
    plotROC: no visible global function definition for 'lines'
    simulatedData: no visible global function definition for 'rpois'
    simulatedData : <anonymous>: no visible global function definition for
     'rpois'
    simulatedData : rlognormpois: no visible global function definition for
     'rnorm'
    simulatedData : rlognormpois: no visible global function definition for
     'rpois'
    Undefined global functions or variables:
     dev.off legend lines png rnorm rpois
    Consider adding
     importFrom("grDevices", "dev.off", "png")
     importFrom("graphics", "legend", "lines")
     importFrom("stats", "rnorm", "rpois")
    to your NAMESPACE file.
Flavors: r-devel-linux-x86_64-debian-clang, r-devel-linux-x86_64-debian-gcc, r-devel-linux-x86_64-fedora-clang, r-devel-linux-x86_64-fedora-gcc, r-devel-windows-ix86+x86_64, r-patched-linux-x86_64, r-patched-solaris-x86, r-release-linux-x86_64, r-release-macos-x86_64, r-release-windows-ix86+x86_64

Version: 1.0
Check: R code for possible problems
Result: NOTE
    mainNetFunction: no visible global function definition for ‘png’
    mainNetFunction: no visible global function definition for ‘plot’
    mainNetFunction: no visible global function definition for ‘lines’
    mainNetFunction: no visible global function definition for ‘legend’
    mainNetFunction: no visible global function definition for ‘dev.off’
    plotPR: no visible global function definition for ‘plot’
    plotROC: no visible global function definition for ‘plot’
    plotROC: no visible global function definition for ‘lines’
    simulatedData: no visible global function definition for ‘rpois’
    simulatedData : <anonymous>: no visible global function definition for
     ‘rpois’
    simulatedData : rlognormpois: no visible global function definition for
     ‘rnorm’
    simulatedData : rlognormpois: no visible global function definition for
     ‘rpois’
    Undefined global functions or variables:
     dev.off legend lines plot png rnorm rpois
    Consider adding
     importFrom("grDevices", "dev.off", "png")
     importFrom("graphics", "legend", "lines", "plot")
     importFrom("stats", "rnorm", "rpois")
    to your NAMESPACE file.
Flavors: r-oldrel-macos-x86_64, r-oldrel-windows-ix86+x86_64