CRAN Package Check Results for Package synbreed

Last updated on 2019-05-21 00:52:28 CEST.

Flavor Version Tinstall Tcheck Ttotal Status Flags
r-devel-linux-x86_64-debian-clang 0.12-9 16.84 140.14 156.98 OK
r-devel-linux-x86_64-debian-gcc 0.12-9 12.51 114.38 126.89 OK
r-devel-linux-x86_64-fedora-clang 0.12-9 187.09 OK
r-devel-linux-x86_64-fedora-gcc 0.12-9 179.10 OK
r-devel-windows-ix86+x86_64 0.12-9 27.00 206.00 233.00 OK
r-patched-linux-x86_64 0.12-9 15.95 140.19 156.14 OK
r-patched-solaris-x86 0.12-9 275.00 OK
r-release-linux-x86_64 0.12-9 15.39 139.64 155.03 OK
r-release-windows-ix86+x86_64 0.12-9 32.00 215.00 247.00 OK
r-release-osx-x86_64 0.12-9 ERROR
r-oldrel-windows-ix86+x86_64 0.12-9 16.00 148.00 164.00 OK
r-oldrel-osx-x86_64 0.12-9 OK

Check Details

Version: 0.12-9
Check: package dependencies
Result: ERROR
    Package required but not available: ‘LDheatmap’
    
    See section ‘The DESCRIPTION file’ in the ‘Writing R Extensions’
    manual.
Flavor: r-release-osx-x86_64