CRAN Package Check Results for Package synbreed

Last updated on 2017-06-28 23:55:43.

Flavor Version Tinstall Tcheck Ttotal Status Flags
r-devel-linux-x86_64-debian-clang 0.12-6 3.60 82.72 86.32 NOTE
r-devel-linux-x86_64-debian-gcc 0.12-6 3.61 86.34 89.95 NOTE
r-devel-linux-x86_64-fedora-clang 0.12-6 188.69 NOTE
r-devel-linux-x86_64-fedora-gcc 0.12-6 185.14 NOTE
r-devel-windows-ix86+x86_64 0.12-6 11.00 148.00 159.00 OK
r-patched-linux-x86_64 0.12-6 3.63 81.92 85.55 NOTE
r-patched-solaris-sparc 0.12-6 979.90 OK
r-patched-solaris-x86 0.12-6 232.30 NOTE
r-release-linux-x86_64 0.12-6 3.84 83.62 87.46 OK
r-release-windows-ix86+x86_64 0.12-6 17.00 188.00 205.00 OK
r-release-osx-x86_64 0.12-6 ERROR
r-oldrel-windows-ix86+x86_64 0.12-6 13.00 172.00 185.00 OK
r-oldrel-osx-x86_64 0.12-6 OK

Check Details

Version: 0.12-6
Check: S3 generic/method consistency
Result: NOTE
    Found the following apparent S3 methods exported but not registered:
     [.GenMap [.relationshipMatrix
    See section ‘Registering S3 methods’ in the ‘Writing R Extensions’
    manual.
Flavors: r-devel-linux-x86_64-debian-clang, r-devel-linux-x86_64-debian-gcc, r-devel-linux-x86_64-fedora-clang, r-devel-linux-x86_64-fedora-gcc, r-patched-linux-x86_64, r-patched-solaris-x86

Version: 0.12-6
Check: package dependencies
Result: ERROR
    Package required but not available: ‘LDheatmap’
    
    See section ‘The DESCRIPTION file’ in the ‘Writing R Extensions’
    manual.
Flavor: r-release-osx-x86_64