CRAN Package Check Results for Package synbreed

Last updated on 2015-01-31 20:47:00.

Flavor Version Tinstall Tcheck Ttotal Status Flags
r-devel-linux-x86_64-debian-clang 0.10-5 3.53 50.18 53.70 NOTE
r-devel-linux-x86_64-debian-gcc 0.10-5 3.40 49.63 53.03 NOTE
r-devel-linux-x86_64-fedora-clang 0.10-5 145.89 NOTE
r-devel-linux-x86_64-fedora-gcc 0.10-5 138.07 NOTE
r-devel-osx-x86_64-clang 0.10-5 120.99 NOTE
r-devel-windows-ix86+x86_64 0.10-5 15.00 75.00 90.00 NOTE
r-patched-linux-x86_64 0.10-5 4.60 61.94 66.54 NOTE
r-patched-solaris-sparc 0.10-5 793.80 NOTE
r-patched-solaris-x86 0.10-5 200.90 NOTE
r-release-linux-ix86 0.10-5 5.94 73.51 79.46 OK
r-release-linux-x86_64 0.10-5 5.85 61.08 66.93 OK
r-release-osx-x86_64-mavericks 0.10-5 NOTE
r-release-osx-x86_64-snowleopard 0.10-5 OK
r-release-windows-ix86+x86_64 0.10-5 12.00 103.00 115.00 OK
r-oldrel-windows-ix86+x86_64 0.10-5 14.00 95.00 109.00 OK

Check Details

Version: 0.10-5
Check: S3 generic/method consistency
Result: NOTE
    Found the following apparent S3 methods exported but not registered:
     print.summary.cvData print.summary.gpData print.summary.gpMod
     print.summary.gpModList print.summary.pedigree
     print.summary.relationshipMatrix summary.LDdf summary.LDmat
     summary.cvData summary.gpData summary.gpMod summary.gpModList
     summary.pedigree summary.relationshipMatrix plot.GenMap plot.LDdf
     plot.LDmat plot.pedigree plot.relationshipMatrix predict.gpMod
    See section ‘Registering S3 methods’ in the ‘Writing R Extensions’
    manual.
Flavors: r-devel-linux-x86_64-debian-clang, r-devel-linux-x86_64-debian-gcc, r-devel-linux-x86_64-fedora-clang, r-devel-linux-x86_64-fedora-gcc, r-devel-osx-x86_64-clang

Version: 0.10-5
Check: line endings in Makefiles
Result: NOTE
    Found the following Makefile(s) without a final LF:
     vignettes/Makefile
    Some ‘make’ programs ignore lines not ending in LF.
Flavors: r-devel-linux-x86_64-debian-clang, r-devel-linux-x86_64-debian-gcc, r-devel-linux-x86_64-fedora-clang, r-devel-linux-x86_64-fedora-gcc, r-devel-osx-x86_64-clang, r-devel-windows-ix86+x86_64, r-patched-linux-x86_64, r-patched-solaris-sparc, r-patched-solaris-x86, r-release-osx-x86_64-mavericks