CRAN Package Check Results for Package synbreed

Last updated on 2018-08-14 15:48:48 CEST.

Flavor Version Tinstall Tcheck Ttotal Status Flags
r-devel-linux-x86_64-debian-clang 0.12-9 11.58 145.57 157.15 OK
r-devel-linux-x86_64-debian-gcc 0.12-9 10.24 116.50 126.74 OK
r-devel-linux-x86_64-fedora-clang 0.12-9 188.32 OK
r-devel-linux-x86_64-fedora-gcc 0.12-9 179.96 OK
r-devel-windows-ix86+x86_64 0.12-9 31.00 191.00 222.00 OK
r-patched-linux-x86_64 0.12-9 11.33 133.00 144.33 OK
r-patched-solaris-x86 0.12-9 256.60 OK
r-release-linux-x86_64 0.12-9 10.75 132.44 143.19 OK
r-release-windows-ix86+x86_64 0.12-9 18.00 196.00 214.00 OK
r-release-osx-x86_64 0.12-9 OK
r-oldrel-windows-ix86+x86_64 0.12-9 15.00 196.00 211.00 OK
r-oldrel-osx-x86_64 0.12-9 ERROR

Check Details

Version: 0.12-9
Check: package dependencies
Result: ERROR
    Package required but not available: ‘LDheatmap’
    
    See section ‘The DESCRIPTION file’ in the ‘Writing R Extensions’
    manual.
Flavor: r-oldrel-osx-x86_64