CRAN Package Check Results for Package synbreed

Last updated on 2015-04-28 16:46:57.

Flavor Version Tinstall Tcheck Ttotal Status Flags
r-devel-linux-x86_64-debian-clang 0.10-5 3.54 50.69 54.22 NOTE
r-devel-linux-x86_64-debian-gcc 0.10-5 3.41 49.68 53.10 NOTE
r-devel-linux-x86_64-fedora-clang 0.10-5 111.37 NOTE
r-devel-linux-x86_64-fedora-gcc 0.10-5 103.44 NOTE
r-devel-osx-x86_64-clang 0.10-5 91.14 NOTE
r-devel-windows-ix86+x86_64 0.10-5 10.00 76.00 86.00 NOTE
r-patched-linux-x86_64 0.10-5 3.42 49.63 53.05 NOTE
r-patched-solaris-sparc 0.10-5 637.20 NOTE
r-patched-solaris-x86 0.10-5 152.40 NOTE
r-release-linux-x86_64 0.10-5 3.38 49.81 53.19 NOTE
r-release-osx-x86_64-mavericks 0.10-5 NOTE
r-release-osx-x86_64-snowleopard 0.10-5 ERROR
r-release-windows-ix86+x86_64 0.10-5 9.00 77.00 86.00 NOTE
r-oldrel-windows-ix86+x86_64 0.10-5 12.00 91.00 103.00 NOTE

Check Details

Version: 0.10-5
Check: S3 generic/method consistency
Result: NOTE
    Found the following apparent S3 methods exported but not registered:
     plot.GenMap plot.LDdf plot.LDmat plot.pedigree
     plot.relationshipMatrix predict.gpMod print.summary.cvData
     print.summary.gpData print.summary.gpMod print.summary.gpModList
     print.summary.pedigree print.summary.relationshipMatrix summary.LDdf
     summary.LDmat summary.cvData summary.gpData summary.gpMod
     summary.gpModList summary.pedigree summary.relationshipMatrix
    See section ‘Registering S3 methods’ in the ‘Writing R Extensions’
    manual.
Flavors: r-devel-linux-x86_64-debian-clang, r-devel-linux-x86_64-debian-gcc, r-devel-linux-x86_64-fedora-clang, r-devel-linux-x86_64-fedora-gcc, r-devel-osx-x86_64-clang, r-patched-linux-x86_64, r-patched-solaris-x86, r-release-linux-x86_64

Version: 0.10-5
Check: line endings in Makefiles
Result: NOTE
    Found the following Makefile(s) without a final LF:
     vignettes/Makefile
    Some ‘make’ programs ignore lines not ending in LF.
Flavors: r-devel-linux-x86_64-debian-clang, r-devel-linux-x86_64-debian-gcc, r-devel-linux-x86_64-fedora-clang, r-devel-linux-x86_64-fedora-gcc, r-devel-osx-x86_64-clang, r-devel-windows-ix86+x86_64, r-patched-linux-x86_64, r-patched-solaris-sparc, r-patched-solaris-x86, r-release-linux-x86_64, r-release-osx-x86_64-mavericks, r-release-windows-ix86+x86_64, r-oldrel-windows-ix86+x86_64

Version: 0.10-5
Check: package dependencies
Result: ERROR
    Packages required but not available: ‘igraph’ ‘LDheatmap’
    
    See section ‘The DESCRIPTION file’ in the ‘Writing R Extensions’
    manual.
Flavor: r-release-osx-x86_64-snowleopard