CRAN Package Check Results for Package synbreed

Last updated on 2014-04-18 11:47:27.

Flavor Version Tinstall Tcheck Ttotal Status Flags
r-devel-linux-x86_64-debian-clang 0.9-7 6.34 130.94 137.28 OK
r-devel-linux-x86_64-debian-gcc OK
r-devel-linux-x86_64-fedora-clang 0.9-7 329.28 OK
r-devel-linux-x86_64-fedora-gcc 0.9-7 320.26 OK
r-devel-macosx-x86_64-clang 0.9-7 294.78 OK
r-devel-macosx-x86_64-gcc 0.9-7 ERROR
r-devel-windows-ix86+x86_64 0.9-7 14.00 202.00 216.00 OK
r-patched-linux-x86_64 0.9-7 6.26 128.24 134.50 OK
r-patched-solaris-sparc 0.9-7 1624.00 OK
r-patched-solaris-x86 0.9-7 392.50 OK
r-release-linux-ix86 0.9-7 13.00 194.00 207.00 OK
r-release-linux-x86_64 0.9-7 6.11 126.85 132.96 OK
r-release-macosx-x86_64 0.9-7 ERROR
r-release-windows-ix86+x86_64 0.9-7 16.00 202.00 218.00 OK
r-oldrel-windows-ix86+x86_64 0.9-7 16.00 201.00 217.00 OK

Check Details

Version: 0.9-7
Check: package dependencies
Result: ERROR
    Packages required but not available: ‘igraph’ ‘LDheatmap’
    
    See the information on DESCRIPTION files in the chapter ‘Creating R
    packages’ of the ‘Writing R Extensions’ manual.
Flavor: r-devel-macosx-x86_64-gcc

Version: 0.9-7
Check: package dependencies
Result: ERROR
    Package required but not available: ‘LDheatmap’
    
    See the information on DESCRIPTION files in the chapter ‘Creating R
    packages’ of the ‘Writing R Extensions’ manual.
Flavor: r-release-macosx-x86_64