CRAN Package Check Results for Package synbreed

Last updated on 2017-08-18 00:50:26.

Flavor Version Tinstall Tcheck Ttotal Status Flags
r-devel-linux-x86_64-debian-clang 0.12-6 3.56 85.12 88.68 NOTE
r-devel-linux-x86_64-debian-gcc 0.12-6 3.46 86.26 89.71 NOTE
r-devel-linux-x86_64-fedora-clang 0.12-6 182.86 NOTE
r-devel-linux-x86_64-fedora-gcc 0.12-6 181.48 NOTE
r-devel-windows-ix86+x86_64 0.12-6 9.00 140.00 149.00 OK
r-patched-linux-x86_64 0.12-6 3.48 83.05 86.52 NOTE
r-patched-solaris-x86 0.12-6 235.30 NOTE
r-release-linux-x86_64 0.12-6 3.68 84.54 88.22 NOTE
r-release-windows-ix86+x86_64 0.12-6 11.00 143.00 154.00 OK
r-release-osx-x86_64 0.12-6 ERROR
r-oldrel-windows-ix86+x86_64 0.12-6 9.00 185.00 194.00 OK
r-oldrel-osx-x86_64 0.12-6 OK

Check Details

Version: 0.12-6
Check: S3 generic/method consistency
Result: NOTE
    Found the following apparent S3 methods exported but not registered:
     [.GenMap [.relationshipMatrix
    See section ‘Registering S3 methods’ in the ‘Writing R Extensions’
    manual.
Flavors: r-devel-linux-x86_64-debian-clang, r-devel-linux-x86_64-debian-gcc, r-devel-linux-x86_64-fedora-clang, r-devel-linux-x86_64-fedora-gcc, r-patched-linux-x86_64, r-patched-solaris-x86, r-release-linux-x86_64

Version: 0.12-6
Check: package dependencies
Result: ERROR
    Package required but not available: ‘LDheatmap’
    
    See section ‘The DESCRIPTION file’ in the ‘Writing R Extensions’
    manual.
Flavor: r-release-osx-x86_64