CRAN Package Check Results for Package synbreed

Last updated on 2017-05-22 18:52:16.

Flavor Version Tinstall Tcheck Ttotal Status Flags
r-devel-linux-x86_64-debian-clang 0.12-6 3.40 85.05 88.45 OK
r-devel-linux-x86_64-debian-gcc 0.12-6 3.38 83.60 86.98 OK
r-devel-linux-x86_64-fedora-clang 0.12-6 200.39 OK --no-stop-on-test-error
r-devel-linux-x86_64-fedora-gcc 0.12-6 181.68 OK --no-stop-on-test-error
r-devel-windows-ix86+x86_64 0.12-6 13.00 137.00 150.00 OK
r-patched-linux-x86_64 0.12-6 3.36 83.24 86.60 OK
r-patched-solaris-sparc 0.12-6 979.90 OK
r-patched-solaris-x86 0.12-6 230.50 OK
r-release-linux-x86_64 0.12-6 3.54 88.57 92.11 OK
r-release-windows-ix86+x86_64 0.12-6 9.00 187.00 196.00 OK
r-release-osx-x86_64 0.12-6 ERROR
r-oldrel-windows-ix86+x86_64 0.12-6 12.00 167.00 179.00 OK
r-oldrel-osx-x86_64 0.12-6 OK

Check Details

Version: 0.12-6
Check: package dependencies
Result: ERROR
    Package required but not available: ‘LDheatmap’
    
    See section ‘The DESCRIPTION file’ in the ‘Writing R Extensions’
    manual.
Flavor: r-release-osx-x86_64