CRAN Package Check Results for Package synbreed

Last updated on 2015-05-30 17:46:57.

Flavor Version Tinstall Tcheck Ttotal Status Flags
r-devel-linux-x86_64-debian-clang 0.11-4 3.83 53.43 57.26 OK
r-devel-linux-x86_64-debian-gcc 0.11-4 3.61 51.50 55.11 OK
r-devel-linux-x86_64-fedora-clang 0.11-4 117.09 OK
r-devel-linux-x86_64-fedora-gcc 0.11-4 108.90 OK
r-devel-osx-x86_64-clang 0.11-4 96.19 OK
r-devel-windows-ix86+x86_64 0.11-4 10.00 78.00 88.00 OK
r-patched-linux-x86_64 0.11-4 3.84 51.37 55.21 OK
r-patched-solaris-sparc 0.11-4 638.10 OK
r-patched-solaris-x86 0.11-4 134.40 OK
r-release-linux-x86_64 0.11-4 3.68 56.60 60.28 OK
r-release-osx-x86_64-mavericks 0.11-4 OK
r-release-osx-x86_64-snowleopard 0.10-5 ERROR
r-release-windows-ix86+x86_64 0.11-4 12.00 76.00 88.00 OK
r-oldrel-windows-ix86+x86_64 0.11-4 16.00 85.00 101.00 OK

Check Details

Version: 0.10-5
Check: package dependencies
Result: ERROR
    Packages required but not available: ‘igraph’ ‘LDheatmap’
    
    See section ‘The DESCRIPTION file’ in the ‘Writing R Extensions’
    manual.
Flavor: r-release-osx-x86_64-snowleopard