CRAN Package Check Results for Package synbreed

Last updated on 2017-12-11 17:49:22 CET.

Flavor Version Tinstall Tcheck Ttotal Status Flags
r-devel-linux-x86_64-debian-clang 0.12-6 4.65 111.66 116.31 NOTE
r-devel-linux-x86_64-debian-gcc 0.12-6 3.58 102.95 106.53 NOTE
r-devel-linux-x86_64-fedora-clang 0.12-6 164.25 NOTE
r-devel-linux-x86_64-fedora-gcc 0.12-6 165.82 NOTE
r-devel-windows-ix86+x86_64 0.12-6 13.00 140.00 153.00 OK
r-patched-linux-x86_64 0.12-6 4.90 140.55 145.45 NOTE
r-patched-solaris-x86 0.12-6 232.70 NOTE
r-release-linux-x86_64 0.12-6 4.54 140.64 145.18 NOTE
r-release-windows-ix86+x86_64 0.12-6 10.00 149.00 159.00 OK
r-release-osx-x86_64 0.12-6 ERROR
r-oldrel-windows-ix86+x86_64 0.12-6 14.00 185.00 199.00 OK
r-oldrel-osx-x86_64 0.12-6 OK

Check Details

Version: 0.12-6
Check: S3 generic/method consistency
Result: NOTE
    Found the following apparent S3 methods exported but not registered:
     [.GenMap [.relationshipMatrix
    See section ‘Registering S3 methods’ in the ‘Writing R Extensions’
    manual.
Flavors: r-devel-linux-x86_64-debian-clang, r-devel-linux-x86_64-debian-gcc, r-devel-linux-x86_64-fedora-clang, r-devel-linux-x86_64-fedora-gcc, r-patched-linux-x86_64, r-patched-solaris-x86, r-release-linux-x86_64

Version: 0.12-6
Check: package dependencies
Result: ERROR
    Package required but not available: ‘LDheatmap’
    
    See section ‘The DESCRIPTION file’ in the ‘Writing R Extensions’
    manual.
Flavor: r-release-osx-x86_64