CRAN Package Check Results for Package synbreed

Last updated on 2017-02-23 05:49:32.

Flavor Version Tinstall Tcheck Ttotal Status Flags
r-devel-linux-x86_64-debian-clang 0.11-41 3.17 77.79 80.96 OK
r-devel-linux-x86_64-debian-gcc 0.11-41 3.54 77.60 81.14 OK
r-devel-linux-x86_64-fedora-clang 0.11-41 174.78 NOTE --no-stop-on-test-error
r-devel-linux-x86_64-fedora-gcc 0.11-41 173.75 NOTE --no-stop-on-test-error
r-devel-macos-x86_64-clang 0.11-41 138.50 NOTE --no-stop-on-test-error
r-devel-windows-ix86+x86_64 0.11-41 15.00 168.00 183.00 OK
r-patched-linux-x86_64 0.11-41 3.49 72.25 75.74 OK
r-patched-solaris-sparc 0.11-41 888.50 NOTE
r-patched-solaris-x86 0.11-41 195.40 NOTE
r-release-linux-x86_64 0.11-41 3.05 75.30 78.35 OK
r-release-osx-x86_64-mavericks 0.11-41 NOTE
r-release-windows-ix86+x86_64 0.11-41 12.00 177.00 189.00 OK
r-oldrel-windows-ix86+x86_64 0.11-41 10.00 231.00 241.00 NOTE

Check Details

Version: 0.11-41
Flags: --no-stop-on-test-error
Check: dependencies in R code
Result: NOTE
    Namespaces in Imports field not imported from:
     ‘doParallel’ ‘foreach’ ‘parallel’
     All declared Imports should be used.
Flavors: r-devel-linux-x86_64-fedora-clang, r-devel-linux-x86_64-fedora-gcc, r-devel-macos-x86_64-clang

Version: 0.11-41
Check: dependencies in R code
Result: NOTE
    Namespaces in Imports field not imported from:
     ‘doParallel’ ‘foreach’ ‘parallel’
     All declared Imports should be used.
Flavors: r-patched-solaris-sparc, r-patched-solaris-x86, r-release-osx-x86_64-mavericks, r-oldrel-windows-ix86+x86_64