CRAN Package Check Results for Package synbreed

Last updated on 2016-12-03 23:48:00.

Flavor Version Tinstall Tcheck Ttotal Status Flags
r-devel-linux-x86_64-debian-clang 0.11-41 3.09 76.96 80.05 OK
r-devel-linux-x86_64-debian-gcc 0.11-41 3.25 76.06 79.30 OK
r-devel-linux-x86_64-fedora-clang 0.11-41 172.86 NOTE
r-devel-linux-x86_64-fedora-gcc 0.11-41 175.29 NOTE
r-devel-macos-x86_64-clang 0.11-41 138.92 NOTE
r-devel-windows-ix86+x86_64 0.11-41 10.00 131.00 141.00 OK
r-patched-linux-x86_64 0.11-41 3.30 70.47 73.77 OK
r-patched-solaris-sparc 0.11-41 906.70 NOTE
r-patched-solaris-x86 0.11-41 193.90 NOTE
r-release-linux-x86_64 0.11-41 3.30 72.79 76.09 OK
r-release-osx-x86_64-mavericks 0.11-41 NOTE
r-release-windows-ix86+x86_64 0.11-41 12.00 167.00 179.00 OK
r-oldrel-windows-ix86+x86_64 0.11-41 14.00 232.00 246.00 NOTE

Check Details

Version: 0.11-41
Check: dependencies in R code
Result: NOTE
    Namespaces in Imports field not imported from:
     ‘doParallel’ ‘foreach’ ‘parallel’
     All declared Imports should be used.
Flavors: r-devel-linux-x86_64-fedora-clang, r-devel-linux-x86_64-fedora-gcc, r-devel-macos-x86_64-clang, r-patched-solaris-sparc, r-patched-solaris-x86, r-release-osx-x86_64-mavericks, r-oldrel-windows-ix86+x86_64