CRAN Package Check Results for Package synbreed

Last updated on 2018-02-23 01:46:47 CET.

Flavor Version Tinstall Tcheck Ttotal Status Flags
r-devel-linux-x86_64-debian-clang 0.12-6 10.78 111.94 122.72 NOTE
r-devel-linux-x86_64-debian-gcc 0.12-6 8.52 98.90 107.42 NOTE
r-devel-windows-ix86+x86_64 0.12-6 23.00 125.00 148.00 OK
r-patched-linux-x86_64 0.12-6 4.48 137.07 141.55 NOTE
r-patched-solaris-x86 0.12-6 232.40 NOTE
r-release-linux-x86_64 0.12-6 4.86 137.96 142.82 NOTE
r-release-windows-ix86+x86_64 0.12-6 15.00 175.00 190.00 OK
r-release-osx-x86_64 0.12-6 ERROR
r-oldrel-windows-ix86+x86_64 0.12-6 9.00 134.00 143.00 OK
r-oldrel-osx-x86_64 0.12-6 OK

Check Details

Version: 0.12-6
Check: S3 generic/method consistency
Result: NOTE
    Found the following apparent S3 methods exported but not registered:
     [.GenMap [.relationshipMatrix
    See section ‘Registering S3 methods’ in the ‘Writing R Extensions’
    manual.
Flavors: r-devel-linux-x86_64-debian-clang, r-devel-linux-x86_64-debian-gcc, r-patched-linux-x86_64, r-patched-solaris-x86, r-release-linux-x86_64

Version: 0.12-6
Check: package dependencies
Result: ERROR
    Package required but not available: ‘LDheatmap’
    
    See section ‘The DESCRIPTION file’ in the ‘Writing R Extensions’
    manual.
Flavor: r-release-osx-x86_64