CRAN Package Check Results for Package synbreed

Last updated on 2015-03-03 19:50:42.

Flavor Version Tinstall Tcheck Ttotal Status Flags
r-devel-linux-x86_64-debian-clang 0.10-5 3.40 50.77 54.17 NOTE
r-devel-linux-x86_64-debian-gcc 0.10-5 3.27 49.30 52.57 NOTE
r-devel-linux-x86_64-fedora-clang 0.10-5 110.33 NOTE
r-devel-linux-x86_64-fedora-gcc 0.10-5 102.84 NOTE
r-devel-osx-x86_64-clang 0.10-5 93.34 NOTE
r-devel-windows-ix86+x86_64 0.10-5 15.00 99.00 114.00 NOTE
r-patched-linux-x86_64 0.10-5 4.68 64.60 69.28 NOTE
r-patched-solaris-sparc 0.10-5 825.80 NOTE
r-patched-solaris-x86 0.10-5 199.80 NOTE
r-release-linux-ix86 0.10-5 5.65 74.34 79.98 OK
r-release-linux-x86_64 0.10-5 4.84 61.66 66.49 OK
r-release-osx-x86_64-mavericks 0.10-5 NOTE
r-release-osx-x86_64-snowleopard 0.10-5 OK
r-release-windows-ix86+x86_64 0.10-5 21.00 132.00 153.00 OK
r-oldrel-windows-ix86+x86_64 0.10-5 14.00 92.00 106.00 OK

Check Details

Version: 0.10-5
Check: S3 generic/method consistency
Result: NOTE
    Found the following apparent S3 methods exported but not registered:
     plot.GenMap plot.LDdf plot.LDmat plot.pedigree
     plot.relationshipMatrix predict.gpMod print.summary.cvData
     print.summary.gpData print.summary.gpMod print.summary.gpModList
     print.summary.pedigree print.summary.relationshipMatrix summary.LDdf
     summary.LDmat summary.cvData summary.gpData summary.gpMod
     summary.gpModList summary.pedigree summary.relationshipMatrix
    See section ‘Registering S3 methods’ in the ‘Writing R Extensions’
    manual.
Flavors: r-devel-linux-x86_64-debian-clang, r-devel-linux-x86_64-debian-gcc, r-devel-linux-x86_64-fedora-clang, r-devel-linux-x86_64-fedora-gcc, r-devel-osx-x86_64-clang

Version: 0.10-5
Check: line endings in Makefiles
Result: NOTE
    Found the following Makefile(s) without a final LF:
     vignettes/Makefile
    Some ‘make’ programs ignore lines not ending in LF.
Flavors: r-devel-linux-x86_64-debian-clang, r-devel-linux-x86_64-debian-gcc, r-devel-linux-x86_64-fedora-clang, r-devel-linux-x86_64-fedora-gcc, r-devel-osx-x86_64-clang, r-devel-windows-ix86+x86_64, r-patched-linux-x86_64, r-patched-solaris-sparc, r-patched-solaris-x86, r-release-osx-x86_64-mavericks