CRAN Package Check Results for Package synbreed

Last updated on 2017-10-18 23:48:10.

Flavor Version Tinstall Tcheck Ttotal Status Flags
r-devel-linux-x86_64-debian-clang 0.12-6 3.59 86.09 89.68 NOTE
r-devel-linux-x86_64-debian-gcc 0.12-6 3.84 90.83 94.67 NOTE
r-devel-linux-x86_64-fedora-clang 0.12-6 193.10 NOTE
r-devel-linux-x86_64-fedora-gcc 0.12-6 186.77 NOTE
r-devel-windows-ix86+x86_64 0.12-6 9.00 197.00 206.00 OK
r-patched-linux-x86_64 0.12-6 3.48 83.71 87.18 NOTE
r-patched-solaris-x86 0.12-6 238.00 NOTE
r-release-linux-x86_64 0.12-6 3.76 83.25 87.02 NOTE
r-release-windows-ix86+x86_64 0.12-6 17.00 178.00 195.00 OK
r-release-osx-x86_64 0.12-6 ERROR
r-oldrel-windows-ix86+x86_64 0.12-6 12.00 188.00 200.00 OK
r-oldrel-osx-x86_64 0.12-6 OK

Check Details

Version: 0.12-6
Check: S3 generic/method consistency
Result: NOTE
    Found the following apparent S3 methods exported but not registered:
     [.GenMap [.relationshipMatrix
    See section ‘Registering S3 methods’ in the ‘Writing R Extensions’
    manual.
Flavors: r-devel-linux-x86_64-debian-clang, r-devel-linux-x86_64-debian-gcc, r-devel-linux-x86_64-fedora-clang, r-devel-linux-x86_64-fedora-gcc, r-patched-linux-x86_64, r-patched-solaris-x86, r-release-linux-x86_64

Version: 0.12-6
Check: package dependencies
Result: ERROR
    Package required but not available: ‘LDheatmap’
    
    See section ‘The DESCRIPTION file’ in the ‘Writing R Extensions’
    manual.
Flavor: r-release-osx-x86_64