CRAN Package Check Results for Package synbreed

Last updated on 2017-03-28 23:50:54.

Flavor Version Tinstall Tcheck Ttotal Status Flags
r-devel-linux-x86_64-debian-clang 0.11-41 3.41 77.86 81.28 OK
r-devel-linux-x86_64-debian-gcc 0.11-41 3.20 77.73 80.94 OK
r-devel-linux-x86_64-fedora-clang 0.11-41 179.72 NOTE --no-stop-on-test-error
r-devel-linux-x86_64-fedora-gcc 0.11-41 169.56 NOTE --no-stop-on-test-error
r-devel-macos-x86_64-clang 0.11-41 136.58 NOTE --no-stop-on-test-error
r-devel-windows-ix86+x86_64 0.11-41 11.00 180.00 191.00 OK
r-patched-linux-x86_64 0.11-41 3.40 77.68 81.08 OK
r-patched-solaris-sparc 0.11-41 983.20 NOTE
r-patched-solaris-x86 0.11-41 223.20 NOTE
r-release-linux-x86_64 0.11-41 3.27 72.98 76.25 OK
r-release-osx-x86_64-mavericks 0.11-41 NOTE
r-release-windows-ix86+x86_64 0.11-41 13.00 157.00 170.00 OK
r-oldrel-windows-ix86+x86_64 0.11-41 11.00 186.00 197.00 NOTE

Check Details

Version: 0.11-41
Flags: --no-stop-on-test-error
Check: dependencies in R code
Result: NOTE
    Namespaces in Imports field not imported from:
     ‘doParallel’ ‘foreach’ ‘parallel’
     All declared Imports should be used.
Flavors: r-devel-linux-x86_64-fedora-clang, r-devel-linux-x86_64-fedora-gcc, r-devel-macos-x86_64-clang

Version: 0.11-41
Check: dependencies in R code
Result: NOTE
    Namespaces in Imports field not imported from:
     ‘doParallel’ ‘foreach’ ‘parallel’
     All declared Imports should be used.
Flavors: r-patched-solaris-sparc, r-patched-solaris-x86, r-release-osx-x86_64-mavericks, r-oldrel-windows-ix86+x86_64