CRAN Package Check Results for Package synbreed

Last updated on 2018-06-18 14:47:25 CEST.

Flavor Version Tinstall Tcheck Ttotal Status Flags
r-devel-linux-x86_64-debian-clang 0.12-9 13.88 130.29 144.17 OK
r-devel-linux-x86_64-debian-gcc 0.12-9 11.77 115.48 127.25 OK
r-devel-linux-x86_64-fedora-clang 0.12-9 191.26 OK
r-devel-linux-x86_64-fedora-gcc 0.12-9 185.37 OK
r-devel-windows-ix86+x86_64 0.12-9 27.00 145.00 172.00 OK
r-patched-linux-x86_64 0.12-9 11.74 132.83 144.57 OK
r-patched-solaris-x86 0.12-9 248.30 OK
r-release-linux-x86_64 0.12-9 11.76 131.92 143.68 OK
r-release-windows-ix86+x86_64 0.12-9 30.00 144.00 174.00 OK
r-release-osx-x86_64 0.12-9 OK
r-oldrel-windows-ix86+x86_64 0.12-9 13.00 217.00 230.00 OK
r-oldrel-osx-x86_64 0.12-9 ERROR

Check Details

Version: 0.12-9
Check: package dependencies
Result: ERROR
    Package required but not available: ‘LDheatmap’
    
    See section ‘The DESCRIPTION file’ in the ‘Writing R Extensions’
    manual.
Flavor: r-oldrel-osx-x86_64