CRAN Package Check Results for Package synbreed

Last updated on 2016-09-25 18:48:21.

Flavor Version Tinstall Tcheck Ttotal Status Flags
r-devel-linux-x86_64-debian-clang 0.11-29 2.92 43.29 46.21 WARN
r-devel-linux-x86_64-debian-gcc 0.11-29 2.87 42.25 45.12 WARN
r-devel-linux-x86_64-fedora-clang 0.11-29 93.19 WARN
r-devel-linux-x86_64-fedora-gcc 0.11-29 89.08 WARN
r-devel-macos-x86_64-clang 0.11-29 72.79 WARN
r-devel-windows-ix86+x86_64 0.11-29 8.00 145.00 153.00 WARN
r-patched-linux-x86_64 0.11-29 3.06 43.14 46.20 OK
r-patched-solaris-sparc 0.11-29 579.00 OK
r-patched-solaris-x86 0.11-29 120.80 OK
r-release-linux-x86_64 0.11-29 3.20 43.63 46.83 OK
r-release-osx-x86_64-mavericks 0.11-29 OK
r-release-windows-ix86+x86_64 0.11-29 8.00 78.00 86.00 OK
r-oldrel-windows-ix86+x86_64 0.11-29 12.00 93.00 105.00 OK

Check Details

Version: 0.11-29
Check: files in ‘vignettes’
Result: WARN
    Files in the 'vignettes' directory but no files in 'inst/doc':
     ‘IntroSyn.bib’, ‘IntroSyn.pdf’, ‘IntroSyn.tex’, ‘Makefile’, ‘bm.sty’,
     ‘cv.mice.Rdata’, ‘figs/LDmaize.png’, ‘figs/cattleHist.pdf’,
     ‘figs/genMapCattle.pdf’, ‘figs/genMapMaize.pdf’,
     ‘figs/genMapMice.pdf’, ‘figs/maizeHist.pdf’,
     ‘figs/manhattanPlot.pdf’, ‘figs/miceHist.pdf’, ‘figs/relMatA.png’,
     ‘figs/relMatG.png’, ‘figs/synbreedPackageDescription.pdf’
    Package has no Sweave vignette sources and no VignetteBuilder field.
Flavors: r-devel-linux-x86_64-debian-clang, r-devel-linux-x86_64-debian-gcc, r-devel-linux-x86_64-fedora-clang, r-devel-linux-x86_64-fedora-gcc, r-devel-macos-x86_64-clang, r-devel-windows-ix86+x86_64