CRAN Package Check Results for Package synbreed

Last updated on 2017-01-20 10:48:20.

Flavor Version Tinstall Tcheck Ttotal Status Flags
r-devel-linux-x86_64-debian-clang 0.11-41 4.34 75.87 80.20 OK
r-devel-linux-x86_64-debian-gcc 0.11-41 3.36 74.96 78.32 OK
r-devel-linux-x86_64-fedora-clang 0.11-41 170.88 NOTE --no-stop-on-test-error
r-devel-linux-x86_64-fedora-gcc 0.11-41 171.75 NOTE --no-stop-on-test-error
r-devel-macos-x86_64-clang 0.11-41 135.18 NOTE --no-stop-on-test-error
r-devel-windows-ix86+x86_64 0.11-41 17.00 170.00 187.00 OK
r-patched-linux-x86_64 0.11-41 3.36 72.03 75.39 OK
r-patched-solaris-sparc 0.11-41 888.50 NOTE
r-patched-solaris-x86 0.11-41 193.80 NOTE
r-release-linux-x86_64 0.11-41 3.09 74.18 77.27 OK
r-release-osx-x86_64-mavericks 0.11-41 NOTE
r-release-windows-ix86+x86_64 0.11-41 10.00 114.00 124.00 OK
r-oldrel-windows-ix86+x86_64 0.11-41 12.00 235.00 247.00 NOTE

Check Details

Version: 0.11-41
Flags: --no-stop-on-test-error
Check: dependencies in R code
Result: NOTE
    Namespaces in Imports field not imported from:
     ‘doParallel’ ‘foreach’ ‘parallel’
     All declared Imports should be used.
Flavors: r-devel-linux-x86_64-fedora-clang, r-devel-linux-x86_64-fedora-gcc, r-devel-macos-x86_64-clang

Version: 0.11-41
Check: dependencies in R code
Result: NOTE
    Namespaces in Imports field not imported from:
     ‘doParallel’ ‘foreach’ ‘parallel’
     All declared Imports should be used.
Flavors: r-patched-solaris-sparc, r-patched-solaris-x86, r-release-osx-x86_64-mavericks, r-oldrel-windows-ix86+x86_64