CRAN Package Check Results for Package synchronicity

Last updated on 2014-10-21 12:49:20.

Flavor Version Tinstall Tcheck Ttotal Status Flags
r-devel-linux-x86_64-debian-clang 1.1.4 3.88 11.76 15.65 NOTE
r-devel-linux-x86_64-debian-gcc 1.1.4 5.81 11.51 17.32 NOTE
r-devel-linux-x86_64-fedora-clang 1.1.4 34.00 NOTE
r-devel-linux-x86_64-fedora-gcc 1.1.4 31.47 NOTE
r-devel-osx-x86_64-clang 1.1.4 33.56 NOTE
r-patched-linux-x86_64 1.1.4 6.14 11.43 17.57 NOTE
r-patched-solaris-sparc 1.1.4 186.80 NOTE
r-patched-solaris-x86 1.1.4 51.20 NOTE
r-release-linux-ix86 1.1.4 8.57 18.06 26.63 OK
r-release-linux-x86_64 1.1.4 5.85 11.87 17.72 OK
r-release-osx-x86_64-mavericks 1.1.4 OK
r-release-osx-x86_64-snowleopard 1.1.4 OK

Memtest notes: valgrind

Check Details

Version: 1.1.4
Check: compiled code
Result: NOTE
    File ‘synchronicity/libs/synchronicity.so’:
     Found ‘rand’, possibly from ‘rand’ (C)
     Object: ‘uuid_create.o’
    
    Compiled code should not call entry points which might terminate R nor
    write to stdout/stderr instead of to the console, nor the C RNG.
    
    See ‘Writing portable packages’ in the ‘Writing R Extensions’ manual.
Flavors: r-devel-linux-x86_64-debian-clang, r-devel-linux-x86_64-debian-gcc, r-devel-linux-x86_64-fedora-clang, r-devel-linux-x86_64-fedora-gcc, r-patched-linux-x86_64, r-patched-solaris-sparc, r-patched-solaris-x86

Version: 1.1.4
Check: compiled code
Result: NOTE
    File ‘synchronicity/libs/synchronicity.so’:
     Found ‘_rand’, possibly from ‘rand’ (C)
     Object: ‘uuid_create.o’
    
    Compiled code should not call entry points which might terminate R nor
    write to stdout/stderr instead of to the console, nor the C RNG.
    
    See ‘Writing portable packages’ in the ‘Writing R Extensions’ manual.
Flavor: r-devel-osx-x86_64-clang