CRAN Package Check Results for Package synchronicity

Last updated on 2017-07-20 23:51:45.

Flavor Version Tinstall Tcheck Ttotal Status Flags
r-devel-linux-x86_64-debian-clang 1.1.9.1 16.84 21.18 38.02 NOTE
r-devel-linux-x86_64-debian-gcc 1.1.9.1 17.21 20.77 37.98 NOTE
r-devel-linux-x86_64-fedora-clang 1.1.9.1 64.59 NOTE
r-devel-linux-x86_64-fedora-gcc 1.1.9.1 56.96 NOTE
r-patched-linux-x86_64 1.1.9.1 17.00 21.27 38.27 NOTE
r-patched-solaris-x86 1.1.9.1 65.70 OK
r-release-linux-x86_64 1.1.9.1 16.30 21.26 37.56 NOTE
r-release-osx-x86_64 1.1.9.1 OK
r-oldrel-osx-x86_64 1.1.9.1 OK

Check Details

Version: 1.1.9.1
Check: compiled code
Result: NOTE
    File ‘synchronicity/libs/synchronicity.so’:
     Found no calls to: ‘R_registerRoutines’, ‘R_useDynamicSymbols’
    
    It is good practice to register native routines and to disable symbol
    search.
    
    See ‘Writing portable packages’ in the ‘Writing R Extensions’ manual.
Flavors: r-devel-linux-x86_64-debian-clang, r-devel-linux-x86_64-debian-gcc, r-devel-linux-x86_64-fedora-clang, r-devel-linux-x86_64-fedora-gcc, r-patched-linux-x86_64, r-release-linux-x86_64