CRAN Package Check Results for Package synchronicity

Last updated on 2015-03-03 17:47:58.

Flavor Version Tinstall Tcheck Ttotal Status Flags
r-devel-linux-x86_64-debian-clang 1.1.4 3.97 10.52 14.49 NOTE
r-devel-linux-x86_64-debian-gcc 1.1.4 5.70 10.33 16.03 NOTE
r-devel-linux-x86_64-fedora-clang 1.1.4 30.46 NOTE
r-devel-linux-x86_64-fedora-gcc 1.1.4 29.10 NOTE
r-devel-osx-x86_64-clang 1.1.4 30.75 NOTE
r-patched-linux-x86_64 1.1.4 5.85 11.73 17.58 NOTE
r-patched-solaris-sparc 1.1.4 220.40 NOTE
r-patched-solaris-x86 1.1.4 50.70 NOTE
r-release-linux-ix86 1.1.4 8.58 18.27 26.85 NOTE
r-release-linux-x86_64 1.1.4 5.95 11.81 17.76 NOTE
r-release-osx-x86_64-mavericks 1.1.4 NOTE
r-release-osx-x86_64-snowleopard 1.1.4 OK

Memtest notes: valgrind

Check Details

Version: 1.1.4
Check: DESCRIPTION meta-information
Result: NOTE
    Malformed Title field: should not end in a period.
Flavors: r-devel-linux-x86_64-debian-clang, r-devel-linux-x86_64-debian-gcc, r-devel-linux-x86_64-fedora-clang, r-devel-linux-x86_64-fedora-gcc, r-devel-osx-x86_64-clang

Version: 1.1.4
Check: compiled code
Result: NOTE
    File ‘synchronicity/libs/synchronicity.so’:
     Found ‘rand’, possibly from ‘rand’ (C)
     Object: ‘uuid_create.o’
    
    Compiled code should not call entry points which might terminate R nor
    write to stdout/stderr instead of to the console, nor the system RNG.
    
    See ‘Writing portable packages’ in the ‘Writing R Extensions’ manual.
Flavors: r-devel-linux-x86_64-debian-clang, r-devel-linux-x86_64-debian-gcc, r-devel-linux-x86_64-fedora-clang, r-devel-linux-x86_64-fedora-gcc, r-patched-linux-x86_64, r-patched-solaris-sparc, r-patched-solaris-x86

Version: 1.1.4
Check: compiled code
Result: NOTE
    File ‘synchronicity/libs/synchronicity.so’:
     Found ‘_rand’, possibly from ‘rand’ (C)
     Object: ‘uuid_create.o’
    
    Compiled code should not call entry points which might terminate R nor
    write to stdout/stderr instead of to the console, nor the system RNG.
    
    See ‘Writing portable packages’ in the ‘Writing R Extensions’ manual.
Flavors: r-devel-osx-x86_64-clang, r-release-osx-x86_64-mavericks

Version: 1.1.4
Check: compiled code
Result: NOTE
    File ‘synchronicity/libs/synchronicity.so’:
     Found ‘rand’, possibly from ‘rand’ (C)
     Object: ‘uuid_create.o’
    
    Compiled code should not call entry points which might terminate R nor
    write to stdout/stderr instead of to the console, nor the C RNG.
    
    See ‘Writing portable packages’ in the ‘Writing R Extensions’ manual.
Flavors: r-release-linux-ix86, r-release-linux-x86_64