CRAN Package Check Results for Package synchronicity

Last updated on 2014-09-19 03:47:27.

Flavor Version Tinstall Tcheck Ttotal Status Flags
r-devel-linux-x86_64-debian-clang 1.1.4 3.83 11.32 15.15 NOTE
r-devel-linux-x86_64-debian-gcc 1.1.4 5.73 11.10 16.83 NOTE
r-devel-linux-x86_64-fedora-clang 1.1.4 33.06 NOTE
r-devel-linux-x86_64-fedora-gcc 1.1.4 31.60 NOTE
r-devel-osx-x86_64-clang 1.1.4 31.86 NOTE
r-patched-linux-x86_64 1.1.4 6.13 11.50 17.63 OK
r-patched-solaris-sparc 1.1.4 204.60 OK
r-patched-solaris-x86 1.1.4 50.90 OK
r-release-linux-ix86 1.1.4 8.43 17.78 26.21 OK
r-release-linux-x86_64 1.1.4 6.06 11.94 17.99 OK
r-release-osx-x86_64-mavericks 1.1.4 OK
r-release-osx-x86_64-snowleopard 1.1.4 OK

Memtest notes: valgrind

Check Details

Version: 1.1.4
Check: compiled code
Result: NOTE
    File ‘synchronicity/libs/synchronicity.so’:
     Found ‘rand’, possibly from ‘rand’ (C)
     Object: ‘uuid_create.o’
    
    Compiled code should not call entry points which might terminate R nor
    write to stdout/stderr instead of to the console, nor the C RNG.
    
    See ‘Writing portable packages’ in the ‘Writing R Extensions’ manual.
Flavors: r-devel-linux-x86_64-debian-clang, r-devel-linux-x86_64-debian-gcc, r-devel-linux-x86_64-fedora-clang, r-devel-linux-x86_64-fedora-gcc

Version: 1.1.4
Check: compiled code
Result: NOTE
    File ‘synchronicity/libs/synchronicity.so’:
     Found ‘_rand’, possibly from ‘rand’ (C)
     Object: ‘uuid_create.o’
    
    Compiled code should not call entry points which might terminate R nor
    write to stdout/stderr instead of to the console, nor the C RNG.
    
    See ‘Writing portable packages’ in the ‘Writing R Extensions’ manual.
Flavor: r-devel-osx-x86_64-clang