CRAN Package Check Results for Package synchronicity

Last updated on 2016-02-12 09:50:59.

Flavor Version Tinstall Tcheck Ttotal Status Flags
r-devel-linux-x86_64-debian-gcc 1.1.9 7.56 1.16 8.72 ERROR
r-devel-linux-x86_64-fedora-clang 1.1.9 29.89 ERROR
r-devel-linux-x86_64-fedora-gcc 1.1.9 22.40 ERROR
r-devel-osx-x86_64-clang 1.1.9 21.15 ERROR
r-patched-linux-x86_64 1.1.9 9.46 1.30 10.76 ERROR
r-patched-solaris-sparc 1.1.9 132.10 ERROR
r-patched-solaris-x86 1.1.9 22.50 ERROR
r-release-linux-x86_64 1.1.9 9.57 1.26 10.83 ERROR
r-release-osx-x86_64-mavericks 1.1.9 OK

Check Details

Version: 1.1.9
Check: whether package can be installed
Result: ERROR
    Installation failed.
Flavors: r-devel-linux-x86_64-debian-gcc, r-devel-linux-x86_64-fedora-clang, r-devel-linux-x86_64-fedora-gcc, r-devel-osx-x86_64-clang, r-patched-linux-x86_64, r-patched-solaris-sparc, r-patched-solaris-x86, r-release-linux-x86_64