CRAN Package Check Results for Package synchronicity

Last updated on 2016-06-25 06:47:34.

Flavor Version Tinstall Tcheck Ttotal Status Flags
r-devel-linux-x86_64-debian-gcc 1.1.9.1 19.26 12.87 32.13 OK
r-devel-linux-x86_64-fedora-clang 1.1.9.1 58.04 OK
r-devel-linux-x86_64-fedora-gcc 1.1.9.1 48.77 OK
r-devel-osx-x86_64-clang 1.1.9.1 38.89 OK
r-patched-linux-x86_64 1.1.9.1 13.50 12.25 25.76 OK
r-patched-solaris-x86 1.1.9.1 59.90 OK
r-release-linux-x86_64 1.1.9.1 13.51 13.12 26.64 OK
r-release-osx-x86_64-mavericks 1.1.9.1 OK

Check Details

Version: 1.1.9.1
Check: installed package size
Result: NOTE
     installed size is 5.1Mb
     sub-directories of 1Mb or more:
     libs 5.0Mb
Flavor: r-patched-solaris-sparc