CRAN Package Check Results for Package synchronicity

Last updated on 2017-11-20 00:54:51.

Flavor Version Tinstall Tcheck Ttotal Status Flags
r-devel-linux-x86_64-debian-clang 1.1.9.1 16.85 14.03 30.88 NOTE
r-devel-linux-x86_64-debian-gcc 1.1.9.1 15.34 31.76 47.10 NOTE
r-devel-linux-x86_64-fedora-clang 1.1.9.1 62.70 NOTE
r-devel-linux-x86_64-fedora-gcc 1.1.9.1 96.23 NOTE
r-patched-linux-x86_64 1.1.9.1 16.77 15.00 31.77 NOTE
r-patched-solaris-x86 1.1.9.1 65.50 OK
r-release-linux-x86_64 1.1.9.1 16.43 14.67 31.10 NOTE
r-release-osx-x86_64 1.1.9.1 OK
r-oldrel-osx-x86_64 1.1.9.1 OK

Check Details

Version: 1.1.9.1
Check: compiled code
Result: NOTE
    File ‘synchronicity/libs/synchronicity.so’:
     Found no calls to: ‘R_registerRoutines’, ‘R_useDynamicSymbols’
    
    It is good practice to register native routines and to disable symbol
    search.
    
    See ‘Writing portable packages’ in the ‘Writing R Extensions’ manual.
Flavors: r-devel-linux-x86_64-debian-clang, r-devel-linux-x86_64-debian-gcc, r-devel-linux-x86_64-fedora-clang, r-devel-linux-x86_64-fedora-gcc, r-patched-linux-x86_64, r-release-linux-x86_64