CRAN Package Check Results for Package synchronicity

Last updated on 2014-11-23 12:46:43.

Flavor Version Tinstall Tcheck Ttotal Status Flags
r-devel-linux-x86_64-debian-clang 1.1.4 3.90 11.81 15.71 NOTE
r-devel-linux-x86_64-debian-gcc 1.1.4 5.67 11.71 17.38 NOTE
r-devel-linux-x86_64-fedora-clang 1.1.4 35.05 NOTE
r-devel-linux-x86_64-fedora-gcc 1.1.4 34.09 NOTE
r-devel-osx-x86_64-clang 1.1.4 33.56 NOTE
r-patched-linux-x86_64 1.1.4 5.77 11.88 17.66 NOTE
r-patched-solaris-sparc 1.1.4 187.60 NOTE
r-patched-solaris-x86 1.1.4 52.80 NOTE
r-release-linux-ix86 1.1.4 7.96 17.51 25.47 NOTE
r-release-linux-x86_64 1.1.4 5.76 11.80 17.57 NOTE
r-release-osx-x86_64-mavericks 1.1.4 OK
r-release-osx-x86_64-snowleopard 1.1.4 OK

Memtest notes: valgrind

Check Details

Version: 1.1.4
Check: compiled code
Result: NOTE
    File ‘synchronicity/libs/synchronicity.so’:
     Found ‘rand’, possibly from ‘rand’ (C)
     Object: ‘uuid_create.o’
    
    Compiled code should not call entry points which might terminate R nor
    write to stdout/stderr instead of to the console, nor the C RNG.
    
    See ‘Writing portable packages’ in the ‘Writing R Extensions’ manual.
Flavors: r-devel-linux-x86_64-debian-clang, r-devel-linux-x86_64-debian-gcc, r-devel-linux-x86_64-fedora-clang, r-devel-linux-x86_64-fedora-gcc, r-patched-linux-x86_64, r-patched-solaris-sparc, r-patched-solaris-x86, r-release-linux-ix86, r-release-linux-x86_64

Version: 1.1.4
Check: compiled code
Result: NOTE
    File ‘synchronicity/libs/synchronicity.so’:
     Found ‘_rand’, possibly from ‘rand’ (C)
     Object: ‘uuid_create.o’
    
    Compiled code should not call entry points which might terminate R nor
    write to stdout/stderr instead of to the console, nor the C RNG.
    
    See ‘Writing portable packages’ in the ‘Writing R Extensions’ manual.
Flavor: r-devel-osx-x86_64-clang