CRAN Package Check Results for Package synchronicity

Last updated on 2017-02-24 23:52:58.

Flavor Version Tinstall Tcheck Ttotal Status Flags
r-devel-linux-x86_64-debian-clang 1.1.9.1 16.27 14.95 31.22 NOTE
r-devel-linux-x86_64-debian-gcc 1.1.9.1 16.27 14.59 30.86 NOTE
r-devel-linux-x86_64-fedora-clang 1.1.9.1 61.82 NOTE --no-stop-on-test-error
r-devel-linux-x86_64-fedora-gcc 1.1.9.1 55.90 NOTE --no-stop-on-test-error
r-devel-macos-x86_64-clang 1.1.9.1 43.48 NOTE --no-stop-on-test-error
r-patched-linux-x86_64 1.1.9.1 13.41 12.32 25.74 OK
r-patched-solaris-sparc 1.1.9.1 291.30 OK
r-patched-solaris-x86 1.1.9.1 57.10 OK
r-release-linux-x86_64 1.1.9.1 13.61 12.53 26.14 OK
r-release-osx-x86_64-mavericks 1.1.9.1 OK

Check Details

Version: 1.1.9.1
Check: compiled code
Result: NOTE
    File ‘synchronicity/libs/synchronicity.so’:
     Found no calls to: ‘R_registerRoutines’, ‘R_useDynamicSymbols’
    
    It is good practice to register native routines and to disable symbol
    search.
    
    See ‘Writing portable packages’ in the ‘Writing R Extensions’ manual.
Flavors: r-devel-linux-x86_64-debian-clang, r-devel-linux-x86_64-debian-gcc

Version: 1.1.9.1
Flags: --no-stop-on-test-error
Check: compiled code
Result: NOTE
    File ‘synchronicity/libs/synchronicity.so’:
     Found no calls to: ‘R_registerRoutines’, ‘R_useDynamicSymbols’
    
    It is good practice to register native routines and to disable symbol
    search.
    
    See ‘Writing portable packages’ in the ‘Writing R Extensions’ manual.
Flavors: r-devel-linux-x86_64-fedora-clang, r-devel-linux-x86_64-fedora-gcc, r-devel-macos-x86_64-clang