CRAN Package Check Results for Package synchronicity

Last updated on 2015-01-28 17:55:31.

Flavor Version Tinstall Tcheck Ttotal Status Flags
r-devel-linux-x86_64-debian-clang 1.1.4 3.91 10.56 14.46 NOTE
r-devel-linux-x86_64-debian-gcc 1.1.4 5.78 10.33 16.12 NOTE
r-devel-linux-x86_64-fedora-clang 1.1.4 36.22 NOTE
r-devel-linux-x86_64-fedora-gcc 1.1.4 32.95 NOTE
r-devel-osx-x86_64-clang 1.1.4 33.32 NOTE
r-patched-linux-x86_64 1.1.4 5.86 11.68 17.54 NOTE
r-patched-solaris-sparc 1.1.4 183.00 NOTE
r-patched-solaris-x86 1.1.4 49.70 NOTE
r-release-linux-ix86 1.1.4 8.08 17.35 25.44 NOTE
r-release-linux-x86_64 1.1.4 5.83 11.58 17.41 NOTE
r-release-osx-x86_64-mavericks 1.1.4 NOTE
r-release-osx-x86_64-snowleopard 1.1.4 OK

Memtest notes: valgrind

Check Details

Version: 1.1.4
Check: compiled code
Result: NOTE
    File ‘synchronicity/libs/synchronicity.so’:
     Found ‘rand’, possibly from ‘rand’ (C)
     Object: ‘uuid_create.o’
    
    Compiled code should not call entry points which might terminate R nor
    write to stdout/stderr instead of to the console, nor the system RNG.
    
    See ‘Writing portable packages’ in the ‘Writing R Extensions’ manual.
Flavors: r-devel-linux-x86_64-debian-clang, r-devel-linux-x86_64-debian-gcc, r-devel-linux-x86_64-fedora-clang, r-devel-linux-x86_64-fedora-gcc, r-patched-linux-x86_64, r-patched-solaris-sparc, r-patched-solaris-x86

Version: 1.1.4
Check: compiled code
Result: NOTE
    File ‘synchronicity/libs/synchronicity.so’:
     Found ‘_rand’, possibly from ‘rand’ (C)
     Object: ‘uuid_create.o’
    
    Compiled code should not call entry points which might terminate R nor
    write to stdout/stderr instead of to the console, nor the system RNG.
    
    See ‘Writing portable packages’ in the ‘Writing R Extensions’ manual.
Flavors: r-devel-osx-x86_64-clang, r-release-osx-x86_64-mavericks

Version: 1.1.4
Check: compiled code
Result: NOTE
    File ‘synchronicity/libs/synchronicity.so’:
     Found ‘rand’, possibly from ‘rand’ (C)
     Object: ‘uuid_create.o’
    
    Compiled code should not call entry points which might terminate R nor
    write to stdout/stderr instead of to the console, nor the C RNG.
    
    See ‘Writing portable packages’ in the ‘Writing R Extensions’ manual.
Flavors: r-release-linux-ix86, r-release-linux-x86_64