CRAN Package Check Results for Package synchronicity

Last updated on 2015-07-08 06:48:16.

Flavor Version Tinstall Tcheck Ttotal Status Flags
r-devel-linux-x86_64-debian-clang 1.1.4 3.72 10.48 14.20 NOTE
r-devel-linux-x86_64-debian-gcc 1.1.4 5.35 11.00 16.35 NOTE
r-devel-linux-x86_64-fedora-clang 1.1.4 29.66 NOTE
r-devel-linux-x86_64-fedora-gcc 1.1.4 29.49 NOTE
r-devel-osx-x86_64-clang 1.1.4 24.72 NOTE
r-patched-linux-x86_64 1.1.4 5.36 11.86 17.22 NOTE
r-patched-solaris-sparc 1.1.4 28.20 ERROR
r-patched-solaris-x86 1.1.4 44.60 NOTE
r-release-linux-x86_64 1.1.4 5.66 10.58 16.24 NOTE
r-release-osx-x86_64-mavericks 1.1.4 NOTE

Memtest notes: valgrind

Check Details

Version: 1.1.4
Check: DESCRIPTION meta-information
Result: NOTE
    Malformed Title field: should not end in a period.
Flavors: r-devel-linux-x86_64-debian-clang, r-devel-linux-x86_64-debian-gcc, r-devel-linux-x86_64-fedora-clang, r-devel-linux-x86_64-fedora-gcc, r-devel-osx-x86_64-clang, r-patched-linux-x86_64, r-patched-solaris-x86, r-release-linux-x86_64, r-release-osx-x86_64-mavericks

Version: 1.1.4
Check: compiled code
Result: NOTE
    File ‘synchronicity/libs/synchronicity.so’:
     Found ‘rand’, possibly from ‘rand’ (C)
     Object: ‘uuid_create.o’
    
    Compiled code should not call entry points which might terminate R nor
    write to stdout/stderr instead of to the console, nor the system RNG.
    
    See ‘Writing portable packages’ in the ‘Writing R Extensions’ manual.
Flavors: r-devel-linux-x86_64-debian-clang, r-devel-linux-x86_64-debian-gcc, r-devel-linux-x86_64-fedora-clang, r-devel-linux-x86_64-fedora-gcc, r-patched-linux-x86_64, r-patched-solaris-x86, r-release-linux-x86_64

Version: 1.1.4
Check: compiled code
Result: NOTE
    File ‘synchronicity/libs/synchronicity.so’:
     Found ‘_rand’, possibly from ‘rand’ (C)
     Object: ‘uuid_create.o’
    
    Compiled code should not call entry points which might terminate R nor
    write to stdout/stderr instead of to the console, nor the system RNG.
    
    See ‘Writing portable packages’ in the ‘Writing R Extensions’ manual.
Flavors: r-devel-osx-x86_64-clang, r-release-osx-x86_64-mavericks

Version: 1.1.4
Check: whether package can be installed
Result: ERROR
    Installation failed.
Flavor: r-patched-solaris-sparc