CRAN Package Check Results for Package synchronicity

Last updated on 2015-05-22 12:46:41.

Flavor Version Tinstall Tcheck Ttotal Status Flags
r-devel-linux-x86_64-debian-clang 1.1.4 3.94 10.62 14.55 NOTE
r-devel-linux-x86_64-debian-gcc 1.1.4 5.39 10.40 15.79 NOTE
r-devel-linux-x86_64-fedora-gcc 1.1.4 29.82 NOTE
r-devel-osx-x86_64-clang 1.1.4 31.25 NOTE
r-patched-linux-x86_64 1.1.4 5.76 10.38 16.14 NOTE
r-patched-solaris-sparc 1.1.4 185.10 NOTE
r-patched-solaris-x86 1.1.4 40.30 NOTE
r-release-linux-x86_64 1.1.4 5.53 10.51 16.04 NOTE
r-release-osx-x86_64-mavericks 1.1.4 NOTE
r-release-osx-x86_64-snowleopard 1.1.4 NOTE

Memtest notes: valgrind

Check Details

Version: 1.1.4
Check: DESCRIPTION meta-information
Result: NOTE
    Malformed Title field: should not end in a period.
Flavors: r-devel-linux-x86_64-debian-clang, r-devel-linux-x86_64-debian-gcc, r-devel-linux-x86_64-fedora-gcc, r-devel-osx-x86_64-clang, r-patched-linux-x86_64, r-patched-solaris-sparc, r-patched-solaris-x86, r-release-linux-x86_64, r-release-osx-x86_64-mavericks, r-release-osx-x86_64-snowleopard

Version: 1.1.4
Check: compiled code
Result: NOTE
    File ‘synchronicity/libs/synchronicity.so’:
     Found ‘rand’, possibly from ‘rand’ (C)
     Object: ‘uuid_create.o’
    
    Compiled code should not call entry points which might terminate R nor
    write to stdout/stderr instead of to the console, nor the system RNG.
    
    See ‘Writing portable packages’ in the ‘Writing R Extensions’ manual.
Flavors: r-devel-linux-x86_64-debian-clang, r-devel-linux-x86_64-debian-gcc, r-devel-linux-x86_64-fedora-gcc, r-patched-linux-x86_64, r-patched-solaris-sparc, r-patched-solaris-x86, r-release-linux-x86_64

Version: 1.1.4
Check: compiled code
Result: NOTE
    File ‘synchronicity/libs/synchronicity.so’:
     Found ‘_rand’, possibly from ‘rand’ (C)
     Object: ‘uuid_create.o’
    
    Compiled code should not call entry points which might terminate R nor
    write to stdout/stderr instead of to the console, nor the system RNG.
    
    See ‘Writing portable packages’ in the ‘Writing R Extensions’ manual.
Flavors: r-devel-osx-x86_64-clang, r-release-osx-x86_64-mavericks, r-release-osx-x86_64-snowleopard