CRAN Package Check Results for Package synchronicity

Last updated on 2017-04-26 03:48:41.

Flavor Version Tinstall Tcheck Ttotal Status Flags
r-devel-linux-x86_64-debian-clang 1.1.9.1 16.56 14.66 31.22 NOTE
r-devel-linux-x86_64-debian-gcc 1.1.9.1 16.39 14.63 31.02 NOTE
r-devel-linux-x86_64-fedora-clang 1.1.9.1 65.67 NOTE --no-stop-on-test-error
r-devel-linux-x86_64-fedora-gcc 1.1.9.1 58.41 NOTE --no-stop-on-test-error
r-patched-linux-x86_64 1.1.9.1 13.59 14.73 28.32 NOTE
r-patched-solaris-sparc 1.1.9.1 307.00 OK
r-patched-solaris-x86 1.1.9.1 64.20 OK
r-release-linux-x86_64 1.1.9.1 13.33 14.59 27.92 NOTE
r-release-osx-x86_64 1.1.9.1 OK
r-oldrel-osx-x86_64 1.1.9.1 OK

Check Details

Version: 1.1.9.1
Check: compiled code
Result: NOTE
    File ‘synchronicity/libs/synchronicity.so’:
     Found no calls to: ‘R_registerRoutines’, ‘R_useDynamicSymbols’
    
    It is good practice to register native routines and to disable symbol
    search.
    
    See ‘Writing portable packages’ in the ‘Writing R Extensions’ manual.
Flavors: r-devel-linux-x86_64-debian-clang, r-devel-linux-x86_64-debian-gcc, r-patched-linux-x86_64, r-release-linux-x86_64

Version: 1.1.9.1
Flags: --no-stop-on-test-error
Check: compiled code
Result: NOTE
    File ‘synchronicity/libs/synchronicity.so’:
     Found no calls to: ‘R_registerRoutines’, ‘R_useDynamicSymbols’
    
    It is good practice to register native routines and to disable symbol
    search.
    
    See ‘Writing portable packages’ in the ‘Writing R Extensions’ manual.
Flavors: r-devel-linux-x86_64-fedora-clang, r-devel-linux-x86_64-fedora-gcc