Last updated on 2023-06-07 18:56:44 CEST.
Flavor | Version | Tinstall | Tcheck | Ttotal | Status | Flags |
---|---|---|---|---|---|---|
r-devel-linux-x86_64-debian-clang | 1.3.5 | 31.04 | 29.90 | 60.94 | NOTE | |
r-devel-linux-x86_64-debian-gcc | 1.3.5 | 20.58 | 23.47 | 44.05 | NOTE | |
r-devel-linux-x86_64-fedora-clang | 1.3.5 | 86.74 | NOTE | |||
r-devel-linux-x86_64-fedora-gcc | 1.3.5 | 79.16 | NOTE | |||
r-devel-windows-x86_64 | 1.3.5 | 25.00 | 72.00 | 97.00 | NOTE | |
r-patched-linux-x86_64 | 1.3.5 | 21.95 | 28.83 | 50.78 | NOTE | |
r-release-linux-x86_64 | 1.3.5 | 21.52 | 28.91 | 50.43 | NOTE | |
r-release-macos-arm64 | 1.3.5 | 28.00 | NOTE | |||
r-release-macos-x86_64 | 1.3.5 | 41.00 | NOTE | |||
r-release-windows-x86_64 | 1.3.5 | 28.00 | 72.00 | 100.00 | NOTE | |
r-oldrel-macos-arm64 | 1.3.5 | 26.00 | OK | |||
r-oldrel-macos-x86_64 | 1.3.5 | 36.00 | OK | |||
r-oldrel-windows-x86_64 | 1.3.5 | 42.00 | 64.00 | 106.00 | OK |
Version: 1.3.5
Check: C++ specification
Result: NOTE
Specified C++11: please drop specification unless essential
Flavors: r-devel-linux-x86_64-debian-clang, r-devel-linux-x86_64-debian-gcc, r-devel-linux-x86_64-fedora-clang, r-devel-linux-x86_64-fedora-gcc, r-devel-windows-x86_64, r-patched-linux-x86_64, r-release-linux-x86_64, r-release-macos-arm64, r-release-macos-x86_64, r-release-windows-x86_64
Version: 1.3.5
Check: top-level files
Result: NOTE
possible bashism in configure line 12 (echo -n):
echo -n " checking for Sun Studio compiler..."
possible bashism in configure line 22 (echo -n):
echo -n " checking for OS..."
Flavors: r-devel-linux-x86_64-fedora-clang, r-devel-linux-x86_64-fedora-gcc