CRAN Package Check Results for Package synchronicity

Last updated on 2017-03-25 06:48:20.

Flavor Version Tinstall Tcheck Ttotal Status Flags
r-devel-linux-x86_64-debian-clang 1.1.9.1 16.62 14.88 31.50 NOTE
r-devel-linux-x86_64-debian-gcc 1.1.9.1 16.21 14.58 30.79 NOTE
r-devel-linux-x86_64-fedora-clang 1.1.9.1 62.74 NOTE --no-stop-on-test-error
r-devel-linux-x86_64-fedora-gcc 1.1.9.1 56.08 NOTE --no-stop-on-test-error
r-devel-macos-x86_64-clang 1.1.9.1 43.13 NOTE --no-stop-on-test-error
r-patched-linux-x86_64 1.1.9.1 13.25 12.59 25.84 OK
r-patched-solaris-sparc 1.1.9.1 307.00 OK
r-patched-solaris-x86 1.1.9.1 68.20 OK
r-release-linux-x86_64 1.1.9.1 13.32 12.60 25.92 OK
r-release-osx-x86_64-mavericks 1.1.9.1 OK

Check Details

Version: 1.1.9.1
Check: compiled code
Result: NOTE
    File ‘synchronicity/libs/synchronicity.so’:
     Found no calls to: ‘R_registerRoutines’, ‘R_useDynamicSymbols’
    
    It is good practice to register native routines and to disable symbol
    search.
    
    See ‘Writing portable packages’ in the ‘Writing R Extensions’ manual.
Flavors: r-devel-linux-x86_64-debian-clang, r-devel-linux-x86_64-debian-gcc

Version: 1.1.9.1
Flags: --no-stop-on-test-error
Check: compiled code
Result: NOTE
    File ‘synchronicity/libs/synchronicity.so’:
     Found no calls to: ‘R_registerRoutines’, ‘R_useDynamicSymbols’
    
    It is good practice to register native routines and to disable symbol
    search.
    
    See ‘Writing portable packages’ in the ‘Writing R Extensions’ manual.
Flavors: r-devel-linux-x86_64-fedora-clang, r-devel-linux-x86_64-fedora-gcc, r-devel-macos-x86_64-clang