CRAN Package Check Results for Package synchronicity

Last updated on 2016-07-25 03:47:24.

Flavor Version Tinstall Tcheck Ttotal Status Flags
r-devel-linux-x86_64-debian-clang 1.1.9.1 20.05 14.77 34.82 OK
r-devel-linux-x86_64-debian-gcc 1.1.9.1 21.72 15.38 37.10 OK
r-devel-linux-x86_64-fedora-clang 1.1.9.1 56.47 OK
r-devel-linux-x86_64-fedora-gcc 1.1.9.1 49.31 OK
r-devel-osx-x86_64-clang 1.1.9.1 39.79 OK
r-patched-linux-x86_64 1.1.9.1 14.67 15.32 29.99 OK
r-patched-solaris-sparc 1.1.9.1 297.20 NOTE
r-patched-solaris-x86 1.1.9.1 58.60 OK
r-release-linux-x86_64 1.1.9.1 14.63 14.99 29.62 OK
r-release-osx-x86_64-mavericks 1.1.9.1 OK

Check Details

Version: 1.1.9.1
Check: installed package size
Result: NOTE
     installed size is 5.1Mb
     sub-directories of 1Mb or more:
     libs 5.0Mb
Flavor: r-patched-solaris-sparc