CRAN Package Check Results for Package synchronicity

Last updated on 2018-01-18 22:47:50 CET.

Flavor Version Tinstall Tcheck Ttotal Status Flags
r-devel-linux-x86_64-debian-clang 1.1.9.1 24.81 20.80 45.61 WARN
r-devel-linux-x86_64-debian-gcc 1.1.9.1 18.14 17.81 35.95 NOTE
r-devel-linux-x86_64-fedora-clang 1.1.9.1 64.73 NOTE
r-devel-linux-x86_64-fedora-gcc 1.1.9.1 56.60 NOTE
r-patched-linux-x86_64 1.1.9.1 22.24 21.58 43.82 NOTE
r-patched-solaris-x86 1.1.9.1 73.00 OK
r-release-linux-x86_64 1.1.9.1 22.59 21.69 44.28 NOTE
r-release-osx-x86_64 1.1.9.1 OK
r-oldrel-osx-x86_64 1.1.9.1 OK

Check Details

Version: 1.1.9.1
Check: whether package can be installed
Result: WARN
    Found the following significant warnings:
     /home/hornik/tmp/R.check/r-devel-clang/Work/build/Packages/BH/include/boost/interprocess/mapped_region.hpp:351:63: warning: result of comparison 'boost::uintmax_t' (aka 'unsigned long') > 18446744073709551615 is always false [-Wtautological-constant-compare]
Flavor: r-devel-linux-x86_64-debian-clang

Version: 1.1.9.1
Check: compiled code
Result: NOTE
    File ‘synchronicity/libs/synchronicity.so’:
     Found no calls to: ‘R_registerRoutines’, ‘R_useDynamicSymbols’
    
    It is good practice to register native routines and to disable symbol
    search.
    
    See ‘Writing portable packages’ in the ‘Writing R Extensions’ manual.
Flavors: r-devel-linux-x86_64-debian-clang, r-devel-linux-x86_64-debian-gcc, r-devel-linux-x86_64-fedora-clang, r-devel-linux-x86_64-fedora-gcc, r-patched-linux-x86_64, r-release-linux-x86_64