CRAN Package Check Results for Package synchrony

Last updated on 2018-04-23 01:47:12 CEST.

Flavor Version Tinstall Tcheck Ttotal Status Flags
r-devel-linux-x86_64-debian-clang 0.2.3 2.93 24.91 27.84 NOTE
r-devel-linux-x86_64-debian-gcc 0.2.3 2.11 21.75 23.86 NOTE
r-devel-linux-x86_64-fedora-clang 0.2.3 36.61 NOTE
r-devel-linux-x86_64-fedora-gcc 0.2.3 35.27 NOTE
r-devel-windows-ix86+x86_64 0.2.3 7.00 36.00 43.00 NOTE
r-devel-osx-x86_64 0.2.3 NOTE
r-patched-linux-x86_64 0.2.3 2.91 27.36 30.27 NOTE
r-patched-solaris-x86 0.2.3 51.50 NOTE
r-release-linux-x86_64 0.2.3 1.01 27.95 28.96 NOTE
r-release-windows-ix86+x86_64 0.2.3 3.00 38.00 41.00 NOTE
r-release-osx-x86_64 0.2.3 NOTE
r-oldrel-windows-ix86+x86_64 0.2.3 3.00 36.00 39.00 NOTE

Check Details

Version: 0.2.3
Check: R code for possible problems
Result: NOTE
    community.sync: no visible global function definition for
     ‘txtProgressBar’
    community.sync: no visible global function definition for
     ‘setTxtProgressBar’
    community.sync.aux: no visible binding for global variable ‘sd’
    community.sync.aux: no visible global function definition for ‘var’
    coord2dist: no visible global function definition for ‘dist’
    correlated.matrix: no visible global function definition for ‘rnorm’
    kendall.w: no visible global function definition for ‘txtProgressBar’
    kendall.w: no visible global function definition for
     ‘setTxtProgressBar’
    kendall.w.aux: no visible global function definition for ‘pchisq’
    meancorr: no visible global function definition for ‘txtProgressBar’
    meancorr: no visible global function definition for ‘setTxtProgressBar’
    meancorr.aux: no visible global function definition for ‘cor’
    peaks: no visible global function definition for ‘txtProgressBar’
    peaks: no visible global function definition for ‘setTxtProgressBar’
    phase.partnered: no visible global function definition for ‘runif’
    phase.partnered: no visible binding for global variable ‘sd’
    phase.sync: no visible global function definition for ‘hist’
    phase.sync: no visible global function definition for ‘quantile’
    phase.sync: no visible global function definition for ‘txtProgressBar’
    phase.sync: no visible global function definition for
     ‘setTxtProgressBar’
    phase.sync.aux: no visible global function definition for ‘approx’
    plot.synchrony: no visible global function definition for ‘hist’
    plot.synchrony: no visible global function definition for ‘abline’
    plot.synchrony: no visible global function definition for ‘box’
    plot.vario: no visible global function definition for ‘plot’
    plot.vario: no visible binding for global variable ‘quantile’
    plot.vario: no visible global function definition for ‘polygon’
    plot.vario: no visible global function definition for ‘points’
    plot.vario: no visible global function definition for ‘abline’
    plot.variofit: no visible global function definition for ‘plot’
    plot.variofit: no visible global function definition for ‘lines’
    plot.variofit: no visible global function definition for ‘legend’
    rmse.expo: no visible global function definition for ‘weighted.mean’
    rmse.gauss: no visible global function definition for ‘weighted.mean’
    rmse.hole: no visible global function definition for ‘weighted.mean’
    rmse.lin: no visible global function definition for ‘weighted.mean’
    rmse.period: no visible global function definition for ‘weighted.mean’
    rmse.sill: no visible global function definition for ‘weighted.mean’
    rmse.sphere: no visible global function definition for ‘weighted.mean’
    surrogate.ts: no visible global function definition for ‘quantile’
    vario: no visible global function definition for ‘txtProgressBar’
    vario: no visible global function definition for ‘complete.cases’
    vario: no visible global function definition for ‘setTxtProgressBar’
    vario: no visible global function definition for ‘p.adjust’
    vario.aux: no visible global function definition for ‘cov’
    vario.aux: no visible global function definition for ‘cor’
    vario.aux : <anonymous>: no visible global function definition for
     ‘na.omit’
    vario.aux: no visible global function definition for ‘combn’
    vario.aux: no visible global function definition for ‘sd’
    vario.aux: no visible global function definition for ‘complete.cases’
    vario.fit: no visible global function definition for ‘lm’
    vario.fit: no visible global function definition for ‘nls’
    vario.fit: no visible global function definition for ‘coef’
    vario.fit: no visible global function definition for ‘optim’
    vario.func: no visible global function definition for ‘cov’
    vario.func: no visible global function definition for ‘cor’
    vario.stats: no visible global function definition for ‘predict’
    vario.stats: no visible global function definition for ‘coef’
    Undefined global functions or variables:
     abline approx box coef combn complete.cases cor cov dist hist legend
     lines lm na.omit nls optim p.adjust pchisq plot points polygon
     predict quantile rnorm runif sd setTxtProgressBar txtProgressBar var
     weighted.mean
    Consider adding
     importFrom("graphics", "abline", "box", "hist", "legend", "lines",
     "plot", "points", "polygon")
     importFrom("stats", "approx", "coef", "complete.cases", "cor", "cov",
     "dist", "lm", "na.omit", "nls", "optim", "p.adjust",
     "pchisq", "predict", "quantile", "rnorm", "runif", "sd",
     "var", "weighted.mean")
     importFrom("utils", "combn", "setTxtProgressBar", "txtProgressBar")
    to your NAMESPACE file.
Flavors: r-devel-linux-x86_64-debian-clang, r-devel-linux-x86_64-debian-gcc, r-devel-linux-x86_64-fedora-clang, r-devel-linux-x86_64-fedora-gcc, r-devel-windows-ix86+x86_64, r-devel-osx-x86_64, r-patched-linux-x86_64, r-patched-solaris-x86, r-release-linux-x86_64, r-release-windows-ix86+x86_64, r-release-osx-x86_64, r-oldrel-windows-ix86+x86_64