CRAN Package Check Results for Package synfd

Last updated on 2020-08-14 00:47:38 CEST.

Flavor Version Tinstall Tcheck Ttotal Status Flags
r-devel-linux-x86_64-debian-clang 0.1.3 2.54 21.56 24.10 OK
r-devel-linux-x86_64-debian-gcc 0.1.3 1.82 16.79 18.61 OK
r-devel-linux-x86_64-fedora-clang 0.1.3 38.21 NOTE
r-devel-linux-x86_64-fedora-gcc 0.1.3 27.96 NOTE
r-devel-windows-ix86+x86_64 0.1.3 7.00 48.00 55.00 OK
r-patched-linux-x86_64 0.1.3 2.59 21.24 23.83 OK
r-patched-solaris-x86 0.1.3 42.10 NOTE
r-release-linux-x86_64 0.1.3 2.64 21.21 23.85 OK
r-release-macos-x86_64 0.1.3 NOTE
r-release-windows-ix86+x86_64 0.1.3 9.00 35.00 44.00 OK
r-oldrel-macos-x86_64 0.1.3 NOTE
r-oldrel-windows-ix86+x86_64 0.1.3 4.00 36.00 40.00 OK

Check Details

Version: 0.1.3
Check: dependencies in R code
Result: NOTE
    Namespace in Imports field not imported from: ‘Rdpack’
     All declared Imports should be used.
Flavors: r-devel-linux-x86_64-fedora-clang, r-devel-linux-x86_64-fedora-gcc, r-patched-solaris-x86, r-release-macos-x86_64, r-oldrel-macos-x86_64