CRAN Package Check Results for Package sys

Last updated on 2020-06-04 00:50:01 CEST.

Flavor Version Tinstall Tcheck Ttotal Status Flags
r-devel-linux-x86_64-debian-clang 3.3 2.67 22.97 25.64 OK
r-devel-linux-x86_64-debian-gcc 3.3 2.10 18.55 20.65 OK
r-devel-linux-x86_64-fedora-clang 3.3 42.53 OK
r-devel-linux-x86_64-fedora-gcc 3.3 32.09 OK
r-devel-windows-ix86+x86_64 3.3 14.00 88.00 102.00 NOTE
r-patched-linux-x86_64 3.3 2.61 23.21 25.82 OK
r-patched-solaris-x86 3.3 50.70 OK
r-release-linux-x86_64 3.3 2.28 23.30 25.58 OK
r-release-osx-x86_64 3.3 OK
r-release-windows-ix86+x86_64 3.3 12.00 80.00 92.00 NOTE
r-oldrel-osx-x86_64 3.3 OK
r-oldrel-windows-ix86+x86_64 3.3 20.00 61.00 81.00 NOTE

Check Details

Version: 3.3
Check: package dependencies
Result: NOTE
    Package suggested but not available for checking: 'unix'
Flavors: r-devel-windows-ix86+x86_64, r-release-windows-ix86+x86_64, r-oldrel-windows-ix86+x86_64