CRAN Package Check Results for Package sys

Last updated on 2024-02-21 04:55:54 CET.

Flavor Version Tinstall Tcheck Ttotal Status Flags
r-devel-linux-x86_64-debian-clang 3.4.2 OK
r-devel-linux-x86_64-debian-gcc 3.4.2 2.10 20.42 22.52 OK
r-devel-linux-x86_64-fedora-clang 3.4.2 36.40 OK
r-devel-linux-x86_64-fedora-gcc 3.4.2 35.17 OK
r-devel-windows-x86_64 3.4.2 8.00 53.00 61.00 NOTE
r-patched-linux-x86_64 3.4.2 3.09 26.54 29.63 OK
r-release-linux-x86_64 3.4.2 3.11 25.58 28.69 OK
r-release-macos-arm64 3.4.2 36.00 OK
r-release-macos-x86_64 3.4.2 53.00 OK
r-release-windows-x86_64 3.4.2 8.00 55.00 63.00 NOTE
r-oldrel-macos-arm64 3.4.2 43.00 OK
r-oldrel-windows-x86_64 3.4.2 8.00 58.00 66.00 NOTE

Check Details

Version: 3.4.2
Check: package dependencies
Result: NOTE Package suggested but not available for checking: 'unix' Flavors: r-devel-windows-x86_64, r-release-windows-x86_64, r-oldrel-windows-x86_64