CRAN Package Check Results for Package sysfonts

Last updated on 2020-10-21 05:48:59 CEST.

Flavor Version Tinstall Tcheck Ttotal Status Flags
r-devel-linux-x86_64-debian-clang 0.8.1 4.49 22.48 26.97 OK
r-devel-linux-x86_64-debian-gcc 0.8.1 3.14 17.97 21.11 OK
r-devel-linux-x86_64-fedora-clang 0.8.1 41.06 OK
r-devel-linux-x86_64-fedora-gcc 0.8.1 31.46 OK
r-devel-windows-ix86+x86_64 0.8.1 10.00 37.00 47.00 OK
r-patched-linux-x86_64 0.8.1 3.57 21.54 25.11 OK
r-patched-solaris-x86 0.8.1 44.70 OK
r-release-linux-x86_64 0.8.1 3.79 21.69 25.48 OK
r-release-macos-x86_64 0.8.1 NOTE
r-release-windows-ix86+x86_64 0.8.1 12.00 39.00 51.00 OK
r-oldrel-macos-x86_64 0.8.1 OK
r-oldrel-windows-ix86+x86_64 0.8.1 9.00 46.00 55.00 OK

Check Details

Version: 0.8.1
Check: installed package size
Result: NOTE
     installed size is 5.6Mb
     sub-directories of 1Mb or more:
     fonts 1.7Mb
     libs 3.8Mb
Flavor: r-release-macos-x86_64