CRAN Package Check Results for Package systemfit

Last updated on 2015-05-25 11:48:37.

Flavor Version Tinstall Tcheck Ttotal Status Flags
r-devel-linux-x86_64-debian-clang 1.1-14 4.78 127.02 131.79 NOTE
r-devel-linux-x86_64-debian-gcc 1.1-14 4.60 119.30 123.89 NOTE
r-devel-linux-x86_64-fedora-clang 1.1-14 260.22 NOTE
r-devel-linux-x86_64-fedora-gcc 1.1-14 245.82 NOTE
r-devel-osx-x86_64-clang 1.1-14 222.47 NOTE
r-devel-windows-ix86+x86_64 1.1-14 17.00 180.00 197.00 NOTE
r-patched-linux-x86_64 1.1-14 5.37 118.84 124.21 NOTE
r-patched-solaris-sparc 1.1-14 1532.70 NOTE
r-patched-solaris-x86 1.1-14 333.70 NOTE
r-release-linux-x86_64 1.1-14 4.55 119.32 123.87 NOTE
r-release-osx-x86_64-mavericks 1.1-14 NOTE
r-release-osx-x86_64-snowleopard 1.1-14 ERROR
r-release-windows-ix86+x86_64 1.1-14 13.00 180.00 193.00 NOTE
r-oldrel-windows-ix86+x86_64 1.1-14 18.00 202.00 220.00 NOTE

Check Details

Version: 1.1-14
Check: dependencies in R code
Result: NOTE
    'library' or 'require' call to ‘MASS’ in package code.
     Please use :: or requireNamespace() instead.
     See section 'Suggested packages' in the 'Writing R Extensions' manual.
    ':::' calls which should be '::':
     ‘car:::linearHypothesis.default’ ‘car:::makeHypothesis’
     ‘car:::printHypothesis’
     See the note in ?`:::` about the use of this operator.
Flavors: r-devel-linux-x86_64-debian-clang, r-devel-linux-x86_64-debian-gcc, r-devel-linux-x86_64-fedora-clang, r-devel-linux-x86_64-fedora-gcc, r-devel-osx-x86_64-clang, r-devel-windows-ix86+x86_64, r-patched-linux-x86_64, r-patched-solaris-sparc, r-patched-solaris-x86, r-release-linux-x86_64, r-release-osx-x86_64-mavericks, r-release-windows-ix86+x86_64, r-oldrel-windows-ix86+x86_64

Version: 1.1-14
Check: R code for possible problems
Result: NOTE
    createSystemfitModel: no visible global function definition for
     ‘mvrnorm’
    lrtest.systemfit: no visible binding for global variable
     ‘lrtest.default’
    
    Found the following calls to attach():
    File ‘systemfit/R/nlsystemfit.r’:
     attach(data)
    See section ‘Good practice’ in ‘?attach’.
Flavors: r-devel-linux-x86_64-debian-clang, r-devel-linux-x86_64-debian-gcc, r-patched-linux-x86_64, r-release-linux-x86_64

Version: 1.1-14
Check: R code for possible problems
Result: NOTE
    createSystemfitModel: no visible global function definition for
     ‘mvrnorm’
    lrtest.systemfit: no visible binding for global variable
     ‘lrtest.default’
Flavors: r-devel-linux-x86_64-fedora-clang, r-devel-linux-x86_64-fedora-gcc, r-devel-osx-x86_64-clang, r-devel-windows-ix86+x86_64, r-patched-solaris-sparc, r-patched-solaris-x86, r-release-osx-x86_64-mavericks, r-release-windows-ix86+x86_64, r-oldrel-windows-ix86+x86_64

Version: 1.1-14
Check: Rd cross-references
Result: NOTE
    Package unavailable to check Rd xrefs: ‘Ecdat’
Flavor: r-release-osx-x86_64-mavericks

Version: 1.1-14
Check: package dependencies
Result: ERROR
    Packages required but not available: ‘car’ ‘lmtest’ ‘sandwich’
    
    Package suggested but not available for checking: ‘plm’
    
    See section ‘The DESCRIPTION file’ in the ‘Writing R Extensions’
    manual.
Flavor: r-release-osx-x86_64-snowleopard