CRAN Package Check Results for Package systemfit

Last updated on 2014-12-21 23:47:13.

Flavor Version Tinstall Tcheck Ttotal Status Flags
r-devel-linux-x86_64-debian-clang 1.1-14 4.35 124.04 128.40 NOTE
r-devel-linux-x86_64-debian-gcc 1.1-14 4.09 120.99 125.08 NOTE
r-devel-linux-x86_64-fedora-clang 1.1-14 298.17 NOTE
r-devel-linux-x86_64-fedora-gcc 1.1-14 281.15 NOTE
r-devel-osx-x86_64-clang 1.1-14 257.80 NOTE
r-devel-windows-ix86+x86_64 1.1-14 14.00 166.00 180.00 NOTE
r-patched-linux-x86_64 1.1-14 4.48 128.29 132.76 NOTE
r-patched-solaris-sparc 1.1-14 1678.50 NOTE
r-patched-solaris-x86 1.1-14 366.70 NOTE
r-release-linux-ix86 1.1-14 5.22 173.60 178.82 NOTE
r-release-linux-x86_64 1.1-14 4.59 136.25 140.84 NOTE
r-release-osx-x86_64-mavericks 1.1-14 NOTE
r-release-osx-x86_64-snowleopard 1.1-14 NOTE
r-release-windows-ix86+x86_64 1.1-14 13.00 197.00 210.00 NOTE
r-oldrel-windows-ix86+x86_64 1.1-14 13.00 176.00 189.00 NOTE

Check Details

Version: 1.1-14
Check: dependencies in R code
Result: NOTE
    ':::' calls which should be '::':
     ‘car:::linearHypothesis.default’ ‘car:::makeHypothesis’
     ‘car:::printHypothesis’
     See the note in ?`:::` about the use of this operator.
    See the information on DESCRIPTION files in the chapter ‘Creating R
    packages’ of the ‘Writing R Extensions’ manual.
Flavors: r-devel-linux-x86_64-debian-clang, r-devel-linux-x86_64-debian-gcc, r-devel-linux-x86_64-fedora-clang, r-devel-linux-x86_64-fedora-gcc, r-devel-osx-x86_64-clang, r-devel-windows-ix86+x86_64, r-patched-linux-x86_64, r-patched-solaris-sparc, r-patched-solaris-x86, r-release-linux-ix86, r-release-linux-x86_64, r-release-windows-ix86+x86_64, r-oldrel-windows-ix86+x86_64

Version: 1.1-14
Check: R code for possible problems
Result: NOTE
    createSystemfitModel: no visible global function definition for
     ‘mvrnorm’
    lrtest.systemfit: no visible binding for global variable
     ‘lrtest.default’
    
    Found the following calls to attach():
    File ‘systemfit/R/nlsystemfit.r’:
     attach(data)
    See section ‘Good practice’ in ‘?attach’.
Flavors: r-devel-linux-x86_64-debian-clang, r-devel-linux-x86_64-debian-gcc, r-patched-linux-x86_64, r-release-linux-x86_64

Version: 1.1-14
Check: R code for possible problems
Result: NOTE
    createSystemfitModel: no visible global function definition for
     ‘mvrnorm’
    lrtest.systemfit: no visible binding for global variable
     ‘lrtest.default’
Flavors: r-devel-linux-x86_64-fedora-clang, r-devel-linux-x86_64-fedora-gcc, r-devel-osx-x86_64-clang, r-devel-windows-ix86+x86_64, r-patched-solaris-sparc, r-patched-solaris-x86, r-release-linux-ix86, r-release-windows-ix86+x86_64

Version: 1.1-14
Check: dependencies in R code
Result: NOTE
    ':::' call which should be '::': ‘car:::linearHypothesis.default’
     See the note in ?`:::` about the use of this operator.
    Unexported objects imported by ':::' calls:
     ‘car:::makeHypothesis’ ‘car:::printHypothesis’
     See the note in ?`:::` about the use of this operator.
    See the information on DESCRIPTION files in the chapter ‘Creating R
    packages’ of the ‘Writing R Extensions’ manual.
Flavors: r-release-osx-x86_64-mavericks, r-release-osx-x86_64-snowleopard