CRAN Package Check Results for Package systemfit

Last updated on 2015-06-30 06:47:20.

Flavor Version Tinstall Tcheck Ttotal Status Flags
r-devel-linux-x86_64-debian-clang 1.1-16 4.58 124.17 128.75 NOTE
r-devel-linux-x86_64-debian-gcc 1.1-16 4.24 120.18 124.42 NOTE
r-devel-linux-x86_64-fedora-clang 1.1-16 260.74 OK
r-devel-linux-x86_64-fedora-gcc 1.1-16 246.79 OK
r-devel-osx-x86_64-clang 1.1-16 197.87 OK
r-devel-windows-ix86+x86_64 1.1-16 12.00 188.00 200.00 NOTE
r-patched-linux-x86_64 1.1-16 4.47 123.06 127.54 OK
r-patched-solaris-sparc 1.1-16 1383.80 OK
r-patched-solaris-x86 1.1-16 335.40 OK
r-release-linux-x86_64 1.1-16 4.27 123.22 127.49 OK
r-release-osx-x86_64-mavericks 1.1-16 OK
r-release-windows-ix86+x86_64 1.1-16 17.00 196.00 213.00 OK
r-oldrel-windows-ix86+x86_64 1.1-16 16.00 254.00 270.00 OK

Check Details

Version: 1.1-16
Check: R code for possible problems
Result: NOTE
    .calcResidCov: no visible global function definition for ‘as’
    .ftest.systemfit: no visible global function definition for ‘residuals’
    .ftest.systemfit: no visible global function definition for ‘as’
    .ftest.systemfit: no visible global function definition for ‘pf’
    .prepareWmatrix: no visible global function definition for ‘as’
    .stackMatList: no visible global function definition for ‘as’
    .systemfitFiml: no visible global function definition for ‘optim’
    .systemfitPanel: no visible global function definition for
     ‘model.matrix’
    .systemfitPanel: no visible global function definition for ‘as.formula’
    bread.systemfit: no visible global function definition for
     ‘model.matrix’
    bread.systemfit: no visible global function definition for ‘residuals’
    calcFittedRegMat: no visible global function definition for ‘as’
    coef.systemfit: no visible global function definition for ‘coef’
    confint.systemfit: no visible global function definition for ‘coef’
    confint.systemfit: no visible global function definition for ‘confint’
    confint.systemfit.equation: no visible global function definition for
     ‘qt’
    correlation.systemfit: no visible global function definition for ‘coef’
    correlation.systemfit: no visible global function definition for ‘vcov’
    correlation.systemfit: no visible global function definition for
     ‘residuals’
    correlation.systemfit: no visible global function definition for
     ‘model.matrix’
    createSystemfitModel: no visible global function definition for ‘rnorm’
    createSystemfitModel: no visible global function definition for
     ‘as.formula’
    createSystemfitModel: no visible global function definition for
     ‘model.matrix’
    estfun.systemfit: no visible global function definition for ‘residuals’
    estfun.systemfit: no visible global function definition for
     ‘model.matrix’
    estfun.systemfit: no visible global function definition for ‘coef’
    fitted.systemfit: no visible global function definition for ‘fitted’
    formula.systemfit: no visible global function definition for ‘formula’
    formula.systemfit.equation: no visible global function definition for
     ‘formula’
    hausman.systemfit: no visible global function definition for ‘coef’
    hausman.systemfit: no visible global function definition for ‘vcov’
    hausman.systemfit: no visible global function definition for ‘pchisq’
    knls: no visible global function definition for ‘as.formula’
    knls: no visible global function definition for ‘model.frame’
    linearHypothesis.systemfit: no visible global function definition for
     ‘coef’
    logLik.systemfit: no visible global function definition for ‘residuals’
    logLik.systemfit: no visible global function definition for
     ‘df.residual’
    model.frame.systemfit: no visible global function definition for
     ‘model.frame’
    model.matrix.systemfit: no visible global function definition for
     ‘model.matrix’
    model.matrix.systemfit.equation: no visible global function definition
     for ‘model.matrix’
    model.matrix.systemfit.equation: no visible global function definition
     for ‘residuals’
    model.matrix.systemfit.equation: no visible global function definition
     for ‘model.frame’
    nlsystemfit: no visible global function definition for ‘nlm’
    nlsystemfit: no visible global function definition for ‘model.frame’
    nlsystemfit: no visible global function definition for ‘as.formula’
    nlsystemfit: no visible global function definition for ‘deriv’
    nlsystemfit: no visible global function definition for ‘var’
    nlsystemfit: no visible global function definition for ‘model.matrix’
    nlsystemfit: no visible global function definition for ‘pt’
    nlsystemfit: no visible global function definition for ‘cor’
    predict.systemfit: no visible global function definition for ‘coef’
    predict.systemfit: no visible global function definition for ‘predict’
    predict.systemfit.equation: no visible global function definition for
     ‘model.matrix’
    predict.systemfit.equation: no visible global function definition for
     ‘residuals’
    predict.systemfit.equation: no visible global function definition for
     ‘formula’
    predict.systemfit.equation: no visible global function definition for
     ‘delete.response’
    predict.systemfit.equation: no visible global function definition for
     ‘df.residual’
    predict.systemfit.equation: no visible global function definition for
     ‘qt’
    print.nlsystemfit.equation: no visible global function definition for
     ‘symnum’
    print.summary.systemfit: no visible global function definition for
     ‘printCoefmat’
    print.summary.systemfit: no visible global function definition for
     ‘coef’
    print.summary.systemfit.equation: no visible global function definition
     for ‘formula’
    print.summary.systemfit.equation: no visible global function definition
     for ‘printCoefmat’
    print.systemfit.equation: no visible global function definition for
     ‘formula’
    residuals.systemfit: no visible global function definition for
     ‘residuals’
    se.ratio.systemfit: no visible global function definition for
     ‘residuals’
    se.ratio.systemfit: no visible global function definition for
     ‘model.matrix’
    se.ratio.systemfit: no visible global function definition for ‘vcov’
    summary.systemfit: no visible global function definition for
     ‘residuals’
    summary.systemfit: no visible global function definition for ‘cor’
    summary.systemfit: no visible global function definition for ‘pt’
    summary.systemfit: no visible global function definition for ‘vcov’
    summary.systemfit: no visible global function definition for ‘fitted’
    summary.systemfit: no visible global function definition for ‘as’
    summary.systemfit.equation: no visible global function definition for
     ‘residuals’
    summary.systemfit.equation: no visible global function definition for
     ‘pt’
    summary.systemfit.equation: no visible global function definition for
     ‘df.residual’
    summary.systemfit.equation: no visible global function definition for
     ‘fitted’
    systemfit: no visible global function definition for ‘model.extract’
    systemfit: no visible global function definition for ‘model.matrix’
    systemfit: no visible global function definition for ‘as’
    terms.systemfit: no visible global function definition for ‘terms’
    vcov.systemfit: no visible global function definition for ‘vcov’
Flavors: r-devel-linux-x86_64-debian-clang, r-devel-linux-x86_64-debian-gcc, r-devel-windows-ix86+x86_64