CRAN Package Check Results for Package systemfit

Last updated on 2014-04-24 07:52:39.

Flavor Version Tinstall Tcheck Ttotal Status Flags
r-devel-linux-x86_64-debian-clang 1.1-14 4.88 134.16 139.04 NOTE
r-devel-linux-x86_64-debian-gcc 1.1-14 4.64 135.07 139.71 NOTE
r-devel-linux-x86_64-fedora-clang 1.1-14 322.77 NOTE
r-devel-linux-x86_64-fedora-gcc 1.1-14 313.41 NOTE
r-devel-osx-x86_64-clang 1.1-14 250.71 NOTE
r-devel-osx-x86_64-gcc 1.1-14 ERROR
r-devel-windows-ix86+x86_64 1.1-14 11.00 181.00 192.00 NOTE
r-patched-linux-x86_64 1.1-14 4.76 133.27 138.03 NOTE
r-patched-solaris-sparc 1.1-14 1654.80 NOTE
r-patched-solaris-x86 1.1-14 380.10 NOTE
r-release-linux-ix86 1.1-14 7.00 230.00 237.00 NOTE
r-release-linux-x86_64 1.1-14 4.96 136.38 141.34 NOTE
r-release-osx-x86_64-mavericks 1.1-14 WARN
r-release-osx-x86_64-snowleopard 1.1-14 NOTE
r-release-windows-ix86+x86_64 1.1-14 12.00 191.00 203.00 NOTE
r-oldrel-windows-ix86+x86_64 1.1-14 12.00 179.00 191.00 NOTE

Check Details

Version: 1.1-14
Check: dependencies in R code
Result: NOTE
    ':::' call which should be '::': ‘car:::linearHypothesis.default’
     See the note in ?`:::` about the use of this operator.
    Unexported objects imported by ':::' calls:
     ‘car:::makeHypothesis’ ‘car:::printHypothesis’
     See the note in ?`:::` about the use of this operator.
    See the information on DESCRIPTION files in the chapter ‘Creating R
    packages’ of the ‘Writing R Extensions’ manual.
Flavors: r-devel-linux-x86_64-debian-clang, r-devel-linux-x86_64-debian-gcc, r-devel-linux-x86_64-fedora-clang, r-devel-linux-x86_64-fedora-gcc, r-devel-osx-x86_64-clang, r-devel-windows-ix86+x86_64, r-patched-linux-x86_64, r-patched-solaris-sparc, r-patched-solaris-x86, r-release-linux-ix86, r-release-linux-x86_64, r-release-osx-x86_64-mavericks, r-release-osx-x86_64-snowleopard, r-release-windows-ix86+x86_64, r-oldrel-windows-ix86+x86_64

Version: 1.1-14
Check: package dependencies
Result: ERROR
    Packages required but not available: ‘car’ ‘lmtest’ ‘sandwich’
    
    Package suggested but not available for checking: ‘plm’
    
    See the information on DESCRIPTION files in the chapter ‘Creating R
    packages’ of the ‘Writing R Extensions’ manual.
Flavor: r-devel-osx-x86_64-gcc

Version: 1.1-14
Check: PDF version of manual
Result: WARNING
    LaTeX errors when creating PDF version.
    This typically indicates Rd problems.
    LaTeX errors found:
    ! LaTeX Error: File `upquote.sty' not found.
    
    Type X to quit or <RETURN> to proceed,
    or enter new name. (Default extension: sty)
    
    c2ad66e/Rd2.tex:8: ==> Fatal error occurred, no output PDF file produced!
Flavor: r-release-osx-x86_64-mavericks