CRAN Package Check Results for Package systemfit

Last updated on 2014-10-22 10:47:32.

Flavor Version Tinstall Tcheck Ttotal Status Flags
r-devel-linux-x86_64-debian-clang 1.1-14 4.32 122.34 126.66 NOTE
r-devel-linux-x86_64-debian-gcc 1.1-14 4.20 121.47 125.67 NOTE
r-devel-linux-x86_64-fedora-clang 1.1-14 297.51 NOTE
r-devel-linux-x86_64-fedora-gcc 1.1-14 282.07 NOTE
r-devel-osx-x86_64-clang 1.1-14 252.71 NOTE
r-devel-windows-ix86+x86_64 1.1-14 10.00 168.00 178.00 NOTE
r-patched-linux-x86_64 1.1-14 6.08 130.98 137.06 NOTE
r-patched-solaris-sparc 1.1-14 1678.50 NOTE
r-patched-solaris-x86 1.1-14 373.40 NOTE
r-release-linux-ix86 1.1-14 5.48 179.69 185.16 NOTE
r-release-linux-x86_64 1.1-14 4.51 133.59 138.10 NOTE
r-release-osx-x86_64-mavericks 1.1-14 NOTE
r-release-osx-x86_64-snowleopard 1.1-14 NOTE
r-release-windows-ix86+x86_64 1.1-14 11.00 189.00 200.00 NOTE
r-oldrel-windows-ix86+x86_64 1.1-14 11.00 174.00 185.00 NOTE

Check Details

Version: 1.1-14
Check: dependencies in R code
Result: NOTE
    ':::' calls which should be '::':
     ‘car:::linearHypothesis.default’ ‘car:::makeHypothesis’
     ‘car:::printHypothesis’
     See the note in ?`:::` about the use of this operator.
    See the information on DESCRIPTION files in the chapter ‘Creating R
    packages’ of the ‘Writing R Extensions’ manual.
Flavors: r-devel-linux-x86_64-debian-clang, r-devel-linux-x86_64-debian-gcc, r-devel-linux-x86_64-fedora-clang, r-devel-linux-x86_64-fedora-gcc, r-devel-osx-x86_64-clang, r-devel-windows-ix86+x86_64, r-patched-linux-x86_64, r-patched-solaris-sparc, r-patched-solaris-x86, r-release-linux-ix86, r-release-linux-x86_64, r-release-windows-ix86+x86_64, r-oldrel-windows-ix86+x86_64

Version: 1.1-14
Check: R code for possible problems
Result: NOTE
    createSystemfitModel: no visible global function definition for
     ‘mvrnorm’
    lrtest.systemfit: no visible binding for global variable
     ‘lrtest.default’
    
    Found the following calls to attach():
    File ‘systemfit/R/nlsystemfit.r’:
     attach(data)
    See section ‘Good practice’ in ‘?attach’.
Flavors: r-devel-linux-x86_64-debian-clang, r-devel-linux-x86_64-debian-gcc, r-patched-linux-x86_64

Version: 1.1-14
Check: R code for possible problems
Result: NOTE
    createSystemfitModel: no visible global function definition for
     ‘mvrnorm’
    lrtest.systemfit: no visible binding for global variable
     ‘lrtest.default’
Flavors: r-devel-linux-x86_64-fedora-clang, r-devel-linux-x86_64-fedora-gcc, r-devel-osx-x86_64-clang, r-devel-windows-ix86+x86_64, r-patched-solaris-sparc, r-patched-solaris-x86

Version: 1.1-14
Check: R code for possible problems
Result: NOTE
    Found the following calls to attach():
    File ‘systemfit/R/nlsystemfit.r’:
     attach(data)
    See section ‘Good practice’ in ‘?attach’.
Flavor: r-release-linux-x86_64

Version: 1.1-14
Check: dependencies in R code
Result: NOTE
    ':::' call which should be '::': ‘car:::linearHypothesis.default’
     See the note in ?`:::` about the use of this operator.
    Unexported objects imported by ':::' calls:
     ‘car:::makeHypothesis’ ‘car:::printHypothesis’
     See the note in ?`:::` about the use of this operator.
    See the information on DESCRIPTION files in the chapter ‘Creating R
    packages’ of the ‘Writing R Extensions’ manual.
Flavors: r-release-osx-x86_64-mavericks, r-release-osx-x86_64-snowleopard