CRAN Package Check Results for Package systemfit

Last updated on 2014-09-16 21:47:47.

Flavor Version Tinstall Tcheck Ttotal Status Flags
r-devel-linux-x86_64-debian-clang 1.1-14 4.64 123.36 128.00 NOTE
r-devel-linux-x86_64-debian-gcc 1.1-14 4.16 120.06 124.22 NOTE
r-devel-linux-x86_64-fedora-clang 1.1-14 299.90 NOTE
r-devel-linux-x86_64-fedora-gcc 1.1-14 280.21 NOTE
r-devel-osx-x86_64-clang 1.1-14 235.21 NOTE
r-devel-windows-ix86+x86_64 1.1-14 10.00 177.00 187.00 NOTE
r-patched-linux-x86_64 1.1-14 4.46 132.42 136.87 NOTE
r-patched-solaris-sparc 1.1-14 1690.20 NOTE
r-patched-solaris-x86 1.1-14 380.00 NOTE
r-release-linux-ix86 1.1-14 5.53 178.34 183.87 NOTE
r-release-linux-x86_64 1.1-14 4.40 132.20 136.60 NOTE
r-release-osx-x86_64-mavericks 1.1-14 NOTE
r-release-osx-x86_64-snowleopard 1.1-14 NOTE
r-release-windows-ix86+x86_64 1.1-14 12.00 185.00 197.00 NOTE
r-oldrel-windows-ix86+x86_64 1.1-14 13.00 173.00 186.00 NOTE

Check Details

Version: 1.1-14
Check: dependencies in R code
Result: NOTE
    ':::' calls which should be '::':
     ‘car:::linearHypothesis.default’ ‘car:::makeHypothesis’
     ‘car:::printHypothesis’
     See the note in ?`:::` about the use of this operator.
    See the information on DESCRIPTION files in the chapter ‘Creating R
    packages’ of the ‘Writing R Extensions’ manual.
Flavors: r-devel-linux-x86_64-debian-clang, r-devel-linux-x86_64-debian-gcc, r-devel-linux-x86_64-fedora-clang, r-devel-linux-x86_64-fedora-gcc, r-devel-osx-x86_64-clang, r-devel-windows-ix86+x86_64, r-patched-linux-x86_64, r-patched-solaris-sparc, r-patched-solaris-x86, r-release-linux-ix86, r-release-linux-x86_64, r-release-windows-ix86+x86_64, r-oldrel-windows-ix86+x86_64

Version: 1.1-14
Check: R code for possible problems
Result: NOTE
    createSystemfitModel: no visible global function definition for
     ‘mvrnorm’
    lrtest.systemfit: no visible binding for global variable
     ‘lrtest.default’
    
    Found the following calls to attach():
    File ‘systemfit/R/nlsystemfit.r’:
     attach(data)
    See section ‘Good practice’ in ‘?attach’.
Flavors: r-devel-linux-x86_64-debian-clang, r-devel-linux-x86_64-debian-gcc

Version: 1.1-14
Check: R code for possible problems
Result: NOTE
    createSystemfitModel: no visible global function definition for
     ‘mvrnorm’
    lrtest.systemfit: no visible binding for global variable
     ‘lrtest.default’
Flavors: r-devel-linux-x86_64-fedora-clang, r-devel-linux-x86_64-fedora-gcc, r-devel-osx-x86_64-clang, r-devel-windows-ix86+x86_64

Version: 1.1-14
Check: R code for possible problems
Result: NOTE
    Found the following calls to attach():
    File ‘systemfit/R/nlsystemfit.r’:
     attach(data)
    See section ‘Good practice’ in ‘?attach’.
Flavor: r-release-linux-x86_64

Version: 1.1-14
Check: dependencies in R code
Result: NOTE
    ':::' call which should be '::': ‘car:::linearHypothesis.default’
     See the note in ?`:::` about the use of this operator.
    Unexported objects imported by ':::' calls:
     ‘car:::makeHypothesis’ ‘car:::printHypothesis’
     See the note in ?`:::` about the use of this operator.
    See the information on DESCRIPTION files in the chapter ‘Creating R
    packages’ of the ‘Writing R Extensions’ manual.
Flavors: r-release-osx-x86_64-mavericks, r-release-osx-x86_64-snowleopard