CRAN Package Check Results for Package systemfit

Last updated on 2021-10-23 18:54:38 CEST.

Flavor Version Tinstall Tcheck Ttotal Status Flags
r-devel-linux-x86_64-debian-clang 1.1-24 13.91 225.08 238.99 OK
r-devel-linux-x86_64-debian-gcc 1.1-24 10.41 162.51 172.92 OK
r-devel-linux-x86_64-fedora-clang 1.1-24 293.89 NOTE
r-devel-linux-x86_64-fedora-gcc 1.1-24 279.63 OK
r-devel-windows-x86_64 1.1-24 22.00 214.00 236.00 OK
r-devel-windows-x86_64-gcc10-UCRT 1.1-24 OK
r-patched-linux-x86_64 1.1-24 14.39 208.16 222.55 OK
r-patched-solaris-x86 1.1-24 370.10 OK
r-release-linux-x86_64 1.1-24 14.45 207.51 221.96 OK
r-release-macos-arm64 1.1-24 NOTE
r-release-macos-x86_64 1.1-24 OK
r-release-windows-ix86+x86_64 1.1-24 19.00 278.00 297.00 OK
r-oldrel-macos-x86_64 1.1-24 OK
r-oldrel-windows-ix86+x86_64 1.1-24 31.00 281.00 312.00 OK

Check Details

Version: 1.1-24
Check: Rd cross-references
Result: NOTE
    Undeclared package ‘Ecdat’ in Rd xrefs
Flavor: r-devel-linux-x86_64-fedora-clang

Version: 1.1-24
Check: re-building of vignette outputs
Result: NOTE
    Error(s) in re-building vignettes:
    --- re-building ‘systemfit.Rnw’ using Sweave
    Loading required package: Matrix
    Loading required package: car
    Loading required package: carData
    Loading required package: lmtest
    Loading required package: zoo
    
    Attaching package: ‘zoo’
    
    The following objects are masked from ‘package:base’:
    
     as.Date, as.Date.numeric
    
    
    Please cite the 'systemfit' package as:
    Arne Henningsen and Jeff D. Hamann (2007). systemfit: A Package for Estimating Systems of Simultaneous Equations in R. Journal of Statistical Software 23(4), 1-40. http://www.jstatsoft.org/v23/i04/.
    
    If you have questions, suggestions, or comments regarding the 'systemfit' package, please use a forum or 'tracker' at systemfit's R-Forge site:
    https://r-forge.r-project.org/projects/systemfit/
    
    Error: processing vignette 'systemfit.Rnw' failed with diagnostics:
     chunk 43 (label = systemfit_sem)
    Error : package or namespace load failed for ‘sem’ in loadNamespace(j <- i[[1L]], c(lib.loc, .libPaths()), versionCheck = vI[[j]]):
     there is no package called ‘mi’
    
    --- failed re-building ‘systemfit.Rnw’
    
    SUMMARY: processing the following file failed:
     ‘systemfit.Rnw’
    
    Error: Vignette re-building failed.
    Execution halted
Flavor: r-release-macos-arm64