CRAN Package Check Results for Package systemfit

Last updated on 2015-04-25 03:47:54.

Flavor Version Tinstall Tcheck Ttotal Status Flags
r-devel-linux-x86_64-debian-clang 1.1-14 4.73 122.88 127.61 NOTE
r-devel-linux-x86_64-debian-gcc 1.1-14 4.60 125.28 129.88 NOTE
r-devel-linux-x86_64-fedora-clang 1.1-14 263.69 NOTE
r-devel-linux-x86_64-fedora-gcc 1.1-14 244.22 NOTE
r-devel-osx-x86_64-clang 1.1-14 227.98 NOTE
r-devel-windows-ix86+x86_64 1.1-14 12.00 186.00 198.00 NOTE
r-patched-linux-x86_64 1.1-14 5.10 122.98 128.08 NOTE
r-patched-solaris-sparc 1.1-14 1536.60 NOTE
r-patched-solaris-x86 1.1-14 328.00 NOTE
r-release-linux-x86_64 1.1-14 4.65 120.16 124.81 NOTE
r-release-osx-x86_64-mavericks 1.1-14 NOTE
r-release-osx-x86_64-snowleopard 1.1-14 ERROR
r-release-windows-ix86+x86_64 1.1-14 12.00 180.00 192.00 NOTE
r-oldrel-windows-ix86+x86_64 1.1-14 17.00 201.00 218.00 NOTE

Check Details

Version: 1.1-14
Check: dependencies in R code
Result: NOTE
    'library' or 'require' call to 'MASS' in package code.
     Please use :: or requireNamespace() instead.
     See section 'Suggested packages' in the 'Writing R Extensions' manual.
    ':::' calls which should be '::':
     'car:::linearHypothesis.default' 'car:::makeHypothesis'
     'car:::printHypothesis'
     See the note in ?`:::` about the use of this operator.
Flavors: r-devel-windows-ix86+x86_64, r-patched-linux-x86_64, r-release-windows-ix86+x86_64, r-oldrel-windows-ix86+x86_64

Version: 1.1-14
Check: R code for possible problems
Result: NOTE
    createSystemfitModel: no visible global function definition for
     'mvrnorm'
    lrtest.systemfit: no visible binding for global variable
     'lrtest.default'
Flavors: r-devel-windows-ix86+x86_64, r-release-windows-ix86+x86_64, r-oldrel-windows-ix86+x86_64

Version: 1.1-14
Check: R code for possible problems
Result: NOTE
    createSystemfitModel: no visible global function definition for
     ‘mvrnorm’
    lrtest.systemfit: no visible binding for global variable
     ‘lrtest.default’
    
    Found the following calls to attach():
    File ‘systemfit/R/nlsystemfit.r’:
     attach(data)
    See section ‘Good practice’ in ‘?attach’.
Flavor: r-patched-linux-x86_64