CRAN Package Check Results for Package systemfit

Last updated on 2019-03-23 11:51:32 CET.

Flavor Version Tinstall Tcheck Ttotal Status Flags
r-devel-linux-x86_64-debian-clang 1.1-22 11.25 178.65 189.90 OK
r-devel-linux-x86_64-debian-gcc 1.1-22 9.79 141.21 151.00 OK
r-devel-linux-x86_64-fedora-clang 1.1-22 234.03 OK
r-devel-linux-x86_64-fedora-gcc 1.1-22 221.46 OK
r-devel-windows-ix86+x86_64 1.1-22 33.00 266.00 299.00 OK
r-patched-linux-x86_64 1.1-22 6.99 179.28 186.27 OK
r-patched-solaris-x86 1.1-22 327.40 OK
r-release-linux-x86_64 1.1-22 0.64 2.91 3.55 ERROR
r-release-windows-ix86+x86_64 1.1-22 17.00 203.00 220.00 OK
r-release-osx-x86_64 1.1-22 OK
r-oldrel-windows-ix86+x86_64 1.1-22 18.00 311.00 329.00 OK
r-oldrel-osx-x86_64 1.1-22 OK

Check Details

Version: 1.1-22
Check: whether package can be installed
Result: ERROR
    Installation failed.
Flavor: r-release-linux-x86_64