CRAN Package Check Results for Package systemfit

Last updated on 2015-03-04 06:48:38.

Flavor Version Tinstall Tcheck Ttotal Status Flags
r-devel-linux-x86_64-debian-clang 1.1-14 4.99 120.22 125.20 NOTE
r-devel-linux-x86_64-debian-gcc 1.1-14 5.10 117.42 122.52 NOTE
r-devel-linux-x86_64-fedora-clang 1.1-14 257.59 NOTE
r-devel-linux-x86_64-fedora-gcc 1.1-14 247.72 NOTE
r-devel-osx-x86_64-clang 1.1-14 232.41 NOTE
r-devel-windows-ix86+x86_64 1.1-14 13.00 191.00 204.00 NOTE
r-patched-linux-x86_64 1.1-14 7.59 155.08 162.66 NOTE
r-patched-solaris-sparc 1.1-14 2021.60 NOTE
r-patched-solaris-x86 1.1-14 444.00 NOTE
r-release-linux-ix86 1.1-14 7.82 203.16 210.99 NOTE
r-release-linux-x86_64 1.1-14 7.16 163.10 170.26 NOTE
r-release-osx-x86_64-mavericks 1.1-14 NOTE
r-release-osx-x86_64-snowleopard 1.1-14 NOTE
r-release-windows-ix86+x86_64 1.1-14 19.00 335.00 354.00 NOTE
r-oldrel-windows-ix86+x86_64 1.1-14 17.00 216.00 233.00 NOTE

Check Details

Version: 1.1-14
Check: dependencies in R code
Result: NOTE
    'library' or 'require' call to ‘MASS’ in package code.
     Please use :: or requireNamespace() instead.
     See section 'Suggested packages' in the 'Writing R Extensions' manual.
    ':::' calls which should be '::':
     ‘car:::linearHypothesis.default’ ‘car:::makeHypothesis’
     ‘car:::printHypothesis’
     See the note in ?`:::` about the use of this operator.
Flavors: r-devel-linux-x86_64-debian-clang, r-devel-linux-x86_64-debian-gcc, r-devel-linux-x86_64-fedora-clang, r-devel-linux-x86_64-fedora-gcc, r-devel-osx-x86_64-clang, r-devel-windows-ix86+x86_64, r-patched-linux-x86_64, r-patched-solaris-sparc, r-patched-solaris-x86

Version: 1.1-14
Check: R code for possible problems
Result: NOTE
    createSystemfitModel: no visible global function definition for
     ‘mvrnorm’
    lrtest.systemfit: no visible binding for global variable
     ‘lrtest.default’
    
    Found the following calls to attach():
    File ‘systemfit/R/nlsystemfit.r’:
     attach(data)
    See section ‘Good practice’ in ‘?attach’.
Flavors: r-devel-linux-x86_64-debian-clang, r-devel-linux-x86_64-debian-gcc, r-patched-linux-x86_64, r-release-linux-ix86, r-release-linux-x86_64

Version: 1.1-14
Check: R code for possible problems
Result: NOTE
    createSystemfitModel: no visible global function definition for
     ‘mvrnorm’
    lrtest.systemfit: no visible binding for global variable
     ‘lrtest.default’
Flavors: r-devel-linux-x86_64-fedora-clang, r-devel-linux-x86_64-fedora-gcc, r-devel-osx-x86_64-clang, r-devel-windows-ix86+x86_64, r-patched-solaris-sparc, r-patched-solaris-x86, r-release-osx-x86_64-mavericks, r-release-windows-ix86+x86_64

Version: 1.1-14
Check: dependencies in R code
Result: NOTE
    ':::' calls which should be '::':
     ‘car:::linearHypothesis.default’ ‘car:::makeHypothesis’
     ‘car:::printHypothesis’
     See the note in ?`:::` about the use of this operator.
    See the information on DESCRIPTION files in the chapter ‘Creating R
    packages’ of the ‘Writing R Extensions’ manual.
Flavors: r-release-linux-ix86, r-release-linux-x86_64, r-release-osx-x86_64-mavericks, r-release-windows-ix86+x86_64, r-oldrel-windows-ix86+x86_64

Version: 1.1-14
Check: dependencies in R code
Result: NOTE
    ':::' call which should be '::': 'car:::linearHypothesis.default'
     See the note in ?`:::` about the use of this operator.
    Unexported objects imported by ':::' calls:
     'car:::makeHypothesis' 'car:::printHypothesis'
     See the note in ?`:::` about the use of this operator.
    See the information on DESCRIPTION files in the chapter 'Creating R
    packages' of the 'Writing R Extensions' manual.
Flavor: r-release-osx-x86_64-snowleopard