CRAN Package Check Results for Package systemfit

Last updated on 2014-07-23 08:49:56.

Flavor Version Tinstall Tcheck Ttotal Status Flags
r-devel-linux-x86_64-debian-clang 1.1-14 4.58 126.12 130.70 NOTE
r-devel-linux-x86_64-debian-gcc 1.1-14 4.44 123.20 127.64 NOTE
r-devel-linux-x86_64-fedora-clang 1.1-14 312.01 NOTE
r-devel-linux-x86_64-fedora-gcc 1.1-14 303.34 NOTE
r-devel-osx-x86_64-clang 1.1-14 243.57 NOTE
r-devel-windows-ix86+x86_64 1.1-14 11.00 178.00 189.00 NOTE
r-patched-linux-x86_64 1.1-14 4.67 130.18 134.85 NOTE
r-patched-solaris-sparc 1.1-14 1533.50 NOTE
r-patched-solaris-x86 1.1-14 388.40 NOTE
r-release-linux-ix86 1.1-14 5.40 181.57 186.97 NOTE
r-release-linux-x86_64 1.1-14 4.50 133.36 137.87 NOTE
r-release-osx-x86_64-mavericks 1.1-14 NOTE
r-release-osx-x86_64-snowleopard 1.1-14 NOTE
r-release-windows-ix86+x86_64 1.1-14 10.00 187.00 197.00 NOTE
r-oldrel-windows-ix86+x86_64 1.1-14 11.00 180.00 191.00 NOTE

Check Details

Version: 1.1-14
Check: dependencies in R code
Result: NOTE
    ':::' calls which should be '::':
     ‘car:::linearHypothesis.default’ ‘car:::makeHypothesis’
     ‘car:::printHypothesis’
     See the note in ?`:::` about the use of this operator.
    See the information on DESCRIPTION files in the chapter ‘Creating R
    packages’ of the ‘Writing R Extensions’ manual.
Flavors: r-devel-linux-x86_64-debian-clang, r-devel-linux-x86_64-debian-gcc, r-devel-linux-x86_64-fedora-clang, r-devel-linux-x86_64-fedora-gcc, r-devel-osx-x86_64-clang, r-devel-windows-ix86+x86_64, r-patched-linux-x86_64, r-patched-solaris-sparc, r-patched-solaris-x86, r-release-linux-ix86, r-release-linux-x86_64, r-release-windows-ix86+x86_64, r-oldrel-windows-ix86+x86_64

Version: 1.1-14
Check: dependencies in R code
Result: NOTE
    ':::' call which should be '::': ‘car:::linearHypothesis.default’
     See the note in ?`:::` about the use of this operator.
    Unexported objects imported by ':::' calls:
     ‘car:::makeHypothesis’ ‘car:::printHypothesis’
     See the note in ?`:::` about the use of this operator.
    See the information on DESCRIPTION files in the chapter ‘Creating R
    packages’ of the ‘Writing R Extensions’ manual.
Flavors: r-release-osx-x86_64-mavericks, r-release-osx-x86_64-snowleopard