CRAN Package Check Results for Package taRifx.geo

Last updated on 2014-08-29 02:47:56.

Flavor Version Tinstall Tcheck Ttotal Status Flags
r-devel-linux-x86_64-debian-clang 1.0.6 2.06 24.55 26.60 NOTE
r-devel-linux-x86_64-debian-gcc 1.0.6 1.91 23.55 25.46 NOTE
r-devel-linux-x86_64-fedora-clang 1.0.6 57.17 NOTE
r-devel-linux-x86_64-fedora-gcc 1.0.6 55.03 NOTE
r-devel-osx-x86_64-clang 1.0.6 49.46 NOTE
r-devel-windows-ix86+x86_64 1.0.6 5.00 39.00 44.00 NOTE
r-patched-linux-x86_64 1.0.6 2.08 27.32 29.41 OK
r-patched-solaris-sparc 1.0.6 373.20 OK
r-patched-solaris-x86 1.0.6 103.70 OK
r-release-linux-ix86 1.0.6 2.48 37.96 40.43 OK
r-release-linux-x86_64 1.0.6 2.01 27.92 29.93 OK
r-release-osx-x86_64-mavericks 1.0.6 ERROR
r-release-osx-x86_64-snowleopard 1.0.6 OK
r-release-windows-ix86+x86_64 1.0.6 5.00 44.00 49.00 OK
r-oldrel-windows-ix86+x86_64 1.0.6 7.00 44.00 51.00 OK

Check Details

Version: 1.0.6
Check: R code for possible problems
Result: NOTE
    smoothLines: no visible global function definition for ‘smooth.Pspline’
Flavors: r-devel-linux-x86_64-debian-clang, r-devel-linux-x86_64-debian-gcc, r-devel-linux-x86_64-fedora-clang, r-devel-linux-x86_64-fedora-gcc, r-devel-osx-x86_64-clang, r-devel-windows-ix86+x86_64

Version: 1.0.6
Check: package dependencies
Result: ERROR
    Packages required but not available: ‘rgdal’ ‘rgeos’
    
    See the information on DESCRIPTION files in the chapter ‘Creating R
    packages’ of the ‘Writing R Extensions’ manual.
Flavor: r-release-osx-x86_64-mavericks