CRAN Package Check Results for Package taRifx.geo

Last updated on 2014-12-22 14:48:53.

Flavor Version Tinstall Tcheck Ttotal Status Flags
r-devel-linux-x86_64-debian-clang 1.0.6 1.92 24.82 26.74 NOTE
r-devel-linux-x86_64-debian-gcc 1.0.6 1.86 23.93 25.79 NOTE
r-devel-linux-x86_64-fedora-clang 1.0.6 59.54 NOTE
r-devel-linux-x86_64-fedora-gcc 1.0.6 56.13 NOTE
r-devel-osx-x86_64-clang 1.0.6 48.76 NOTE
r-devel-windows-ix86+x86_64 1.0.6 8.00 36.00 44.00 NOTE
r-patched-linux-x86_64 1.0.6 1.94 24.54 26.48 NOTE
r-patched-solaris-sparc 1.0.6 326.70 NOTE
r-patched-solaris-x86 1.0.6 97.30 NOTE
r-release-linux-ix86 1.0.6 2.37 31.51 33.88 NOTE
r-release-linux-x86_64 1.0.6 1.93 24.40 26.33 NOTE
r-release-osx-x86_64-mavericks 1.0.6 ERROR
r-release-osx-x86_64-snowleopard 1.0.6 OK
r-release-windows-ix86+x86_64 1.0.6 6.00 40.00 46.00 NOTE
r-oldrel-windows-ix86+x86_64 1.0.6 7.00 46.00 53.00 OK

Check Details

Version: 1.0.6
Check: R code for possible problems
Result: NOTE
    smoothLines: no visible global function definition for ‘smooth.Pspline’
Flavors: r-devel-linux-x86_64-debian-clang, r-devel-linux-x86_64-debian-gcc, r-devel-linux-x86_64-fedora-clang, r-devel-linux-x86_64-fedora-gcc, r-devel-osx-x86_64-clang, r-devel-windows-ix86+x86_64, r-patched-linux-x86_64, r-patched-solaris-sparc, r-patched-solaris-x86, r-release-linux-ix86, r-release-linux-x86_64, r-release-windows-ix86+x86_64

Version: 1.0.6
Check: package dependencies
Result: ERROR
    Packages required but not available: ‘rgdal’ ‘rgeos’
    
    See the information on DESCRIPTION files in the chapter ‘Creating R
    packages’ of the ‘Writing R Extensions’ manual.
Flavor: r-release-osx-x86_64-mavericks