CRAN Package Check Results for Package taRifx.geo

Last updated on 2014-11-24 00:47:56.

Flavor Version Tinstall Tcheck Ttotal Status Flags
r-devel-linux-x86_64-debian-clang 1.0.6 1.93 24.58 26.52 NOTE
r-devel-linux-x86_64-debian-gcc 1.0.6 1.91 23.93 25.84 NOTE
r-devel-linux-x86_64-fedora-clang 1.0.6 59.52 NOTE
r-devel-linux-x86_64-fedora-gcc 1.0.6 57.60 NOTE
r-devel-osx-x86_64-clang 1.0.6 52.00 NOTE
r-devel-windows-ix86+x86_64 1.0.6 5.00 39.00 44.00 NOTE
r-patched-linux-x86_64 1.0.6 1.94 24.44 26.37 NOTE
r-patched-solaris-sparc 1.0.6 373.20 OK
r-patched-solaris-x86 1.0.6 97.50 NOTE
r-release-linux-ix86 1.0.6 2.43 31.76 34.19 NOTE
r-release-linux-x86_64 1.0.6 1.94 24.70 26.64 NOTE
r-release-osx-x86_64-mavericks 1.0.6 ERROR
r-release-osx-x86_64-snowleopard 1.0.6 OK
r-release-windows-ix86+x86_64 1.0.6 7.00 36.00 43.00 NOTE
r-oldrel-windows-ix86+x86_64 1.0.6 7.00 44.00 51.00 OK

Check Details

Version: 1.0.6
Check: R code for possible problems
Result: NOTE
    smoothLines: no visible global function definition for ‘smooth.Pspline’
Flavors: r-devel-linux-x86_64-debian-clang, r-devel-linux-x86_64-debian-gcc, r-devel-linux-x86_64-fedora-clang, r-devel-linux-x86_64-fedora-gcc, r-devel-osx-x86_64-clang, r-devel-windows-ix86+x86_64, r-patched-linux-x86_64, r-patched-solaris-x86, r-release-linux-ix86, r-release-linux-x86_64, r-release-windows-ix86+x86_64

Version: 1.0.6
Check: package dependencies
Result: ERROR
    Packages required but not available: ‘rgdal’ ‘rgeos’
    
    See the information on DESCRIPTION files in the chapter ‘Creating R
    packages’ of the ‘Writing R Extensions’ manual.
Flavor: r-release-osx-x86_64-mavericks