CRAN Package Check Results for Package taRifx.geo

Last updated on 2014-10-31 21:48:06.

Flavor Version Tinstall Tcheck Ttotal Status Flags
r-devel-linux-x86_64-debian-clang 1.0.6 1.93 24.72 26.64 NOTE
r-devel-linux-x86_64-debian-gcc 1.0.6 1.91 24.19 26.10 NOTE
r-devel-linux-x86_64-fedora-clang 1.0.6 56.67 NOTE
r-devel-linux-x86_64-fedora-gcc 1.0.6 54.17 NOTE
r-devel-osx-x86_64-clang 1.0.6 48.92 NOTE
r-devel-windows-ix86+x86_64 1.0.6 6.00 36.00 42.00 NOTE
r-patched-linux-x86_64 1.0.6 2.45 24.38 26.83 NOTE
r-patched-solaris-sparc 1.0.6 373.20 OK
r-patched-solaris-x86 1.0.6 96.80 NOTE
r-release-linux-ix86 1.0.6 2.60 39.62 42.22 OK
r-release-linux-x86_64 1.0.6 1.97 28.90 30.87 OK
r-release-osx-x86_64-mavericks 1.0.6 ERROR
r-release-osx-x86_64-snowleopard 1.0.6 OK
r-release-windows-ix86+x86_64 1.0.6 6.00 42.00 48.00 OK
r-oldrel-windows-ix86+x86_64 1.0.6 6.00 44.00 50.00 OK

Check Details

Version: 1.0.6
Check: R code for possible problems
Result: NOTE
    smoothLines: no visible global function definition for ‘smooth.Pspline’
Flavors: r-devel-linux-x86_64-debian-clang, r-devel-linux-x86_64-debian-gcc, r-devel-linux-x86_64-fedora-clang, r-devel-linux-x86_64-fedora-gcc, r-devel-osx-x86_64-clang, r-devel-windows-ix86+x86_64, r-patched-linux-x86_64, r-patched-solaris-x86

Version: 1.0.6
Check: package dependencies
Result: ERROR
    Packages required but not available: ‘rgdal’ ‘rgeos’
    
    See the information on DESCRIPTION files in the chapter ‘Creating R
    packages’ of the ‘Writing R Extensions’ manual.
Flavor: r-release-osx-x86_64-mavericks