CRAN Package Check Results for Package taRifx.geo

Last updated on 2014-04-17 05:47:19.

Flavor Version Tinstall Tcheck Ttotal Status Flags
r-devel-linux-x86_64-debian-clang 1.0.4 1.65 24.37 26.02 NOTE
r-devel-linux-x86_64-debian-gcc 1.0.4 1.81 24.72 26.53 NOTE
r-devel-linux-x86_64-fedora-clang 1.0.4 52.44 NOTE
r-devel-linux-x86_64-fedora-gcc 1.0.4 50.77 NOTE
r-devel-macosx-x86_64-clang 1.0.4 53.59 NOTE
r-devel-macosx-x86_64-gcc 1.0.4 NOTE
r-devel-windows-ix86+x86_64 1.0.4 6.00 35.00 41.00 NOTE
r-patched-linux-x86_64 1.0.4 1.63 24.23 25.86 NOTE
r-patched-solaris-sparc 1.0.4 281.20 NOTE
r-patched-solaris-x86 1.0.4 72.00 NOTE
r-release-linux-ix86 1.0.4 4.00 55.00 59.00 NOTE
r-release-linux-x86_64 1.0.4 1.61 24.00 25.61 NOTE
r-release-macosx-x86_64 1.0.4 NOTE
r-release-windows-ix86+x86_64 1.0.4 5.00 37.00 42.00 NOTE
r-oldrel-windows-ix86+x86_64 1.0.4 6.00 36.00 42.00 NOTE

Check Details

Version: 1.0.4
Check: dependencies in R code
Result: NOTE
    'library' or 'require' call to ‘taRifx’ which was already attached by Depends.
     Please remove these calls from your code.
    Packages in Depends field not imported from:
     ‘plyr’ ‘reshape2’ ‘sp’ ‘taRifx’
     These packages need to be imported from (in the NAMESPACE file)
     for when this namespace is loaded but not attached.
    See the information on DESCRIPTION files in the chapter ‘Creating R
    packages’ of the ‘Writing R Extensions’ manual.
Flavors: r-devel-linux-x86_64-debian-clang, r-devel-linux-x86_64-debian-gcc, r-devel-linux-x86_64-fedora-clang, r-devel-linux-x86_64-fedora-gcc, r-devel-macosx-x86_64-clang, r-devel-macosx-x86_64-gcc, r-devel-windows-ix86+x86_64, r-patched-linux-x86_64, r-patched-solaris-sparc, r-patched-solaris-x86, r-release-linux-ix86, r-release-linux-x86_64, r-release-windows-ix86+x86_64, r-oldrel-windows-ix86+x86_64

Version: 1.0.4
Check: Rd line widths
Result: NOTE
    Rd file 'gGeoCode.Rd':
     \examples lines wider than 100 characters:
     dat <- data.frame(value=runif(3),address=c("3817 Spruce St, Philadelphia, PA 19104","Philadelphia, PA","Neverneverland"))
    
    These lines will be truncated in the PDF manual.
Flavors: r-devel-linux-x86_64-fedora-clang, r-devel-linux-x86_64-fedora-gcc

Version: 1.0.4
Check: package dependencies
Result: NOTE
    Packages suggested but not available for checking:
     ‘fields’ ‘geoR’ ‘maptools’
Flavor: r-devel-macosx-x86_64-gcc

Version: 1.0.4
Check: dependencies in R code
Result: NOTE
    'library' or 'require' call to 'taRifx' which was already attached by Depends.
     Please remove these calls from your code.
    See the information on DESCRIPTION files in the chapter 'Creating R
    packages' of the 'Writing R Extensions' manual.
Flavor: r-release-macosx-x86_64