CRAN Package Check Results for Package taRifx.geo

Last updated on 2015-01-29 10:48:25.

Flavor Version Tinstall Tcheck Ttotal Status Flags
r-devel-linux-x86_64-debian-clang 1.0.6 1.71 21.87 23.58 NOTE
r-devel-linux-x86_64-debian-gcc 1.0.6 1.57 20.95 22.52 NOTE
r-devel-linux-x86_64-fedora-clang 1.0.6 58.05 NOTE
r-devel-linux-x86_64-fedora-gcc 1.0.6 53.38 NOTE
r-devel-osx-x86_64-clang 1.0.6 49.63 NOTE
r-devel-windows-ix86+x86_64 1.0.6 7.00 31.00 38.00 NOTE
r-patched-linux-x86_64 1.0.6 1.91 24.52 26.42 NOTE
r-patched-solaris-sparc 1.0.6 327.10 NOTE
r-patched-solaris-x86 1.0.6 95.00 NOTE
r-release-linux-ix86 1.0.6 2.30 31.59 33.89 NOTE
r-release-linux-x86_64 1.0.6 1.97 24.40 26.36 NOTE
r-release-osx-x86_64-mavericks 1.0.6 ERROR
r-release-osx-x86_64-snowleopard 1.0.6 OK
r-release-windows-ix86+x86_64 1.0.6 6.00 40.00 46.00 NOTE
r-oldrel-windows-ix86+x86_64 1.0.6 7.00 48.00 55.00 OK

Check Details

Version: 1.0.6
Check: S3 generic/method consistency
Result: NOTE
    Found the following apparent S3 methods exported but not registered:
     subset.SpatialPointsDataFrame subset.SpatialPolygonsDataFrame
    See section ‘Registering S3 methods’ in the ‘Writing R Extensions’
    manual.
Flavors: r-devel-linux-x86_64-debian-clang, r-devel-linux-x86_64-debian-gcc, r-devel-linux-x86_64-fedora-clang, r-devel-linux-x86_64-fedora-gcc, r-devel-osx-x86_64-clang

Version: 1.0.6
Check: R code for possible problems
Result: NOTE
    smoothLines: no visible global function definition for ‘smooth.Pspline’
Flavors: r-devel-linux-x86_64-debian-clang, r-devel-linux-x86_64-debian-gcc, r-devel-linux-x86_64-fedora-clang, r-devel-linux-x86_64-fedora-gcc, r-devel-osx-x86_64-clang, r-devel-windows-ix86+x86_64, r-patched-linux-x86_64, r-patched-solaris-sparc, r-patched-solaris-x86, r-release-linux-ix86, r-release-linux-x86_64, r-release-windows-ix86+x86_64

Version: 1.0.6
Check: package dependencies
Result: ERROR
    Packages required but not available: ‘rgdal’ ‘rgeos’
    
    See the information on DESCRIPTION files in the chapter ‘Creating R
    packages’ of the ‘Writing R Extensions’ manual.
Flavor: r-release-osx-x86_64-mavericks