CRAN Package Check Results for Package taRifx.geo

Last updated on 2015-02-28 02:48:59.

Flavor Version Tinstall Tcheck Ttotal Status Flags
r-devel-linux-x86_64-debian-clang 1.0.6 1.98 21.03 23.02 NOTE
r-devel-linux-x86_64-debian-gcc 1.0.6 1.59 20.61 22.20 NOTE
r-devel-linux-x86_64-fedora-clang 1.0.6 46.40 NOTE
r-devel-linux-x86_64-fedora-gcc 1.0.6 44.86 NOTE
r-devel-osx-x86_64-clang 1.0.6 40.50 NOTE
r-devel-windows-ix86+x86_64 1.0.6 8.00 33.00 41.00 NOTE
r-patched-linux-x86_64 1.0.6 1.90 25.16 27.05 NOTE
r-patched-solaris-sparc 1.0.6 327.10 NOTE
r-release-linux-ix86 1.0.6 2.39 32.65 35.04 NOTE
r-release-linux-x86_64 1.0.6 1.88 25.02 26.90 NOTE
r-release-osx-x86_64-mavericks 1.0.6 ERROR
r-release-osx-x86_64-snowleopard 1.0.6 OK
r-release-windows-ix86+x86_64 1.0.6 6.00 37.00 43.00 NOTE
r-oldrel-windows-ix86+x86_64 1.0.6 7.00 43.00 50.00 OK

Check Details

Version: 1.0.6
Check: DESCRIPTION meta-information
Result: NOTE
    Malformed Description field: should contain one or more complete sentences.
Flavors: r-devel-linux-x86_64-debian-clang, r-devel-linux-x86_64-debian-gcc, r-devel-linux-x86_64-fedora-clang, r-devel-linux-x86_64-fedora-gcc, r-devel-osx-x86_64-clang, r-devel-windows-ix86+x86_64

Version: 1.0.6
Check: S3 generic/method consistency
Result: NOTE
    Found the following apparent S3 methods exported but not registered:
     subset.SpatialPointsDataFrame subset.SpatialPolygonsDataFrame
    See section ‘Registering S3 methods’ in the ‘Writing R Extensions’
    manual.
Flavors: r-devel-linux-x86_64-debian-clang, r-devel-linux-x86_64-debian-gcc, r-devel-linux-x86_64-fedora-clang, r-devel-linux-x86_64-fedora-gcc, r-devel-osx-x86_64-clang

Version: 1.0.6
Check: R code for possible problems
Result: NOTE
    smoothLines: no visible global function definition for ‘smooth.Pspline’
Flavors: r-devel-linux-x86_64-debian-clang, r-devel-linux-x86_64-debian-gcc, r-devel-linux-x86_64-fedora-clang, r-devel-linux-x86_64-fedora-gcc, r-devel-osx-x86_64-clang, r-devel-windows-ix86+x86_64, r-patched-linux-x86_64, r-patched-solaris-sparc, r-release-linux-ix86, r-release-linux-x86_64, r-release-windows-ix86+x86_64

Version: 1.0.6
Check: package dependencies
Result: ERROR
    Packages required but not available: ‘rgdal’ ‘rgeos’
    
    See section ‘The DESCRIPTION file’ in the ‘Writing R Extensions’
    manual.
Flavor: r-release-osx-x86_64-mavericks