CRAN Package Check Results for Package taRifx.geo

Last updated on 2015-07-31 14:49:06.

Flavor Version Tinstall Tcheck Ttotal Status Flags
r-devel-linux-x86_64-debian-clang 1.0.6 1.56 28.97 30.53 NOTE
r-devel-linux-x86_64-debian-gcc 1.0.6 1.62 20.85 22.48 NOTE
r-devel-linux-x86_64-fedora-clang 1.0.6 46.13 NOTE
r-devel-linux-x86_64-fedora-gcc 1.0.6 43.32 NOTE
r-devel-osx-x86_64-clang 1.0.6 37.86 NOTE
r-devel-windows-ix86+x86_64 1.0.6 6.00 33.00 39.00 NOTE
r-patched-linux-x86_64 1.0.6 1.56 21.02 22.59 NOTE
r-patched-solaris-sparc 1.0.6 272.30 NOTE
r-patched-solaris-x86 1.0.6 73.00 NOTE
r-release-linux-x86_64 1.0.6 1.54 20.88 22.41 NOTE
r-release-osx-x86_64-mavericks 1.0.6 NOTE
r-release-windows-ix86+x86_64 1.0.6 7.00 33.00 40.00 NOTE
r-oldrel-windows-ix86+x86_64 1.0.6 7.00 45.00 52.00 NOTE

Check Details

Version: 1.0.6
Check: DESCRIPTION meta-information
Result: NOTE
    Malformed Description field: should contain one or more complete sentences.
Flavors: r-devel-linux-x86_64-debian-clang, r-devel-linux-x86_64-debian-gcc, r-devel-linux-x86_64-fedora-clang, r-devel-linux-x86_64-fedora-gcc, r-devel-osx-x86_64-clang, r-devel-windows-ix86+x86_64, r-patched-linux-x86_64, r-patched-solaris-sparc, r-patched-solaris-x86, r-release-linux-x86_64, r-release-osx-x86_64-mavericks, r-release-windows-ix86+x86_64

Version: 1.0.6
Check: S3 generic/method consistency
Result: NOTE
    Found the following apparent S3 methods exported but not registered:
     subset.SpatialPointsDataFrame subset.SpatialPolygonsDataFrame
    See section ‘Registering S3 methods’ in the ‘Writing R Extensions’
    manual.
Flavors: r-devel-linux-x86_64-debian-clang, r-devel-linux-x86_64-debian-gcc, r-devel-linux-x86_64-fedora-clang, r-devel-linux-x86_64-fedora-gcc, r-devel-osx-x86_64-clang, r-patched-linux-x86_64, r-patched-solaris-sparc, r-patched-solaris-x86, r-release-linux-x86_64

Version: 1.0.6
Check: R code for possible problems
Result: NOTE
    geocode.data.frame: no visible global function definition for ‘stack’
    geocode.default : <anonymous>: no visible global function definition
     for ‘URLencode’
    georoute.default : <anonymous>: no visible global function definition
     for ‘URLencode’
    smoothLines: no visible global function definition for ‘smooth.Pspline’
    Undefined global functions or variables:
     URLencode smooth.Pspline stack
    Consider adding
     importFrom("utils", "URLencode", "stack")
    to your NAMESPACE.
Flavors: r-devel-linux-x86_64-debian-clang, r-devel-linux-x86_64-debian-gcc, r-devel-linux-x86_64-fedora-clang, r-devel-linux-x86_64-fedora-gcc, r-devel-windows-ix86+x86_64

Version: 1.0.6
Check: R code for possible problems
Result: NOTE
    smoothLines: no visible global function definition for ‘smooth.Pspline’
    Undefined global functions or variables:
     smooth.Pspline
Flavor: r-devel-osx-x86_64-clang

Version: 1.0.6
Check: R code for possible problems
Result: NOTE
    smoothLines: no visible global function definition for ‘smooth.Pspline’
Flavors: r-patched-linux-x86_64, r-patched-solaris-sparc, r-patched-solaris-x86, r-release-linux-x86_64, r-release-osx-x86_64-mavericks, r-release-windows-ix86+x86_64, r-oldrel-windows-ix86+x86_64