CRAN Package Check Results for Package taRifx.geo

Last updated on 2014-07-23 22:47:09.

Flavor Version Tinstall Tcheck Ttotal Status Flags
r-devel-linux-x86_64-debian-clang 1.0.6 2.08 28.53 30.60 OK
r-devel-linux-x86_64-debian-gcc 1.0.6 1.98 27.10 29.08 OK
r-devel-linux-x86_64-fedora-clang 1.0.6 66.78 OK
r-devel-linux-x86_64-fedora-gcc 1.0.6 62.84 OK
r-devel-osx-x86_64-clang 1.0.6 56.24 OK
r-devel-windows-ix86+x86_64 1.0.6 6.00 42.00 48.00 OK
r-patched-linux-x86_64 1.0.6 2.00 27.91 29.91 OK
r-patched-solaris-sparc 1.0.6 338.00 OK
r-patched-solaris-x86 1.0.6 101.70 OK
r-release-linux-ix86 1.0.6 2.51 44.58 47.09 OK
r-release-linux-x86_64 1.0.6 2.04 28.55 30.59 OK
r-release-osx-x86_64-mavericks 1.0.6 ERROR
r-release-osx-x86_64-snowleopard 1.0.6 OK
r-release-windows-ix86+x86_64 1.0.6 6.00 46.00 52.00 OK
r-oldrel-windows-ix86+x86_64 1.0.6 7.00 41.00 48.00 OK

Check Details

Version: 1.0.6
Check: package dependencies
Result: ERROR
    Packages required but not available: ‘rgdal’ ‘rgeos’
    
    See the information on DESCRIPTION files in the chapter ‘Creating R
    packages’ of the ‘Writing R Extensions’ manual.
Flavor: r-release-osx-x86_64-mavericks