CRAN Package Check Results for Package taRifx.geo

Last updated on 2015-08-28 08:47:17.

Flavor Version Tinstall Tcheck Ttotal Status Flags
r-devel-linux-x86_64-debian-clang 1.0.6 1.62 20.22 21.84 NOTE
r-devel-linux-x86_64-debian-gcc 1.0.6 1.46 20.09 21.55 NOTE
r-devel-linux-x86_64-fedora-clang 1.0.6 44.36 NOTE
r-devel-linux-x86_64-fedora-gcc 1.0.6 41.43 NOTE
r-devel-osx-x86_64-clang 1.0.6 36.27 NOTE
r-devel-windows-ix86+x86_64 1.0.6 9.00 36.00 45.00 NOTE
r-patched-linux-x86_64 1.0.6 1.57 21.21 22.78 NOTE
r-patched-solaris-sparc 1.0.6 272.30 NOTE
r-patched-solaris-x86 1.0.6 81.30 NOTE
r-release-linux-x86_64 1.0.6 1.64 21.36 23.00 NOTE
r-release-osx-x86_64-mavericks 1.0.6 NOTE
r-release-windows-ix86+x86_64 1.0.6 7.00 36.00 43.00 NOTE
r-oldrel-windows-ix86+x86_64 1.0.6 10.00 43.00 53.00 NOTE

Check Details

Version: 1.0.6
Check: DESCRIPTION meta-information
Result: NOTE
    Malformed Description field: should contain one or more complete sentences.
Flavors: r-devel-linux-x86_64-debian-clang, r-devel-linux-x86_64-debian-gcc, r-devel-linux-x86_64-fedora-clang, r-devel-linux-x86_64-fedora-gcc, r-devel-osx-x86_64-clang, r-devel-windows-ix86+x86_64, r-patched-linux-x86_64, r-patched-solaris-sparc, r-patched-solaris-x86, r-release-linux-x86_64, r-release-osx-x86_64-mavericks, r-release-windows-ix86+x86_64

Version: 1.0.6
Check: S3 generic/method consistency
Result: NOTE
    Found the following apparent S3 methods exported but not registered:
     subset.SpatialPointsDataFrame subset.SpatialPolygonsDataFrame
    See section ‘Registering S3 methods’ in the ‘Writing R Extensions’
    manual.
Flavors: r-devel-linux-x86_64-debian-clang, r-devel-linux-x86_64-debian-gcc, r-devel-linux-x86_64-fedora-clang, r-devel-linux-x86_64-fedora-gcc, r-devel-osx-x86_64-clang, r-patched-linux-x86_64, r-patched-solaris-sparc, r-patched-solaris-x86, r-release-linux-x86_64

Version: 1.0.6
Check: R code for possible problems
Result: NOTE
    geocode.data.frame: no visible global function definition for ‘stack’
    geocode.default : <anonymous>: no visible global function definition
     for ‘URLencode’
    georoute.default : <anonymous>: no visible global function definition
     for ‘URLencode’
    smoothLines: no visible global function definition for ‘smooth.Pspline’
    Undefined global functions or variables:
     URLencode smooth.Pspline stack
    Consider adding
     importFrom("utils", "URLencode", "stack")
    to your NAMESPACE.
Flavors: r-devel-linux-x86_64-debian-clang, r-devel-linux-x86_64-debian-gcc, r-devel-linux-x86_64-fedora-clang, r-devel-linux-x86_64-fedora-gcc, r-devel-windows-ix86+x86_64

Version: 1.0.6
Check: R code for possible problems
Result: NOTE
    smoothLines: no visible global function definition for ‘smooth.Pspline’
    Undefined global functions or variables:
     smooth.Pspline
Flavor: r-devel-osx-x86_64-clang

Version: 1.0.6
Check: R code for possible problems
Result: NOTE
    smoothLines: no visible global function definition for ‘smooth.Pspline’
Flavors: r-patched-linux-x86_64, r-patched-solaris-sparc, r-patched-solaris-x86, r-release-linux-x86_64, r-release-osx-x86_64-mavericks, r-release-windows-ix86+x86_64, r-oldrel-windows-ix86+x86_64