CRAN Package Check Results for Package taRifx.geo

Last updated on 2015-04-26 17:47:54.

Flavor Version Tinstall Tcheck Ttotal Status Flags
r-devel-linux-x86_64-debian-clang 1.0.6 1.56 21.56 23.11 NOTE
r-devel-linux-x86_64-debian-gcc 1.0.6 1.52 20.86 22.38 NOTE
r-devel-linux-x86_64-fedora-clang 1.0.6 48.23 NOTE
r-devel-linux-x86_64-fedora-gcc 1.0.6 43.29 NOTE
r-devel-osx-x86_64-clang 1.0.6 40.62 NOTE
r-devel-windows-ix86+x86_64 1.0.6 6.00 32.00 38.00 NOTE
r-patched-linux-x86_64 1.0.6 1.52 20.62 22.14 NOTE
r-patched-solaris-sparc 1.0.6 275.70 NOTE
r-patched-solaris-x86 1.0.6 71.10 NOTE
r-release-linux-x86_64 1.0.6 1.51 20.48 21.99 NOTE
r-release-osx-x86_64-mavericks 1.0.6 ERROR
r-release-osx-x86_64-snowleopard 1.0.6 ERROR
r-release-windows-ix86+x86_64 1.0.6 5.00 31.00 36.00 NOTE
r-oldrel-windows-ix86+x86_64 1.0.6 5.00 38.00 43.00 NOTE

Check Details

Version: 1.0.6
Check: DESCRIPTION meta-information
Result: NOTE
    Malformed Description field: should contain one or more complete sentences.
Flavors: r-devel-linux-x86_64-fedora-clang, r-devel-linux-x86_64-fedora-gcc, r-devel-osx-x86_64-clang, r-devel-windows-ix86+x86_64, r-patched-solaris-sparc, r-patched-solaris-x86, r-release-windows-ix86+x86_64

Version: 1.0.6
Check: S3 generic/method consistency
Result: NOTE
    Found the following apparent S3 methods exported but not registered:
     subset.SpatialPointsDataFrame subset.SpatialPolygonsDataFrame
    See section ‘Registering S3 methods’ in the ‘Writing R Extensions’
    manual.
Flavors: r-devel-linux-x86_64-fedora-clang, r-devel-linux-x86_64-fedora-gcc, r-devel-osx-x86_64-clang, r-patched-solaris-x86

Version: 1.0.6
Check: R code for possible problems
Result: NOTE
    smoothLines: no visible global function definition for ‘smooth.Pspline’
Flavors: r-devel-linux-x86_64-fedora-clang, r-devel-linux-x86_64-fedora-gcc, r-devel-osx-x86_64-clang, r-devel-windows-ix86+x86_64, r-patched-solaris-sparc, r-patched-solaris-x86, r-release-windows-ix86+x86_64, r-oldrel-windows-ix86+x86_64

Version: 1.0.6
Check: package dependencies
Result: ERROR
    Packages required but not available: ‘rgdal’ ‘rgeos’
    
    See section ‘The DESCRIPTION file’ in the ‘Writing R Extensions’
    manual.
Flavor: r-release-osx-x86_64-mavericks

Version: 1.0.6
Check: package dependencies
Result: ERROR
    Package required but not available: ‘rgeos’
    
    Package suggested but not available for checking: ‘fields’
    
    See section ‘The DESCRIPTION file’ in the ‘Writing R Extensions’
    manual.
Flavor: r-release-osx-x86_64-snowleopard