CRAN Package Check Results for Package taRifx

Last updated on 2015-05-30 08:48:58.

Flavor Version Tinstall Tcheck Ttotal Status Flags
r-devel-linux-x86_64-debian-clang 1.0.6 1.12 17.80 18.92 NOTE
r-devel-linux-x86_64-debian-gcc 1.0.6 1.11 16.40 17.52 NOTE
r-devel-linux-x86_64-fedora-clang 1.0.6 37.04 NOTE
r-devel-linux-x86_64-fedora-gcc 1.0.6 34.40 NOTE
r-devel-osx-x86_64-clang 1.0.6 37.80 NOTE
r-devel-windows-ix86+x86_64 1.0.6 4.00 29.00 33.00 NOTE
r-patched-linux-x86_64 1.0.6 1.10 16.92 18.03 NOTE
r-patched-solaris-sparc 1.0.6 225.50 NOTE
r-patched-solaris-x86 1.0.6 52.50 NOTE
r-release-linux-x86_64 1.0.6 1.22 17.84 19.06 NOTE
r-release-osx-x86_64-mavericks 1.0.6 NOTE
r-release-osx-x86_64-snowleopard 1.0.6 NOTE
r-release-windows-ix86+x86_64 1.0.6 5.00 29.00 34.00 NOTE
r-oldrel-windows-ix86+x86_64 1.0.6 5.00 36.00 41.00 NOTE

Check Details

Version: 1.0.6
Check: DESCRIPTION meta-information
Result: NOTE
    Malformed Title field: should not end in a period.
Flavors: r-devel-linux-x86_64-debian-clang, r-devel-linux-x86_64-debian-gcc, r-devel-linux-x86_64-fedora-clang, r-devel-linux-x86_64-fedora-gcc, r-devel-osx-x86_64-clang, r-devel-windows-ix86+x86_64, r-patched-linux-x86_64, r-patched-solaris-sparc, r-patched-solaris-x86, r-release-linux-x86_64, r-release-osx-x86_64-mavericks, r-release-osx-x86_64-snowleopard, r-release-windows-ix86+x86_64

Version: 1.0.6
Check: dependencies in R code
Result: NOTE
    'library' or 'require' calls in package code:
     ‘gdata’ ‘ggplot2’ ‘grid’ ‘lattice’ ‘xtable’
     Please use :: or requireNamespace() instead.
     See section 'Suggested packages' in the 'Writing R Extensions' manual.
Flavors: r-devel-linux-x86_64-debian-clang, r-devel-linux-x86_64-debian-gcc, r-devel-linux-x86_64-fedora-clang, r-devel-linux-x86_64-fedora-gcc, r-devel-osx-x86_64-clang, r-devel-windows-ix86+x86_64, r-patched-linux-x86_64, r-patched-solaris-sparc, r-patched-solaris-x86, r-release-linux-x86_64, r-release-osx-x86_64-mavericks, r-release-osx-x86_64-snowleopard, r-release-windows-ix86+x86_64, r-oldrel-windows-ix86+x86_64

Version: 1.0.6
Check: S3 generic/method consistency
Result: NOTE
    Found the following apparent S3 methods exported but not registered:
     as.matrix.by stack.list
    See section ‘Registering S3 methods’ in the ‘Writing R Extensions’
    manual.
Flavors: r-devel-linux-x86_64-debian-clang, r-devel-linux-x86_64-debian-gcc, r-devel-linux-x86_64-fedora-clang, r-devel-linux-x86_64-fedora-gcc, r-devel-osx-x86_64-clang, r-patched-linux-x86_64, r-patched-solaris-sparc, r-patched-solaris-x86, r-release-linux-x86_64

Version: 1.0.6
Check: R code for possible problems
Result: NOTE
    autoplot.microbenchmark: no visible global function definition for
     ‘ggplot’
    autoplot.microbenchmark: no visible global function definition for
     ‘aes’
    autoplot.microbenchmark: no visible global function definition for
     ‘coord_cartesian’
    autoplot.microbenchmark: no visible global function definition for
     ‘stat_summary’
    autoplot.microbenchmark: no visible global function definition for
     ‘opts’
    autoplot.microbenchmark: no visible global function definition for
     ‘theme_text’
    compareplot: no visible global function definition for ‘grid.newpage’
    compareplot: no visible global function definition for
     ‘latticeParseFormula’
    compareplot: no visible global function definition for ‘pushViewport’
    compareplot: no visible global function definition for ‘viewport’
    compareplot: no visible global function definition for ‘grid.layout’
    compareplot: no visible global function definition for ‘unit’
    compareplot: no visible global function definition for ‘seekViewport’
    compareplot: no visible global function definition for ‘grid.rect’
    compareplot : makeNat: no visible global function definition for
     ‘convertUnit’
    compareplot: no visible global function definition for ‘grid.text’
    compareplot: no visible global function definition for ‘gpar’
    compareplot: no visible global function definition for ‘grid.lines’
    compareplot: no visible global function definition for ‘grid.points’
    compareplot: no visible global function definition for ‘grid.polyline’
    compareplot: no visible global function definition for ‘upViewport’
    compareplot: no visible global function definition for ‘convertUnit’
    compareplot: no visible global function definition for ‘popViewport’
    hist_horiz: no visible global function definition for
     ‘latticeParseFormula’
    latex.table.by: no visible global function definition for ‘xtable’
    panel.densityplot.enhanced: no visible global function definition for
     ‘panel.densityplot’
    panel.densityplot.enhanced: no visible global function definition for
     ‘unit’
    panel.densityplot.enhanced: no visible global function definition for
     ‘grid.text’
    panel.densityplot.enhanced: no visible global function definition for
     ‘gpar’
    panel.ecdf: no visible global function definition for ‘panel.xyplot’
    panel.ecdf: no visible global function definition for ‘panel.lines’
    panel.xyplot_rug: no visible global function definition for
     ‘panel.xyplot’
    panel.xyplot_rug: no visible global function definition for
     ‘grid.segments’
    panel.xyplot_rug: no visible global function definition for ‘unit’
    panel.xyplot_rug: no visible global function definition for ‘gpar’
    searchPattern: no visible global function definition for ‘interleave’
    xtable.CrossTable: no visible global function definition for
     ‘caption<-’
    xtable.CrossTable: no visible global function definition for ‘label<-’
    xtable.CrossTable: no visible global function definition for ‘align<-’
    xtable.CrossTable: no visible global function definition for ‘digits<-’
    xtable.CrossTable: no visible global function definition for
     ‘display<-’
    xtable.summary.lme: no visible global function definition for
     ‘caption<-’
    xtable.summary.lme: no visible global function definition for ‘label<-’
    xtable.summary.lme: no visible global function definition for ‘align<-’
    xtable.summary.lme: no visible global function definition for
     ‘digits<-’
    xtable.summary.lme: no visible global function definition for
     ‘display<-’
    xtablelm: no visible global function definition for ‘xtable’
Flavors: r-devel-linux-x86_64-debian-clang, r-devel-linux-x86_64-debian-gcc, r-devel-linux-x86_64-fedora-clang, r-devel-linux-x86_64-fedora-gcc, r-devel-osx-x86_64-clang, r-devel-windows-ix86+x86_64, r-patched-linux-x86_64, r-patched-solaris-sparc, r-patched-solaris-x86, r-release-linux-x86_64, r-release-osx-x86_64-mavericks, r-release-osx-x86_64-snowleopard, r-release-windows-ix86+x86_64, r-oldrel-windows-ix86+x86_64

Version: 1.0.6
Check: package dependencies
Result: NOTE
    Package suggested but not available for checking: ‘ggplot2’
Flavor: r-release-osx-x86_64-snowleopard