CRAN Package Check Results for Package taRifx

Last updated on 2014-10-22 23:49:04.

Flavor Version Tinstall Tcheck Ttotal Status Flags
r-devel-linux-x86_64-debian-clang 1.0.6 1.47 19.64 21.11 NOTE
r-devel-linux-x86_64-debian-gcc 1.0.6 1.35 19.27 20.62 NOTE
r-devel-linux-x86_64-fedora-clang 1.0.6 42.01 NOTE
r-devel-linux-x86_64-fedora-gcc 1.0.6 39.16 NOTE
r-devel-osx-x86_64-clang 1.0.6 43.88 NOTE
r-devel-windows-ix86+x86_64 1.0.6 5.00 29.00 34.00 NOTE
r-patched-linux-x86_64 1.0.6 1.46 19.71 21.17 NOTE
r-patched-solaris-sparc 1.0.6 238.70 NOTE
r-patched-solaris-x86 1.0.6 58.60 NOTE
r-release-linux-ix86 1.0.6 1.82 27.45 29.27 OK
r-release-linux-x86_64 1.0.6 1.40 20.10 21.50 OK
r-release-osx-x86_64-mavericks 1.0.6 OK
r-release-osx-x86_64-snowleopard 1.0.6 OK
r-release-windows-ix86+x86_64 1.0.6 4.00 34.00 38.00 OK
r-oldrel-windows-ix86+x86_64 1.0.6 4.00 33.00 37.00 OK

Check Details

Version: 1.0.6
Check: R code for possible problems
Result: NOTE
    autoplot.microbenchmark: no visible global function definition for
     ‘ggplot’
    autoplot.microbenchmark: no visible global function definition for
     ‘aes’
    autoplot.microbenchmark: no visible global function definition for
     ‘coord_cartesian’
    autoplot.microbenchmark: no visible global function definition for
     ‘stat_summary’
    autoplot.microbenchmark: no visible global function definition for
     ‘opts’
    autoplot.microbenchmark: no visible global function definition for
     ‘theme_text’
    compareplot: no visible global function definition for ‘grid.newpage’
    compareplot: no visible global function definition for
     ‘latticeParseFormula’
    compareplot: no visible global function definition for ‘pushViewport’
    compareplot: no visible global function definition for ‘viewport’
    compareplot: no visible global function definition for ‘grid.layout’
    compareplot: no visible global function definition for ‘unit’
    compareplot: no visible global function definition for ‘seekViewport’
    compareplot: no visible global function definition for ‘grid.rect’
    compareplot : makeNat: no visible global function definition for
     ‘convertUnit’
    compareplot: no visible global function definition for ‘grid.text’
    compareplot: no visible global function definition for ‘gpar’
    compareplot: no visible global function definition for ‘grid.lines’
    compareplot: no visible global function definition for ‘grid.points’
    compareplot: no visible global function definition for ‘grid.polyline’
    compareplot: no visible global function definition for ‘upViewport’
    compareplot: no visible global function definition for ‘convertUnit’
    compareplot: no visible global function definition for ‘popViewport’
    hist_horiz: no visible global function definition for
     ‘latticeParseFormula’
    latex.table.by: no visible global function definition for ‘xtable’
    panel.densityplot.enhanced: no visible global function definition for
     ‘panel.densityplot’
    panel.densityplot.enhanced: no visible global function definition for
     ‘unit’
    panel.densityplot.enhanced: no visible global function definition for
     ‘grid.text’
    panel.densityplot.enhanced: no visible global function definition for
     ‘gpar’
    panel.ecdf: no visible global function definition for ‘panel.xyplot’
    panel.ecdf: no visible global function definition for ‘panel.lines’
    panel.xyplot_rug: no visible global function definition for
     ‘panel.xyplot’
    panel.xyplot_rug: no visible global function definition for
     ‘grid.segments’
    panel.xyplot_rug: no visible global function definition for ‘unit’
    panel.xyplot_rug: no visible global function definition for ‘gpar’
    searchPattern: no visible global function definition for ‘interleave’
    xtable.CrossTable: no visible global function definition for
     ‘caption<-’
    xtable.CrossTable: no visible global function definition for ‘label<-’
    xtable.CrossTable: no visible global function definition for ‘align<-’
    xtable.CrossTable: no visible global function definition for ‘digits<-’
    xtable.CrossTable: no visible global function definition for
     ‘display<-’
    xtable.summary.lme: no visible global function definition for
     ‘caption<-’
    xtable.summary.lme: no visible global function definition for ‘label<-’
    xtable.summary.lme: no visible global function definition for ‘align<-’
    xtable.summary.lme: no visible global function definition for
     ‘digits<-’
    xtable.summary.lme: no visible global function definition for
     ‘display<-’
    xtablelm: no visible global function definition for ‘xtable’
Flavors: r-devel-linux-x86_64-debian-clang, r-devel-linux-x86_64-debian-gcc, r-devel-linux-x86_64-fedora-clang, r-devel-linux-x86_64-fedora-gcc, r-devel-osx-x86_64-clang, r-devel-windows-ix86+x86_64, r-patched-linux-x86_64, r-patched-solaris-sparc, r-patched-solaris-x86