CRAN Package Check Results for Package taRifx

Last updated on 2014-04-25 09:52:25.

Flavor Version Tinstall Tcheck Ttotal Status Flags
r-devel-linux-x86_64-debian-clang 1.0.5 1.40 19.56 20.96 NOTE
r-devel-linux-x86_64-debian-gcc 1.0.5 1.34 19.23 20.57 NOTE
r-devel-linux-x86_64-fedora-clang 1.0.5 41.57 NOTE
r-devel-linux-x86_64-fedora-gcc 1.0.5 40.24 NOTE
r-devel-osx-x86_64-clang 1.0.5 41.99 NOTE
r-devel-osx-x86_64-gcc 1.0.5 NOTE
r-devel-windows-ix86+x86_64 1.0.5 3.00 28.00 31.00 NOTE
r-patched-linux-x86_64 1.0.5 1.33 19.26 20.60 NOTE
r-patched-solaris-sparc 1.0.5 229.80 NOTE
r-patched-solaris-x86 1.0.5 55.60 NOTE
r-release-linux-ix86 1.0.5 2.00 51.00 53.00 NOTE
r-release-linux-x86_64 1.0.5 1.42 19.24 20.66 NOTE
r-release-osx-x86_64-mavericks 1.0.5 WARN
r-release-osx-x86_64-snowleopard 1.0.5 NOTE
r-release-windows-ix86+x86_64 1.0.5 3.00 29.00 32.00 NOTE
r-oldrel-windows-ix86+x86_64 1.0.5 5.00 30.00 35.00 NOTE

Check Details

Version: 1.0.5
Check: DESCRIPTION meta-information
Result: NOTE
    Packages listed in more than one of Depends, Imports, Suggests, Enhances:
     ‘lattice’ ‘grid’
    A package should be listed in only one of these fields.
Flavors: r-devel-linux-x86_64-debian-clang, r-devel-linux-x86_64-debian-gcc, r-devel-linux-x86_64-fedora-clang, r-devel-linux-x86_64-fedora-gcc, r-devel-osx-x86_64-clang, r-devel-osx-x86_64-gcc, r-devel-windows-ix86+x86_64, r-patched-linux-x86_64, r-patched-solaris-sparc, r-patched-solaris-x86, r-release-linux-ix86, r-release-linux-x86_64, r-release-osx-x86_64-mavericks, r-release-osx-x86_64-snowleopard, r-release-windows-ix86+x86_64, r-oldrel-windows-ix86+x86_64

Version: 1.0.5
Check: dependencies in R code
Result: NOTE
    'library' or 'require' call to ‘plyr’ which was already attached by Depends.
     Please remove these calls from your code.
    Packages in Depends field not imported from:
     ‘plyr’ ‘reshape2’
     These packages need to be imported from (in the NAMESPACE file)
     for when this namespace is loaded but not attached.
    See the information on DESCRIPTION files in the chapter ‘Creating R
    packages’ of the ‘Writing R Extensions’ manual.
Flavors: r-devel-linux-x86_64-debian-clang, r-devel-linux-x86_64-debian-gcc, r-devel-linux-x86_64-fedora-clang, r-devel-linux-x86_64-fedora-gcc, r-devel-osx-x86_64-clang, r-devel-osx-x86_64-gcc, r-devel-windows-ix86+x86_64, r-patched-linux-x86_64, r-patched-solaris-sparc, r-patched-solaris-x86, r-release-linux-ix86, r-release-linux-x86_64, r-release-osx-x86_64-mavericks, r-release-windows-ix86+x86_64, r-oldrel-windows-ix86+x86_64

Version: 1.0.5
Check: top-level files
Result: NOTE
    Non-standard file/directory found at top level:
     ‘taRifx.Rproj’
Flavors: r-devel-linux-x86_64-fedora-clang, r-devel-linux-x86_64-fedora-gcc

Version: 1.0.5
Check: Rd line widths
Result: NOTE
    Rd file 'compareplot.Rd':
     \usage lines wider than 90 characters:
     colors.plot = c("salmon", "mediumblue", "olivedrab", "cyan", "brown", "darkgreen", "purple"),
    
    Rd file 'latex.table.by.Rd':
     \examples lines wider than 100 characters:
     # print(latex.table.by(test.df), include.rownames = FALSE, include.colnames = TRUE, sanitize.text.function = force)
     # for longtable support, add ,tabular.environment='longtable' to the print command (plus add in ,floating=FALSE), then \usepackage{lo ... [TRUNCATED]
    
    Rd file 'splitc.Rd':
     \examples lines wider than 100 characters:
     # applies mean to each, you must use \code{colMeans} as \code{mean} is deprecated for \code{data.frame}s
    
    These lines will be truncated in the PDF manual.
Flavors: r-devel-linux-x86_64-fedora-clang, r-devel-linux-x86_64-fedora-gcc

Version: 1.0.5
Check: package dependencies
Result: NOTE
    Package suggested but not available for checking: ‘ggplot2’
Flavor: r-devel-osx-x86_64-gcc

Version: 1.0.5
Check: R code for possible problems
Result: NOTE
    autoplot.microbenchmark: no visible global function definition for
     ‘ggplot’
    autoplot.microbenchmark: no visible global function definition for
     ‘aes’
    autoplot.microbenchmark: no visible global function definition for
     ‘coord_cartesian’
    autoplot.microbenchmark: no visible global function definition for
     ‘stat_summary’
    autoplot.microbenchmark: no visible global function definition for
     ‘opts’
    autoplot.microbenchmark: no visible global function definition for
     ‘theme_text’
Flavor: r-devel-osx-x86_64-gcc

Version: 1.0.5
Check: PDF version of manual
Result: WARNING
    LaTeX errors when creating PDF version.
    This typically indicates Rd problems.
    LaTeX errors found:
    ! LaTeX Error: File `upquote.sty' not found.
    
    Type X to quit or <RETURN> to proceed,
    or enter new name. (Default extension: sty)
    
    3058daa9/Rd2.tex:8: ==> Fatal error occurred, no output PDF file produced!
Flavor: r-release-osx-x86_64-mavericks

Version: 1.0.5
Check: dependencies in R code
Result: NOTE
    'library' or 'require' call to 'plyr' which was already attached by Depends.
     Please remove these calls from your code.
    See the information on DESCRIPTION files in the chapter 'Creating R
    packages' of the 'Writing R Extensions' manual.
Flavor: r-release-osx-x86_64-snowleopard