CRAN Package Check Results for Package taRifx

Last updated on 2018-06-25 11:52:57 CEST.

Flavor Version Tinstall Tcheck Ttotal Status Flags
r-devel-linux-x86_64-debian-clang 1.0.6 2.51 27.98 30.49 ERROR
r-devel-linux-x86_64-debian-gcc 1.0.6 2.37 25.06 27.43 ERROR
r-devel-linux-x86_64-fedora-clang 1.0.6 40.85 NOTE
r-devel-linux-x86_64-fedora-gcc 1.0.6 38.51 NOTE
r-devel-windows-ix86+x86_64 1.0.6 7.00 49.00 56.00 NOTE
r-patched-linux-x86_64 1.0.6 2.09 29.63 31.72 ERROR
r-patched-solaris-x86 1.0.6 58.60 NOTE
r-release-linux-x86_64 1.0.6 2.93 29.70 32.63 ERROR
r-release-windows-ix86+x86_64 1.0.6 7.00 42.00 49.00 NOTE
r-release-osx-x86_64 1.0.6 NOTE
r-oldrel-windows-ix86+x86_64 1.0.6 6.00 58.00 64.00 NOTE
r-oldrel-osx-x86_64 1.0.6 NOTE

Check Details

Version: 1.0.6
Check: DESCRIPTION meta-information
Result: NOTE
    Malformed Title field: should not end in a period.
Flavors: r-devel-linux-x86_64-debian-clang, r-devel-linux-x86_64-debian-gcc, r-devel-linux-x86_64-fedora-clang, r-devel-linux-x86_64-fedora-gcc, r-devel-windows-ix86+x86_64, r-patched-linux-x86_64, r-patched-solaris-x86, r-release-linux-x86_64, r-release-windows-ix86+x86_64, r-release-osx-x86_64, r-oldrel-windows-ix86+x86_64, r-oldrel-osx-x86_64

Version: 1.0.6
Check: dependencies in R code
Result: NOTE
    'library' or 'require' calls in package code:
     ‘gdata’ ‘ggplot2’ ‘grid’ ‘lattice’ ‘xtable’
     Please use :: or requireNamespace() instead.
     See section 'Suggested packages' in the 'Writing R Extensions' manual.
Flavors: r-devel-linux-x86_64-debian-clang, r-devel-linux-x86_64-debian-gcc, r-devel-linux-x86_64-fedora-clang, r-devel-linux-x86_64-fedora-gcc, r-devel-windows-ix86+x86_64, r-patched-linux-x86_64, r-patched-solaris-x86, r-release-linux-x86_64, r-release-windows-ix86+x86_64, r-release-osx-x86_64, r-oldrel-windows-ix86+x86_64, r-oldrel-osx-x86_64

Version: 1.0.6
Check: S3 generic/method consistency
Result: NOTE
    Found the following apparent S3 methods exported but not registered:
     as.matrix.by stack.list
    See section ‘Registering S3 methods’ in the ‘Writing R Extensions’
    manual.
Flavors: r-devel-linux-x86_64-debian-clang, r-devel-linux-x86_64-debian-gcc, r-devel-linux-x86_64-fedora-clang, r-devel-linux-x86_64-fedora-gcc, r-patched-linux-x86_64, r-patched-solaris-x86, r-release-linux-x86_64

Version: 1.0.6
Check: R code for possible problems
Result: NOTE
    as.data.frame.by: no visible global function definition for ‘na.omit’
    autoplot.microbenchmark : uq: no visible global function definition for
     ‘quantile’
    autoplot.microbenchmark : lq: no visible global function definition for
     ‘quantile’
    autoplot.microbenchmark: no visible global function definition for
     ‘ggplot’
    autoplot.microbenchmark: no visible global function definition for
     ‘aes’
    autoplot.microbenchmark: no visible binding for global variable ‘time’
    autoplot.microbenchmark: no visible global function definition for
     ‘coord_cartesian’
    autoplot.microbenchmark: no visible global function definition for
     ‘stat_summary’
    autoplot.microbenchmark: no visible binding for global variable
     ‘median’
    autoplot.microbenchmark: no visible global function definition for
     ‘opts’
    autoplot.microbenchmark: no visible global function definition for
     ‘theme_text’
    bin: no visible global function definition for ‘quantile’
    compareplot: no visible global function definition for ‘grid.newpage’
    compareplot: no visible global function definition for
     ‘latticeParseFormula’
    compareplot: no visible global function definition for ‘pushViewport’
    compareplot: no visible global function definition for ‘viewport’
    compareplot: no visible global function definition for ‘grid.layout’
    compareplot: no visible global function definition for ‘unit’
    compareplot: no visible global function definition for ‘seekViewport’
    compareplot: no visible global function definition for ‘grid.rect’
    compareplot : makeNat: no visible global function definition for
     ‘convertUnit’
    compareplot: no visible global function definition for ‘grid.text’
    compareplot: no visible global function definition for ‘gpar’
    compareplot: no visible global function definition for ‘quantile’
    compareplot: no visible global function definition for ‘grid.lines’
    compareplot: no visible global function definition for ‘grid.points’
    compareplot: no visible global function definition for ‘median’
    compareplot: no visible global function definition for ‘sd’
    compareplot: no visible global function definition for ‘grid.polyline’
    compareplot: no visible global function definition for ‘upViewport’
    compareplot: no visible global function definition for ‘convertUnit’
    compareplot: no visible global function definition for ‘popViewport’
    hist_horiz: no visible global function definition for
     ‘latticeParseFormula’
    hist_horiz: no visible global function definition for ‘quantile’
    hist_horiz: no visible global function definition for ‘par’
    hist_horiz: no visible global function definition for ‘barplot’
    homogenous: no visible global function definition for ‘sd’
    latex.table.by: no visible global function definition for ‘xtable’
    panel.densityplot.enhanced: no visible global function definition for
     ‘panel.densityplot’
    panel.densityplot.enhanced: no visible global function definition for
     ‘unit’
    panel.densityplot.enhanced: no visible global function definition for
     ‘grid.text’
    panel.densityplot.enhanced: no visible global function definition for
     ‘gpar’
    panel.densityplot.enhanced: no visible global function definition for
     ‘sd’
    panel.ecdf: no visible global function definition for ‘panel.xyplot’
    panel.ecdf: no visible global function definition for ‘ecdf’
    panel.ecdf: no visible global function definition for ‘panel.lines’
    panel.xyplot_rug: no visible global function definition for
     ‘panel.xyplot’
    panel.xyplot_rug: no visible global function definition for
     ‘grid.segments’
    panel.xyplot_rug: no visible global function definition for ‘unit’
    panel.xyplot_rug: no visible global function definition for ‘gpar’
    quantile_cutpoints: no visible global function definition for
     ‘quantile’
    searchPattern: no visible global function definition for ‘interleave’
    sides.formula : isOneSided: no visible global function definition for
     ‘terms’
    title.page.new: no visible global function definition for ‘plot.new’
    title.page.new: no visible global function definition for ‘text’
    write.sanitized.csv: no visible global function definition for
     ‘write.csv’
    xtable.CrossTable: no visible global function definition for
     ‘caption<-’
    xtable.CrossTable: no visible global function definition for ‘label<-’
    xtable.CrossTable: no visible global function definition for ‘align<-’
    xtable.CrossTable: no visible global function definition for ‘digits<-’
    xtable.CrossTable: no visible global function definition for
     ‘display<-’
    xtable.summary.lme: no visible global function definition for
     ‘caption<-’
    xtable.summary.lme: no visible global function definition for ‘label<-’
    xtable.summary.lme: no visible global function definition for ‘align<-’
    xtable.summary.lme: no visible global function definition for
     ‘digits<-’
    xtable.summary.lme: no visible global function definition for
     ‘display<-’
    xtablelm: no visible global function definition for ‘xtable’
    xtablelm: no visible global function definition for ‘pf’
    Undefined global functions or variables:
     aes align<- barplot caption<- convertUnit coord_cartesian digits<-
     display<- ecdf ggplot gpar grid.layout grid.lines grid.newpage
     grid.points grid.polyline grid.rect grid.segments grid.text
     interleave label<- latticeParseFormula median na.omit opts
     panel.densityplot panel.lines panel.xyplot par pf plot.new
     popViewport pushViewport quantile sd seekViewport stat_summary terms
     text theme_text time unit upViewport viewport write.csv xtable
    Consider adding
     importFrom("graphics", "barplot", "par", "plot.new", "text")
     importFrom("stats", "ecdf", "median", "na.omit", "pf", "quantile",
     "sd", "terms", "time")
     importFrom("utils", "write.csv")
    to your NAMESPACE file.
Flavors: r-devel-linux-x86_64-debian-clang, r-devel-linux-x86_64-debian-gcc, r-devel-linux-x86_64-fedora-clang, r-devel-linux-x86_64-fedora-gcc, r-devel-windows-ix86+x86_64, r-patched-linux-x86_64, r-patched-solaris-x86, r-release-linux-x86_64, r-release-windows-ix86+x86_64, r-release-osx-x86_64, r-oldrel-windows-ix86+x86_64, r-oldrel-osx-x86_64

Version: 1.0.6
Check: examples
Result: ERROR
    Running examples in ‘taRifx-Ex.R’ failed
    The error most likely occurred in:
    
    > base::assign(".ptime", proc.time(), pos = "CheckExEnv")
    > ### Name: stack.list
    > ### Title: Stack lists into data.frames
    > ### Aliases: stack.list
    >
    > ### ** Examples
    >
    > dat <- replicate(10, data.frame(x=runif(2),y=rnorm(2)), simplify=FALSE)
    > str(dat)
    List of 10
     $ :'data.frame': 2 obs. of 2 variables:
     ..$ x: num [1:2] 0.266 0.372
     ..$ y: num [1:2] 0.184 -0.836
     $ :'data.frame': 2 obs. of 2 variables:
     ..$ x: num [1:2] 0.945 0.661
     ..$ y: num [1:2] 0.33 -0.82
     $ :'data.frame': 2 obs. of 2 variables:
     ..$ x: num [1:2] 0.687 0.384
     ..$ y: num [1:2] 0.738 0.576
     $ :'data.frame': 2 obs. of 2 variables:
     ..$ x: num [1:2] 0.38 0.777
     ..$ y: num [1:2] 1.51 0.39
     $ :'data.frame': 2 obs. of 2 variables:
     ..$ x: num [1:2] 0.267 0.386
     ..$ y: num [1:2] -2.21 1.12
     $ :'data.frame': 2 obs. of 2 variables:
     ..$ x: num [1:2] 0.482 0.6
     ..$ y: num [1:2] -0.0162 0.9438
     $ :'data.frame': 2 obs. of 2 variables:
     ..$ x: num [1:2] 0.794 0.108
     ..$ y: num [1:2] 0.594 0.919
     $ :'data.frame': 2 obs. of 2 variables:
     ..$ x: num [1:2] 0.783 0.553
     ..$ y: num [1:2] 0.0746 -1.9894
     $ :'data.frame': 2 obs. of 2 variables:
     ..$ x: num [1:2] 0.732 0.693
     ..$ y: num [1:2] -0.0561 -0.1558
     $ :'data.frame': 2 obs. of 2 variables:
     ..$ x: num [1:2] 0.0707 0.0995
     ..$ y: num [1:2] -0.478 0.418
    > stack(dat)
    Error in stack.default(dat) : at least one vector element is required
    Calls: stack -> stack.default
    Execution halted
Flavors: r-devel-linux-x86_64-debian-clang, r-devel-linux-x86_64-debian-gcc, r-patched-linux-x86_64, r-release-linux-x86_64