CRAN Package Check Results for Package tab

Last updated on 2024-02-26 17:51:31 CET.

Flavor Version Tinstall Tcheck Ttotal Status Flags
r-devel-linux-x86_64-debian-clang 5.1.1 16.10 133.42 149.52 NOTE
r-devel-linux-x86_64-debian-gcc 5.1.1 14.07 96.04 110.11 NOTE
r-devel-linux-x86_64-fedora-clang 5.1.1 179.33 OK
r-devel-linux-x86_64-fedora-gcc 5.1.1 185.33 OK
r-devel-windows-x86_64 5.1.1 14.00 110.00 124.00 OK
r-patched-linux-x86_64 5.1.1 11.18 128.28 139.46 OK
r-release-linux-x86_64 5.1.1 10.77 128.37 139.14 OK
r-release-macos-arm64 5.1.1 60.00 OK
r-release-macos-x86_64 5.1.1 100.00 OK
r-release-windows-x86_64 5.1.1 19.00 134.00 153.00 OK
r-oldrel-macos-arm64 5.1.1 45.00 OK
r-oldrel-windows-x86_64 5.1.1 20.00 132.00 152.00 OK

Check Details

Version: 5.1.1
Check: Rd files
Result: NOTE checkRd: (-1) tabmulti.Rd:68: Lost braces 68 | \\code{yvarlabels = list(race = "Race/ethnicity", age_yrs = "Age (years)")}.} | ^ checkRd: (-1) tabmulti.svy.Rd:67: Lost braces 67 | \\code{yvarlabels = list(race = "Race/ethnicity", age_yrs = "Age (years)")}.} | ^ Flavors: r-devel-linux-x86_64-debian-clang, r-devel-linux-x86_64-debian-gcc