CRAN Package Check Results for Package taber

Last updated on 2022-08-18 21:50:02 CEST.

Flavor Version Tinstall Tcheck Ttotal Status Flags
r-devel-linux-x86_64-debian-clang 0.1.2 4.46 46.27 50.73 NOTE
r-devel-linux-x86_64-debian-gcc 0.1.2 3.89 34.96 38.85 NOTE
r-devel-linux-x86_64-fedora-clang 0.1.2 72.59 NOTE
r-devel-linux-x86_64-fedora-gcc 0.1.2 69.40 NOTE
r-devel-windows-x86_64 0.1.2 10.00 66.00 76.00 NOTE
r-patched-linux-x86_64 0.1.2 4.17 43.72 47.89 NOTE
r-release-linux-x86_64 0.1.2 NOTE
r-release-macos-arm64 0.1.2 25.00 NOTE
r-release-macos-x86_64 0.1.2 43.00 NOTE
r-release-windows-x86_64 0.1.2 11.00 65.00 76.00 NOTE
r-oldrel-macos-arm64 0.1.2 25.00 NOTE
r-oldrel-macos-x86_64 0.1.2 39.00 NOTE
r-oldrel-windows-ix86+x86_64 0.1.2 13.00 65.00 78.00 NOTE

Check Details

Version: 0.1.2
Check: LazyData
Result: NOTE
     'LazyData' is specified without a 'data' directory
Flavors: r-devel-linux-x86_64-debian-clang, r-devel-linux-x86_64-debian-gcc, r-devel-linux-x86_64-fedora-clang, r-devel-linux-x86_64-fedora-gcc, r-devel-windows-x86_64, r-patched-linux-x86_64, r-release-linux-x86_64, r-release-macos-arm64, r-release-macos-x86_64, r-release-windows-x86_64, r-oldrel-macos-arm64, r-oldrel-macos-x86_64, r-oldrel-windows-ix86+x86_64