CRAN Package Check Results for Package table1xls

Last updated on 2015-05-30 06:47:04.

Flavor Version Tinstall Tcheck Ttotal Status Flags
r-devel-linux-x86_64-debian-clang 0.3.1 1.45 22.10 23.54 OK
r-devel-linux-x86_64-debian-gcc 0.3.1 1.46 21.24 22.70 OK
r-devel-linux-x86_64-fedora-clang 0.3.1 49.27 OK
r-devel-linux-x86_64-fedora-gcc 0.3.1 45.31 OK
r-devel-osx-x86_64-clang 0.3.1 49.45 OK
r-devel-windows-ix86+x86_64 0.3.1 4.00 34.00 38.00 OK
r-patched-linux-x86_64 0.3.1 1.54 21.03 22.57 OK
r-patched-solaris-sparc 0.3.1 262.50 OK
r-patched-solaris-x86 0.3.1 68.90 OK
r-release-linux-x86_64 0.3.1 1.70 22.49 24.20 OK
r-release-osx-x86_64-mavericks 0.3.1 OK
r-release-osx-x86_64-snowleopard 0.3.1 ERROR
r-release-windows-ix86+x86_64 0.3.1 5.00 34.00 39.00 OK
r-oldrel-windows-ix86+x86_64 0.3.1 6.00 41.00 47.00 OK

Check Details

Version: 0.3.1
Check: package dependencies
Result: ERROR
    Package required but not available: ‘XLConnect’
    
    See section ‘The DESCRIPTION file’ in the ‘Writing R Extensions’
    manual.
Flavor: r-release-osx-x86_64-snowleopard