CRAN Package Check Results for Package table1xls

Last updated on 2016-05-05 23:50:14.

Flavor Version Tinstall Tcheck Ttotal Status Flags
r-devel-linux-x86_64-debian-gcc 0.3.1 1.40 21.56 22.96 NOTE
r-devel-linux-x86_64-fedora-clang 0.3.1 43.12 NOTE
r-devel-linux-x86_64-fedora-gcc 0.3.1 40.13 NOTE
r-devel-osx-x86_64-clang 0.3.1 50.73 NOTE
r-devel-windows-ix86+x86_64 0.3.1 5.00 40.00 45.00 NOTE
r-patched-linux-x86_64 0.3.1 1.66 23.82 25.48 NOTE
r-patched-solaris-sparc 0.3.1 251.60 NOTE
r-patched-solaris-x86 0.3.1 55.80 NOTE
r-release-linux-x86_64 0.3.1 1.42 22.36 23.78 NOTE
r-release-osx-x86_64-mavericks 0.3.1 OK
r-release-windows-ix86+x86_64 0.3.1 5.00 40.00 45.00 NOTE
r-oldrel-windows-ix86+x86_64 0.3.1 8.00 59.00 67.00 OK

Check Details

Version: 0.3.1
Check: R code for possible problems
Result: NOTE
    XLregresSummary: no visible global function definition for ‘qnorm’
    XLregresSummary : <anonymous>: no visible global function definition
     for ‘pnorm’
    fancytab2: no visible global function definition for ‘addmargins’
    iqrString: no visible global function definition for ‘quantile’
    roundSD: no visible global function definition for ‘sd’
    roundmedian: no visible global function definition for ‘median’
    Undefined global functions or variables:
     addmargins median pnorm qnorm quantile sd
    Consider adding
     importFrom("stats", "addmargins", "median", "pnorm", "qnorm",
     "quantile", "sd")
    to your NAMESPACE file.
Flavors: r-devel-linux-x86_64-debian-gcc, r-devel-linux-x86_64-fedora-clang, r-devel-linux-x86_64-fedora-gcc, r-devel-osx-x86_64-clang, r-devel-windows-ix86+x86_64, r-patched-linux-x86_64, r-patched-solaris-sparc, r-patched-solaris-x86, r-release-linux-x86_64, r-release-windows-ix86+x86_64