CRAN Package Check Results for Package table1xls

Last updated on 2016-06-27 08:48:44.

Flavor Version Tinstall Tcheck Ttotal Status Flags
r-devel-linux-x86_64-debian-gcc 0.3.1 1.65 20.93 22.58 NOTE
r-devel-linux-x86_64-fedora-clang 0.3.1 44.80 NOTE
r-devel-linux-x86_64-fedora-gcc 0.3.1 44.28 NOTE
r-devel-osx-x86_64-clang 0.3.1 38.87 NOTE
r-devel-windows-ix86+x86_64 0.3.1 5.00 44.00 49.00 NOTE
r-patched-linux-x86_64 0.3.1 1.43 24.10 25.53 NOTE
r-patched-solaris-sparc 0.3.1 249.30 NOTE
r-patched-solaris-x86 0.3.1 56.70 NOTE
r-release-linux-x86_64 0.3.1 1.65 22.95 24.60 NOTE
r-release-osx-x86_64-mavericks 0.3.1 NOTE
r-release-windows-ix86+x86_64 0.3.1 5.00 43.00 48.00 NOTE
r-oldrel-windows-ix86+x86_64 0.3.1 7.00 59.00 66.00 OK

Check Details

Version: 0.3.1
Check: R code for possible problems
Result: NOTE
    XLregresSummary: no visible global function definition for ‘qnorm’
    XLregresSummary : <anonymous>: no visible global function definition
     for ‘pnorm’
    fancytab2: no visible global function definition for ‘addmargins’
    iqrString: no visible global function definition for ‘quantile’
    roundSD: no visible global function definition for ‘sd’
    roundmedian: no visible global function definition for ‘median’
    Undefined global functions or variables:
     addmargins median pnorm qnorm quantile sd
    Consider adding
     importFrom("stats", "addmargins", "median", "pnorm", "qnorm",
     "quantile", "sd")
    to your NAMESPACE file.
Flavors: r-devel-linux-x86_64-debian-gcc, r-devel-linux-x86_64-fedora-clang, r-devel-linux-x86_64-fedora-gcc, r-devel-osx-x86_64-clang, r-devel-windows-ix86+x86_64, r-patched-linux-x86_64, r-patched-solaris-sparc, r-patched-solaris-x86, r-release-linux-x86_64, r-release-osx-x86_64-mavericks, r-release-windows-ix86+x86_64