CRAN Package Check Results for Package table1xls

Last updated on 2015-07-28 03:48:36.

Flavor Version Tinstall Tcheck Ttotal Status Flags
r-devel-linux-x86_64-debian-clang 0.3.1 1.43 21.78 23.22 NOTE
r-devel-linux-x86_64-debian-gcc 0.3.1 1.42 20.71 22.13 NOTE
r-devel-linux-x86_64-fedora-clang 0.3.1 47.13 NOTE
r-devel-linux-x86_64-fedora-gcc 0.3.1 43.41 NOTE
r-devel-osx-x86_64-clang 0.3.1 41.33 OK
r-devel-windows-ix86+x86_64 0.3.1 4.00 35.00 39.00 NOTE
r-patched-linux-x86_64 0.3.1 1.46 21.36 22.82 OK
r-patched-solaris-sparc 0.3.1 275.60 OK
r-patched-solaris-x86 0.3.1 71.50 OK
r-release-linux-x86_64 0.3.1 1.42 21.00 22.42 OK
r-release-osx-x86_64-mavericks 0.3.1 OK
r-release-windows-ix86+x86_64 0.3.1 7.00 38.00 45.00 OK
r-oldrel-windows-ix86+x86_64 0.3.1 10.00 66.00 76.00 OK

Check Details

Version: 0.3.1
Check: R code for possible problems
Result: NOTE
    XLregresSummary: no visible global function definition for ‘qnorm’
    XLregresSummary : <anonymous>: no visible global function definition
     for ‘pnorm’
    fancytab2: no visible global function definition for ‘addmargins’
    iqrString: no visible global function definition for ‘quantile’
    roundSD: no visible global function definition for ‘sd’
    roundmedian: no visible global function definition for ‘median’
    Undefined global functions or variables:
     addmargins median pnorm qnorm quantile sd
    Consider adding
     importFrom("stats", "addmargins", "median", "pnorm", "qnorm",
     "quantile", "sd")
    to your NAMESPACE.
Flavors: r-devel-linux-x86_64-debian-clang, r-devel-linux-x86_64-debian-gcc, r-devel-linux-x86_64-fedora-clang, r-devel-linux-x86_64-fedora-gcc, r-devel-windows-ix86+x86_64