CRAN Package Check Results for Package table1xls

Last updated on 2014-04-25 05:47:27.

Flavor Version Tinstall Tcheck Ttotal Status Flags
r-devel-linux-x86_64-debian-clang 0.3 2.10 25.28 27.39 OK
r-devel-linux-x86_64-debian-gcc 0.3 2.02 25.17 27.19 OK
r-devel-linux-x86_64-fedora-clang 0.3 56.83 OK
r-devel-linux-x86_64-fedora-gcc 0.3 54.58 OK
r-devel-osx-x86_64-clang 0.3 56.73 OK
r-devel-osx-x86_64-gcc 0.3 ERROR
r-devel-windows-ix86+x86_64 0.3 5.00 36.00 41.00 OK
r-patched-linux-x86_64 0.3 1.99 24.99 26.98 OK
r-patched-solaris-sparc 0.3 298.20 OK
r-patched-solaris-x86 0.3 75.60 OK
r-release-linux-ix86 0.3 3.00 48.00 51.00 OK
r-release-linux-x86_64 0.3 2.14 25.24 27.38 OK
r-release-osx-x86_64-mavericks 0.3 WARN
r-release-osx-x86_64-snowleopard 0.3 OK
r-release-windows-ix86+x86_64 0.3 6.00 38.00 44.00 OK
r-oldrel-windows-ix86+x86_64 0.3 6.00 34.00 40.00 OK

Check Details

Version: 0.3
Check: package dependencies
Result: ERROR
    Package required but not available: ‘XLConnect’
    
    See the information on DESCRIPTION files in the chapter ‘Creating R
    packages’ of the ‘Writing R Extensions’ manual.
Flavor: r-devel-osx-x86_64-gcc

Version: 0.3
Check: PDF version of manual
Result: WARNING
    LaTeX errors when creating PDF version.
    This typically indicates Rd problems.
    LaTeX errors found:
    ! LaTeX Error: File `upquote.sty' not found.
    
    Type X to quit or <RETURN> to proceed,
    or enter new name. (Default extension: sty)
    
    /private/tmp/Rtmpde25ep/Rd2pdfc2663c0e0984/Rd2.tex:8: ==> Fatal error occurred
    , no output PDF file produced!
Flavor: r-release-osx-x86_64-mavericks