CRAN Package Check Results for Package table1xls

Last updated on 2016-02-05 23:48:59.

Flavor Version Tinstall Tcheck Ttotal Status Flags
r-devel-linux-x86_64-debian-gcc 0.3.1 1.36 20.03 21.38 NOTE
r-devel-linux-x86_64-fedora-clang 0.3.1 42.70 NOTE
r-devel-linux-x86_64-fedora-gcc 0.3.1 40.33 NOTE
r-devel-osx-x86_64-clang 0.3.1 50.60 OK
r-devel-windows-ix86+x86_64 0.3.1 7.00 38.00 45.00 NOTE
r-patched-linux-x86_64 0.3.1 1.55 21.15 22.70 OK
r-patched-solaris-sparc 0.3.1 262.00 OK
r-patched-solaris-x86 0.3.1 56.00 OK
r-release-linux-x86_64 0.3.1 1.74 21.34 23.08 OK
r-release-osx-x86_64-mavericks 0.3.1 OK
r-release-windows-ix86+x86_64 0.3.1 7.00 39.00 46.00 OK
r-oldrel-windows-ix86+x86_64 0.3.1 10.00 51.00 61.00 OK

Check Details

Version: 0.3.1
Check: R code for possible problems
Result: NOTE
    XLregresSummary: no visible global function definition for ‘qnorm’
    XLregresSummary : <anonymous>: no visible global function definition
     for ‘pnorm’
    fancytab2: no visible global function definition for ‘addmargins’
    iqrString: no visible global function definition for ‘quantile’
    roundSD: no visible global function definition for ‘sd’
    roundmedian: no visible global function definition for ‘median’
    Undefined global functions or variables:
     addmargins median pnorm qnorm quantile sd
    Consider adding
     importFrom("stats", "addmargins", "median", "pnorm", "qnorm",
     "quantile", "sd")
    to your NAMESPACE.
Flavors: r-devel-linux-x86_64-debian-gcc, r-devel-linux-x86_64-fedora-clang, r-devel-linux-x86_64-fedora-gcc, r-devel-windows-ix86+x86_64