CRAN Package Check Results for Package table1xls

Last updated on 2015-04-28 03:47:35.

Flavor Version Tinstall Tcheck Ttotal Status Flags
r-devel-linux-x86_64-debian-clang 0.3.1 1.50 21.56 23.07 OK
r-devel-linux-x86_64-debian-gcc 0.3.1 1.44 21.21 22.65 OK
r-devel-linux-x86_64-fedora-clang 0.3.1 49.14 OK
r-devel-linux-x86_64-fedora-gcc 0.3.1 45.67 OK
r-devel-osx-x86_64-clang 0.3.1 47.80 OK
r-devel-windows-ix86+x86_64 0.3.1 5.00 34.00 39.00 OK
r-patched-linux-x86_64 0.3.1 1.49 21.17 22.66 OK
r-patched-solaris-sparc 0.3.1 277.80 OK
r-patched-solaris-x86 0.3.1 75.00 OK
r-release-linux-x86_64 0.3.1 1.52 21.24 22.75 OK
r-release-osx-x86_64-mavericks 0.3.1 OK
r-release-osx-x86_64-snowleopard 0.3.1 ERROR
r-release-windows-ix86+x86_64 0.3.1 7.00 46.00 53.00 OK
r-oldrel-windows-ix86+x86_64 0.3.1 5.00 37.00 42.00 OK

Check Details

Version: 0.3.1
Check: package dependencies
Result: ERROR
    Package required but not available: ‘XLConnect’
    
    See section ‘The DESCRIPTION file’ in the ‘Writing R Extensions’
    manual.
Flavor: r-release-osx-x86_64-snowleopard