CRAN Package Check Results for Package table1xls

Last updated on 2015-09-02 19:47:54.

Flavor Version Tinstall Tcheck Ttotal Status Flags
r-devel-linux-x86_64-debian-clang 0.3.1 1.36 20.55 21.91 NOTE
r-devel-linux-x86_64-debian-gcc 0.3.1 1.35 19.72 21.07 NOTE
r-devel-linux-x86_64-fedora-clang 0.3.1 44.68 NOTE
r-devel-linux-x86_64-fedora-gcc 0.3.1 41.79 NOTE
r-devel-osx-x86_64-clang 0.3.1 42.48 OK
r-devel-windows-ix86+x86_64 0.3.1 8.00 40.00 48.00 NOTE
r-patched-linux-x86_64 0.3.1 1.86 21.00 22.86 OK
r-patched-solaris-sparc 0.3.1 275.60 OK
r-patched-solaris-x86 0.3.1 73.00 OK
r-release-linux-x86_64 0.3.1 1.47 21.10 22.58 OK
r-release-osx-x86_64-mavericks 0.3.1 OK
r-release-windows-ix86+x86_64 0.3.1 6.00 54.00 60.00 OK
r-oldrel-windows-ix86+x86_64 0.3.1 10.00 66.00 76.00 OK

Check Details

Version: 0.3.1
Check: R code for possible problems
Result: NOTE
    XLregresSummary: no visible global function definition for ‘qnorm’
    XLregresSummary : <anonymous>: no visible global function definition
     for ‘pnorm’
    fancytab2: no visible global function definition for ‘addmargins’
    iqrString: no visible global function definition for ‘quantile’
    roundSD: no visible global function definition for ‘sd’
    roundmedian: no visible global function definition for ‘median’
    Undefined global functions or variables:
     addmargins median pnorm qnorm quantile sd
    Consider adding
     importFrom("stats", "addmargins", "median", "pnorm", "qnorm",
     "quantile", "sd")
    to your NAMESPACE.
Flavors: r-devel-linux-x86_64-debian-clang, r-devel-linux-x86_64-debian-gcc, r-devel-linux-x86_64-fedora-clang, r-devel-linux-x86_64-fedora-gcc, r-devel-windows-ix86+x86_64