CRAN Package Check Results for Package tableHTML

Last updated on 2022-01-19 16:48:36 CET.

Flavor Version Tinstall Tcheck Ttotal Status Flags
r-devel-linux-x86_64-debian-clang 2.1.0 NOTE
r-devel-linux-x86_64-debian-gcc 2.1.0 4.81 51.34 56.15 NOTE
r-devel-linux-x86_64-fedora-clang 2.1.0 88.66 NOTE
r-devel-linux-x86_64-fedora-gcc 2.1.0 77.03 NOTE
r-devel-windows-x86_64-new-UL 2.1.0 66.00 111.00 177.00 NOTE
r-devel-windows-x86_64-new-TK 2.1.0 NOTE
r-patched-linux-x86_64 2.1.0 4.09 67.16 71.25 NOTE
r-release-linux-x86_64 2.1.0 NOTE
r-release-macos-arm64 2.1.0 NOTE
r-release-macos-x86_64 2.1.0 NOTE
r-release-windows-ix86+x86_64 2.1.0 15.00 90.00 105.00 NOTE
r-oldrel-macos-x86_64 2.1.0 NOTE
r-oldrel-windows-ix86+x86_64 2.1.0 14.00 89.00 103.00 NOTE

Check Details

Version: 2.1.0
Check: LazyData
Result: NOTE
     'LazyData' is specified without a 'data' directory
Flavors: r-devel-linux-x86_64-debian-clang, r-devel-linux-x86_64-debian-gcc, r-devel-linux-x86_64-fedora-clang, r-devel-linux-x86_64-fedora-gcc, r-devel-windows-x86_64-new-UL, r-devel-windows-x86_64-new-TK, r-patched-linux-x86_64, r-release-linux-x86_64, r-release-macos-arm64, r-release-macos-x86_64, r-release-windows-ix86+x86_64

Version: 2.1.0
Check: installed package size
Result: NOTE
     installed size is 6.2Mb
     sub-directories of 1Mb or more:
     doc 5.9Mb
Flavors: r-devel-linux-x86_64-fedora-clang, r-devel-windows-x86_64-new-UL, r-release-macos-arm64, r-release-macos-x86_64, r-release-windows-ix86+x86_64, r-oldrel-macos-x86_64, r-oldrel-windows-ix86+x86_64

Version: 2.1.0
Check: dependencies in R code
Result: NOTE
    Namespace in Imports field not imported from: ‘shiny’
     All declared Imports should be used.
Flavors: r-devel-linux-x86_64-fedora-clang, r-devel-linux-x86_64-fedora-gcc, r-devel-windows-x86_64-new-TK, r-release-macos-arm64, r-release-macos-x86_64, r-oldrel-macos-x86_64