CRAN Package Check Results for Package tableplot

Last updated on 2015-04-25 19:47:29.

Flavor Version Tinstall Tcheck Ttotal Status Flags
r-devel-linux-x86_64-debian-clang 0.3-5 0.66 14.22 14.89 NOTE
r-devel-linux-x86_64-debian-gcc 0.3-5 0.65 14.18 14.83 NOTE
r-devel-linux-x86_64-fedora-clang 0.3-5 30.56 NOTE
r-devel-linux-x86_64-fedora-gcc 0.3-5 28.39 NOTE
r-devel-osx-x86_64-clang 0.3-5 32.15 NOTE
r-devel-windows-ix86+x86_64 0.3-5 3.00 24.00 27.00 NOTE
r-patched-linux-x86_64 0.3-5 0.71 15.09 15.80 NOTE
r-patched-solaris-sparc 0.3-5 183.80 NOTE
r-patched-solaris-x86 0.3-5 42.20 NOTE
r-release-linux-x86_64 0.3-5 0.66 14.25 14.91 NOTE
r-release-osx-x86_64-mavericks 0.3-5 NOTE
r-release-osx-x86_64-snowleopard 0.3-5 NOTE
r-release-windows-ix86+x86_64 0.3-5 2.00 25.00 27.00 NOTE
r-oldrel-windows-ix86+x86_64 0.3-5 2.00 27.00 29.00 NOTE

Check Details

Version: 0.3-5
Check: DESCRIPTION meta-information
Result: NOTE
    Malformed Description field: should contain one or more complete sentences.
Flavors: r-devel-windows-ix86+x86_64, r-release-windows-ix86+x86_64

Version: 0.3-5
Check: dependencies in R code
Result: NOTE
    'library' or 'require' call to 'grid' which was already attached by Depends.
     Please remove these calls from your code.
    'library' or 'require' call to 'perturb' in package code.
     Please use :: or requireNamespace() instead.
     See section 'Suggested packages' in the 'Writing R Extensions' manual.
    Package in Depends field not imported from: 'grid'
     These packages need to be imported from (in the NAMESPACE file)
     for when this namespace is loaded but not attached.
Flavors: r-devel-windows-ix86+x86_64, r-release-windows-ix86+x86_64, r-oldrel-windows-ix86+x86_64

Version: 0.3-5
Check: R code for possible problems
Result: NOTE
    cellgram: no visible global function definition for 'grid.rect'
    cellgram: no visible global function definition for 'gpar'
    cellgram: no visible global function definition for 'grid.segments'
    cellgram: no visible global function definition for 'grid.circle'
    cellgram: no visible global function definition for 'grid.polygon'
    cellgram: no visible global function definition for 'grid.text'
    cellgram: no visible global function definition for 'unit'
    tableplot.colldiag: no visible global function definition for
     'colldiag'
    tableplot.default: no visible global function definition for
     'grid.newpage'
    tableplot.default: no visible global function definition for
     'grid.layout'
    tableplot.default: no visible global function definition for 'unit'
    tableplot.default: no visible global function definition for
     'pushViewport'
    tableplot.default: no visible global function definition for 'viewport'
    tableplot.default: no visible global function definition for
     'grid.text'
    tableplot.default: no visible global function definition for
     'upViewport'
    tableplot.default: no visible global function definition for 'gpar'
    tableplot.default: no visible global function definition for
     'grid.rect'
    tableplot.default: no visible global function definition for
     'popViewport'
Flavors: r-devel-windows-ix86+x86_64, r-release-windows-ix86+x86_64, r-oldrel-windows-ix86+x86_64