CRAN Package Check Results for Package tableplot

Last updated on 2014-04-17 20:47:44.

Flavor Version Tinstall Tcheck Ttotal Status Flags
r-devel-linux-x86_64-debian-clang 0.3-5 0.81 14.69 15.50 NOTE
r-devel-linux-x86_64-debian-gcc 0.3-5 0.79 14.82 15.60 NOTE
r-devel-linux-x86_64-fedora-clang 0.3-5 31.90 NOTE
r-devel-linux-x86_64-fedora-gcc 0.3-5 29.93 NOTE
r-devel-macosx-x86_64-clang 0.3-5 31.41 NOTE
r-devel-macosx-x86_64-gcc 0.3-5 NOTE
r-devel-windows-ix86+x86_64 0.3-5 3.00 22.00 25.00 NOTE
r-patched-linux-x86_64 0.3-5 0.76 14.64 15.40 NOTE
r-patched-solaris-sparc 0.3-5 170.70 NOTE
r-patched-solaris-x86 0.3-5 42.30 NOTE
r-release-linux-ix86 0.3-5 2.00 30.00 32.00 NOTE
r-release-linux-x86_64 0.3-5 0.81 14.80 15.61 NOTE
r-release-windows-ix86+x86_64 0.3-5 2.00 24.00 26.00 NOTE
r-oldrel-windows-ix86+x86_64 0.3-5 3.00 25.00 28.00 NOTE

Check Details

Version: 0.3-5
Check: dependencies in R code
Result: NOTE
    'library' or 'require' call to ‘grid’ which was already attached by Depends.
     Please remove these calls from your code.
    See the information on DESCRIPTION files in the chapter ‘Creating R
    packages’ of the ‘Writing R Extensions’ manual.
Flavors: r-devel-linux-x86_64-debian-clang, r-devel-linux-x86_64-debian-gcc, r-devel-linux-x86_64-fedora-clang, r-devel-linux-x86_64-fedora-gcc, r-devel-macosx-x86_64-clang, r-devel-macosx-x86_64-gcc, r-devel-windows-ix86+x86_64, r-patched-linux-x86_64, r-patched-solaris-sparc, r-patched-solaris-x86, r-release-linux-ix86, r-release-linux-x86_64, r-release-windows-ix86+x86_64, r-oldrel-windows-ix86+x86_64

Version: 0.3-5
Check: Rd line widths
Result: NOTE
    Rd file 'Linehan.Rd':
     \examples lines wider than 100 characters:
     cell.specs=list(list(0,"grey50",1,1,"red",1,"white","grey90",2,.7,"black",FALSE,"black",99)),
     cell.specs=list(list(0,c("black","blue"),1,1,c("black","blue"),1,"white","grey80",2,.7,"black",FALSE,"black",99))
    
    Rd file 'cellgram.Rd':
     \usage lines wider than 90 characters:
     cellgram(cell, shape = 0, shape.col = "black", shape.lty = 1, shape.neg = 0, shape.col.neg = "red", shape.lty.neg = 1, cell.fill = "whi ... [TRUNCATED]
    
    Rd file 'congruence.array.Rd':
     \usage lines wider than 90 characters:
     congruence.array(X, FUN = congruence.coef, stat.name = "phi", round = FALSE, scale = 1, ref = "last")
    
    Rd file 'make.specs0.Rd':
     \usage lines wider than 90 characters:
     make.specs0(n = NULL, as.data.frame = FALSE, shape = 0, shape.col = "black", shape.lty = 1, shape.neg = 0, shape.col.neg = "red", shape ... [TRUNCATED]
     cell.fill = "white", back.fill = "white", label = 0, label.size = 0.7, label.col = "black", ref.lines = FALSE, ref.col = "gray80", sca ... [TRUNCATED]
    
    Rd file 'tableplot.Rd':
     \usage lines wider than 90 characters:
     v.parts = 0, h.parts = 0, gap = 2, text.m = 0, empty.text.size = 0.8, empty.text.col = "grey30",
     title = NULL, table.label = TRUE, label.size = 0.8, side.rot = 0, left.space = 10, top.space = 10+10*(!is.null(title)), ...)
     \examples lines wider than 100 characters:
     cell.specs = list(list(0,"grey50",1,0,"red",1,"white","grey80",1,0.7,"black",FALSE,"black",93)),
    
    These lines will be truncated in the PDF manual.
Flavors: r-devel-linux-x86_64-fedora-clang, r-devel-linux-x86_64-fedora-gcc

Version: 0.3-5
Check: package dependencies
Result: NOTE
    Packages suggested but not available for checking:
     ‘corrgram’ ‘perturb’ ‘car’
Flavor: r-devel-macosx-x86_64-gcc

Version: 0.3-5
Check: R code for possible problems
Result: NOTE
    tableplot.colldiag: no visible global function definition for
     ‘colldiag’
Flavor: r-devel-macosx-x86_64-gcc

Version: 0.3-5
Check: Rd cross-references
Result: NOTE
    Packages unavailable to check Rd xrefs: ‘corrgram’, ‘gplots’, ‘perturb’
Flavor: r-devel-macosx-x86_64-gcc