CRAN Package Check Results for Package tables

Last updated on 2016-02-06 02:50:04.

Flavor Version Tinstall Tcheck Ttotal Status Flags
r-devel-linux-x86_64-debian-gcc 0.7.79 1.47 25.94 27.41 NOTE
r-devel-linux-x86_64-fedora-clang 0.7.79 52.75 NOTE
r-devel-linux-x86_64-fedora-gcc 0.7.79 49.72 NOTE
r-devel-osx-x86_64-clang 0.7.79 73.22 NOTE
r-devel-windows-ix86+x86_64 0.7.79 10.00 54.00 64.00 NOTE
r-patched-linux-x86_64 0.7.79 1.67 27.95 29.62 NOTE
r-patched-solaris-sparc 0.7.79 325.60 NOTE
r-patched-solaris-x86 0.7.79 70.90 NOTE
r-release-linux-x86_64 0.7.79 1.78 27.56 29.34 NOTE
r-release-osx-x86_64-mavericks 0.7.79 NOTE
r-release-windows-ix86+x86_64 0.7.79 10.00 51.00 61.00 NOTE
r-oldrel-windows-ix86+x86_64 0.7.79 16.00 83.00 99.00 OK

Check Details

Version: 0.7.79
Check: DESCRIPTION meta-information
Result: NOTE
    Malformed Description field: should contain one or more complete sentences.
Flavors: r-devel-linux-x86_64-debian-gcc, r-devel-linux-x86_64-fedora-clang, r-devel-linux-x86_64-fedora-gcc, r-devel-osx-x86_64-clang, r-devel-windows-ix86+x86_64, r-patched-linux-x86_64, r-patched-solaris-sparc, r-patched-solaris-x86, r-release-linux-x86_64, r-release-osx-x86_64-mavericks, r-release-windows-ix86+x86_64

Version: 0.7.79
Check: R code for possible problems
Result: NOTE
    html.tabular: no visible global function definition for
     ‘localeToCharset’
    tabular.default: no visible global function definition for ‘as.formula’
    write.csv.tabular: no visible binding for global variable ‘write.table’
    write.csv.tabular: no visible binding for global variable ‘write.csv’
    write.table.tabular: no visible binding for global variable
     ‘write.table’
    Undefined global functions or variables:
     as.formula localeToCharset write.csv write.table
    Consider adding
     importFrom("stats", "as.formula")
     importFrom("utils", "localeToCharset", "write.csv", "write.table")
    to your NAMESPACE.
Flavors: r-devel-linux-x86_64-debian-gcc, r-devel-linux-x86_64-fedora-clang, r-devel-linux-x86_64-fedora-gcc, r-devel-windows-ix86+x86_64