CRAN Package Check Results for Package tables

Last updated on 2015-04-01 08:50:18.

Flavor Version Tinstall Tcheck Ttotal Status Flags
r-devel-linux-x86_64-debian-clang 0.7.79 1.67 28.24 29.91 NOTE
r-devel-linux-x86_64-debian-gcc 0.7.79 1.56 27.80 29.35 NOTE
r-devel-linux-x86_64-fedora-clang 0.7.79 63.20 NOTE
r-devel-linux-x86_64-fedora-gcc 0.7.79 60.85 NOTE
r-devel-osx-x86_64-clang 0.7.79 69.90 NOTE
r-prerel-windows-ix86+x86_64 0.7.79 6.00 47.00 53.00 NOTE
r-prerel-linux-x86_64 0.7.79 1.55 28.12 29.68 NOTE
r-prerel-solaris-sparc 0.7.79 378.70 NOTE
r-prerel-solaris-x86 0.7.79 80.70 NOTE
r-release-linux-x86_64 0.7.79 3.05 40.21 43.26 OK
r-release-osx-x86_64-mavericks 0.7.79 OK
r-release-osx-x86_64-snowleopard 0.7.79 OK
r-release-windows-ix86+x86_64 0.7.79 12.00 71.00 83.00 OK
r-oldrel-windows-ix86+x86_64 0.7.79 11.00 76.00 87.00 OK

Check Details

Version: 0.7.79
Check: DESCRIPTION meta-information
Result: NOTE
    Malformed Description field: should contain one or more complete sentences.
Flavors: r-devel-linux-x86_64-debian-clang, r-devel-linux-x86_64-debian-gcc, r-devel-linux-x86_64-fedora-clang, r-devel-linux-x86_64-fedora-gcc, r-devel-osx-x86_64-clang, r-prerel-windows-ix86+x86_64, r-prerel-linux-x86_64, r-prerel-solaris-sparc, r-prerel-solaris-x86