CRAN Package Check Results for Package tables

Last updated on 2018-05-25 00:47:00 CEST.

Flavor Version Tinstall Tcheck Ttotal Status Flags
r-devel-linux-x86_64-debian-clang 0.8.4 7.70 98.17 105.87 OK
r-devel-linux-x86_64-debian-gcc 0.8.4 6.35 85.22 91.57 OK
r-devel-linux-x86_64-fedora-clang 0.8.4 103.36 OK
r-devel-linux-x86_64-fedora-gcc 0.8.4 141.74 OK
r-devel-windows-ix86+x86_64 0.8.4 14.00 105.00 119.00 OK
r-patched-linux-x86_64 0.8.4 5.23 95.38 100.61 OK
r-patched-solaris-x86 0.8.4 157.10 WARN
r-release-linux-x86_64 0.8.4 6.97 93.89 100.86 OK
r-release-windows-ix86+x86_64 0.8.3 19.00 154.00 173.00 OK
r-release-osx-x86_64 0.8.4 NOTE
r-oldrel-windows-ix86+x86_64 0.8.4 17.00 155.00 172.00 OK
r-oldrel-osx-x86_64 0.8.3 OK

Check Details

Version: 0.8.4
Check: re-building of vignette outputs
Result: WARN
    Error in re-building vignettes:
     ...
    Warning in engine$weave(file, quiet = quiet, encoding = enc) :
     Pandoc (>= 1.12.3) and/or pandoc-citeproc not available. Falling back to R Markdown v1.
    Loading required package: Hmisc
    Loading required package: lattice
    Loading required package: survival
    Loading required package: Formula
    Loading required package: ggplot2
    
    Attaching package: 'Hmisc'
    
    The following objects are masked from 'package:base':
    
     format.pval, units
    
    Quitting from lines 44-45 (HTML.Rmd)
    Error: processing vignette 'HTML.Rmd' failed with diagnostics:
    argument is of length zero
    Execution halted
Flavor: r-patched-solaris-x86

Version: 0.8.4
Check: re-building of vignette outputs
Result: NOTE
    Error in re-building vignettes:
     ...
    Warning in engine$weave(file, quiet = quiet, encoding = enc) :
     Pandoc (>= 1.12.3) and/or pandoc-citeproc not available. Falling back to R Markdown v1.
    Loading required package: Hmisc
    Loading required package: lattice
    Loading required package: survival
    Loading required package: Formula
    Loading required package: ggplot2
    
    Attaching package: 'Hmisc'
    
    The following objects are masked from 'package:base':
    
     format.pval, units
    
    Quitting from lines 44-45 (HTML.Rmd)
    Error: processing vignette 'HTML.Rmd' failed with diagnostics:
    argument is of length zero
    Execution halted
Flavor: r-release-osx-x86_64