CRAN Package Check Results for Package tables

Last updated on 2014-04-24 11:48:57.

Flavor Version Tinstall Tcheck Ttotal Status Flags
r-devel-linux-x86_64-debian-clang 0.7.64 1.38 26.23 27.61 OK
r-devel-linux-x86_64-debian-gcc 0.7.64 1.38 26.69 28.06 OK
r-devel-linux-x86_64-fedora-clang 0.7.64 57.84 OK
r-devel-linux-x86_64-fedora-gcc 0.7.64 55.27 OK
r-devel-osx-x86_64-clang 0.7.64 58.67 OK
r-devel-osx-x86_64-gcc 0.7.64 ERROR
r-devel-windows-ix86+x86_64 0.7.64 4.00 42.00 46.00 OK
r-patched-linux-x86_64 0.7.64 1.30 26.12 27.42 OK
r-patched-solaris-sparc 0.7.64 300.10 OK
r-patched-solaris-x86 0.7.64 73.50 OK
r-release-linux-ix86 0.7.64 3.00 49.00 52.00 OK
r-release-linux-x86_64 0.7.64 1.26 25.82 27.08 OK
r-release-osx-x86_64-mavericks 0.7.64 OK
r-release-osx-x86_64-snowleopard 0.7.64 OK
r-release-windows-ix86+x86_64 0.7.64 5.00 40.00 45.00 OK
r-oldrel-windows-ix86+x86_64 0.7.64 5.00 45.00 50.00 OK

Check Details

Version: 0.7.64
Check: package dependencies
Result: ERROR
    Package required but not available: ‘Hmisc’
    
    See the information on DESCRIPTION files in the chapter ‘Creating R
    packages’ of the ‘Writing R Extensions’ manual.
Flavor: r-devel-osx-x86_64-gcc