CRAN Package Check Results for Package tables

Last updated on 2015-03-05 10:50:14.

Flavor Version Tinstall Tcheck Ttotal Status Flags
r-devel-linux-x86_64-debian-clang 0.7.79 1.78 31.17 32.94 NOTE
r-devel-linux-x86_64-debian-gcc 0.7.79 1.63 30.90 32.53 NOTE
r-devel-linux-x86_64-fedora-clang 0.7.79 65.73 NOTE
r-devel-linux-x86_64-fedora-gcc 0.7.79 63.41 NOTE
r-devel-osx-x86_64-clang 0.7.79 77.83 NOTE
r-devel-windows-ix86+x86_64 0.7.79 6.00 51.00 57.00 NOTE
r-patched-linux-x86_64 0.7.79 3.56 41.91 45.47 OK
r-patched-solaris-sparc 0.7.79 517.00 OK
r-patched-solaris-x86 0.7.79 109.60 OK
r-release-linux-ix86 0.7.79 3.21 50.75 53.96 OK
r-release-linux-x86_64 0.7.79 3.24 42.81 46.06 OK
r-release-osx-x86_64-mavericks 0.7.79 OK
r-release-osx-x86_64-snowleopard 0.7.79 OK
r-release-windows-ix86+x86_64 0.7.79 11.00 77.00 88.00 OK
r-oldrel-windows-ix86+x86_64 0.7.79 12.00 73.00 85.00 OK

Check Details

Version: 0.7.79
Check: DESCRIPTION meta-information
Result: NOTE
    Malformed Description field: should contain one or more complete sentences.
Flavors: r-devel-linux-x86_64-debian-clang, r-devel-linux-x86_64-debian-gcc, r-devel-linux-x86_64-fedora-clang, r-devel-linux-x86_64-fedora-gcc, r-devel-osx-x86_64-clang, r-devel-windows-ix86+x86_64