CRAN Package Check Results for Package tables

Last updated on 2016-06-26 06:47:19.

Flavor Version Tinstall Tcheck Ttotal Status Flags
r-devel-linux-x86_64-debian-gcc 0.7.79 3.44 50.77 54.20 NOTE
r-devel-linux-x86_64-fedora-clang 0.7.79 104.17 NOTE
r-devel-linux-x86_64-fedora-gcc 0.7.79 100.21 NOTE
r-devel-osx-x86_64-clang 0.7.79 79.51 NOTE
r-devel-windows-ix86+x86_64 0.7.79 15.00 149.00 164.00 NOTE
r-patched-linux-x86_64 0.7.79 3.36 51.79 55.14 NOTE
r-patched-solaris-sparc 0.7.79 602.20 NOTE
r-patched-solaris-x86 0.7.79 141.60 NOTE
r-release-linux-x86_64 0.7.79 3.48 51.93 55.41 NOTE
r-release-osx-x86_64-mavericks 0.7.79 NOTE
r-release-windows-ix86+x86_64 0.7.79 13.00 96.00 109.00 NOTE
r-oldrel-windows-ix86+x86_64 0.7.79 15.00 149.00 164.00 NOTE

Check Details

Version: 0.7.79
Check: DESCRIPTION meta-information
Result: NOTE
    Malformed Description field: should contain one or more complete sentences.
Flavors: r-devel-linux-x86_64-debian-gcc, r-devel-linux-x86_64-fedora-clang, r-devel-linux-x86_64-fedora-gcc, r-devel-osx-x86_64-clang, r-devel-windows-ix86+x86_64, r-patched-linux-x86_64, r-patched-solaris-sparc, r-patched-solaris-x86, r-release-linux-x86_64, r-release-osx-x86_64-mavericks, r-release-windows-ix86+x86_64, r-oldrel-windows-ix86+x86_64

Version: 0.7.79
Check: R code for possible problems
Result: NOTE
    html.tabular: no visible global function definition for
     ‘localeToCharset’
    tabular.default: no visible global function definition for ‘as.formula’
    write.csv.tabular: no visible binding for global variable ‘write.table’
    write.csv.tabular: no visible binding for global variable ‘write.csv’
    write.table.tabular: no visible binding for global variable
     ‘write.table’
    Undefined global functions or variables:
     as.formula localeToCharset write.csv write.table
    Consider adding
     importFrom("stats", "as.formula")
     importFrom("utils", "localeToCharset", "write.csv", "write.table")
    to your NAMESPACE file.
Flavors: r-devel-linux-x86_64-debian-gcc, r-devel-linux-x86_64-fedora-clang, r-devel-linux-x86_64-fedora-gcc, r-devel-osx-x86_64-clang, r-devel-windows-ix86+x86_64, r-patched-linux-x86_64, r-patched-solaris-sparc, r-patched-solaris-x86, r-release-linux-x86_64, r-release-osx-x86_64-mavericks, r-release-windows-ix86+x86_64