CRAN Package Check Results for Package tables

Last updated on 2016-07-23 16:47:10.

Flavor Version Tinstall Tcheck Ttotal Status Flags
r-devel-linux-x86_64-debian-clang 0.7.79 4.25 57.95 62.20 NOTE
r-devel-linux-x86_64-debian-gcc 0.7.79 3.92 59.04 62.97 NOTE
r-devel-linux-x86_64-fedora-clang 0.7.79 104.74 NOTE
r-devel-linux-x86_64-fedora-gcc 0.7.79 102.29 NOTE
r-devel-osx-x86_64-clang 0.7.79 79.00 NOTE
r-devel-windows-ix86+x86_64 0.7.79 14.00 145.00 159.00 NOTE
r-patched-linux-x86_64 0.7.79 3.97 56.60 60.58 NOTE
r-patched-solaris-sparc 0.7.79 602.20 NOTE
r-patched-solaris-x86 0.7.79 135.80 NOTE
r-release-linux-x86_64 0.7.79 3.76 56.24 60.00 NOTE
r-release-osx-x86_64-mavericks 0.7.79 NOTE
r-release-windows-ix86+x86_64 0.7.79 9.00 95.00 104.00 NOTE
r-oldrel-windows-ix86+x86_64 0.7.79 15.00 98.00 113.00 NOTE

Check Details

Version: 0.7.79
Check: DESCRIPTION meta-information
Result: NOTE
    Malformed Description field: should contain one or more complete sentences.
Flavors: r-devel-linux-x86_64-debian-clang, r-devel-linux-x86_64-debian-gcc, r-devel-linux-x86_64-fedora-clang, r-devel-linux-x86_64-fedora-gcc, r-devel-osx-x86_64-clang, r-devel-windows-ix86+x86_64, r-patched-linux-x86_64, r-patched-solaris-sparc, r-patched-solaris-x86, r-release-linux-x86_64, r-release-osx-x86_64-mavericks, r-release-windows-ix86+x86_64, r-oldrel-windows-ix86+x86_64

Version: 0.7.79
Check: R code for possible problems
Result: NOTE
    html.tabular: no visible global function definition for
     ‘localeToCharset’
    tabular.default: no visible global function definition for ‘as.formula’
    write.csv.tabular: no visible binding for global variable ‘write.table’
    write.csv.tabular: no visible binding for global variable ‘write.csv’
    write.table.tabular: no visible binding for global variable
     ‘write.table’
    Undefined global functions or variables:
     as.formula localeToCharset write.csv write.table
    Consider adding
     importFrom("stats", "as.formula")
     importFrom("utils", "localeToCharset", "write.csv", "write.table")
    to your NAMESPACE file.
Flavors: r-devel-linux-x86_64-debian-clang, r-devel-linux-x86_64-debian-gcc, r-devel-linux-x86_64-fedora-clang, r-devel-linux-x86_64-fedora-gcc, r-devel-osx-x86_64-clang, r-devel-windows-ix86+x86_64, r-patched-linux-x86_64, r-patched-solaris-sparc, r-patched-solaris-x86, r-release-linux-x86_64, r-release-osx-x86_64-mavericks, r-release-windows-ix86+x86_64