CRAN Package Check Results for Package tables

Last updated on 2015-09-01 12:48:34.

Flavor Version Tinstall Tcheck Ttotal Status Flags
r-devel-linux-x86_64-debian-clang 0.7.79 1.48 28.66 30.14 NOTE
r-devel-linux-x86_64-debian-gcc 0.7.79 1.60 27.96 29.56 NOTE
r-devel-linux-x86_64-fedora-clang 0.7.79 60.41 NOTE
r-devel-linux-x86_64-fedora-gcc 0.7.79 56.45 NOTE
r-devel-osx-x86_64-clang 0.7.79 61.71 NOTE
r-devel-windows-ix86+x86_64 0.7.79 12.00 62.00 74.00 NOTE
r-patched-linux-x86_64 0.7.79 1.72 29.31 31.04 NOTE
r-patched-solaris-sparc 0.7.79 380.60 NOTE
r-patched-solaris-x86 0.7.79 86.90 NOTE
r-release-linux-x86_64 0.7.79 1.64 29.84 31.49 NOTE
r-release-osx-x86_64-mavericks 0.7.79 NOTE
r-release-windows-ix86+x86_64 0.7.79 9.00 89.00 98.00 NOTE
r-oldrel-windows-ix86+x86_64 0.7.79 17.00 132.00 149.00 OK

Check Details

Version: 0.7.79
Check: DESCRIPTION meta-information
Result: NOTE
    Malformed Description field: should contain one or more complete sentences.
Flavors: r-devel-linux-x86_64-debian-clang, r-devel-linux-x86_64-debian-gcc, r-devel-linux-x86_64-fedora-clang, r-devel-linux-x86_64-fedora-gcc, r-devel-osx-x86_64-clang, r-devel-windows-ix86+x86_64, r-patched-linux-x86_64, r-patched-solaris-sparc, r-patched-solaris-x86, r-release-linux-x86_64, r-release-osx-x86_64-mavericks, r-release-windows-ix86+x86_64

Version: 0.7.79
Check: R code for possible problems
Result: NOTE
    html.tabular: no visible global function definition for
     ‘localeToCharset’
    tabular.default: no visible global function definition for ‘as.formula’
    write.csv.tabular: no visible binding for global variable ‘write.table’
    write.csv.tabular: no visible binding for global variable ‘write.csv’
    write.table.tabular: no visible binding for global variable
     ‘write.table’
    Undefined global functions or variables:
     as.formula localeToCharset write.csv write.table
    Consider adding
     importFrom("stats", "as.formula")
     importFrom("utils", "localeToCharset", "write.csv", "write.table")
    to your NAMESPACE.
Flavors: r-devel-linux-x86_64-debian-clang, r-devel-linux-x86_64-debian-gcc, r-devel-linux-x86_64-fedora-clang, r-devel-linux-x86_64-fedora-gcc, r-devel-windows-ix86+x86_64