CRAN Package Check Results for Package tables

Last updated on 2015-07-31 04:48:20.

Flavor Version Tinstall Tcheck Ttotal Status Flags
r-devel-linux-x86_64-debian-clang 0.7.79 1.65 42.12 43.77 NOTE
r-devel-linux-x86_64-debian-gcc 0.7.79 1.78 29.54 31.31 NOTE
r-devel-linux-x86_64-fedora-clang 0.7.79 63.72 NOTE
r-devel-linux-x86_64-fedora-gcc 0.7.79 59.60 NOTE
r-devel-osx-x86_64-clang 0.7.79 56.12 NOTE
r-devel-windows-ix86+x86_64 0.7.79 6.00 57.00 63.00 NOTE
r-patched-linux-x86_64 0.7.79 1.68 29.81 31.49 NOTE
r-patched-solaris-sparc 0.7.79 380.60 NOTE
r-patched-solaris-x86 0.7.79 85.80 NOTE
r-release-linux-x86_64 0.7.79 1.61 30.10 31.71 NOTE
r-release-osx-x86_64-mavericks 0.7.79 NOTE
r-release-windows-ix86+x86_64 0.7.79 9.00 51.00 60.00 NOTE
r-oldrel-windows-ix86+x86_64 0.7.79 13.00 92.00 105.00 OK

Check Details

Version: 0.7.79
Check: DESCRIPTION meta-information
Result: NOTE
    Malformed Description field: should contain one or more complete sentences.
Flavors: r-devel-linux-x86_64-debian-clang, r-devel-linux-x86_64-debian-gcc, r-devel-linux-x86_64-fedora-clang, r-devel-linux-x86_64-fedora-gcc, r-devel-osx-x86_64-clang, r-devel-windows-ix86+x86_64, r-patched-linux-x86_64, r-patched-solaris-sparc, r-patched-solaris-x86, r-release-linux-x86_64, r-release-osx-x86_64-mavericks, r-release-windows-ix86+x86_64

Version: 0.7.79
Check: R code for possible problems
Result: NOTE
    html.tabular: no visible global function definition for
     ‘localeToCharset’
    tabular.default: no visible global function definition for ‘as.formula’
    write.csv.tabular: no visible binding for global variable ‘write.table’
    write.csv.tabular: no visible binding for global variable ‘write.csv’
    write.table.tabular: no visible binding for global variable
     ‘write.table’
    Undefined global functions or variables:
     as.formula localeToCharset write.csv write.table
    Consider adding
     importFrom("stats", "as.formula")
     importFrom("utils", "localeToCharset", "write.csv", "write.table")
    to your NAMESPACE.
Flavors: r-devel-linux-x86_64-debian-clang, r-devel-linux-x86_64-debian-gcc, r-devel-linux-x86_64-fedora-clang, r-devel-linux-x86_64-fedora-gcc, r-devel-windows-ix86+x86_64