CRAN Package Check Results for Package tables

Last updated on 2016-04-30 06:47:44.

Flavor Version Tinstall Tcheck Ttotal Status Flags
r-devel-linux-x86_64-debian-gcc 0.7.79 3.27 49.35 52.62 NOTE
r-devel-linux-x86_64-fedora-clang 0.7.79 97.30 NOTE
r-devel-linux-x86_64-fedora-gcc 0.7.79 92.74 NOTE
r-devel-osx-x86_64-clang 0.7.79 102.32 NOTE
r-devel-windows-ix86+x86_64 0.7.79 10.00 98.00 108.00 NOTE
r-patched-linux-x86_64 0.7.79 3.01 46.61 49.62 NOTE
r-patched-solaris-sparc 0.7.79 316.80 NOTE
r-patched-solaris-x86 0.7.79 132.10 NOTE
r-release-linux-x86_64 0.7.79 3.48 52.26 55.75 NOTE
r-release-osx-x86_64-mavericks 0.7.79 NOTE
r-release-windows-ix86+x86_64 0.7.79 10.00 94.00 104.00 NOTE
r-oldrel-windows-ix86+x86_64 0.7.79 26.00 120.00 146.00 OK

Check Details

Version: 0.7.79
Check: DESCRIPTION meta-information
Result: NOTE
    Malformed Description field: should contain one or more complete sentences.
Flavors: r-devel-linux-x86_64-debian-gcc, r-devel-linux-x86_64-fedora-clang, r-devel-linux-x86_64-fedora-gcc, r-devel-osx-x86_64-clang, r-devel-windows-ix86+x86_64, r-patched-linux-x86_64, r-patched-solaris-sparc, r-patched-solaris-x86, r-release-linux-x86_64, r-release-osx-x86_64-mavericks, r-release-windows-ix86+x86_64

Version: 0.7.79
Check: R code for possible problems
Result: NOTE
    html.tabular: no visible global function definition for
     ‘localeToCharset’
    tabular.default: no visible global function definition for ‘as.formula’
    write.csv.tabular: no visible binding for global variable ‘write.table’
    write.csv.tabular: no visible binding for global variable ‘write.csv’
    write.table.tabular: no visible binding for global variable
     ‘write.table’
    Undefined global functions or variables:
     as.formula localeToCharset write.csv write.table
    Consider adding
     importFrom("stats", "as.formula")
     importFrom("utils", "localeToCharset", "write.csv", "write.table")
    to your NAMESPACE file.
Flavors: r-devel-linux-x86_64-debian-gcc, r-devel-linux-x86_64-fedora-clang, r-devel-linux-x86_64-fedora-gcc, r-devel-osx-x86_64-clang, r-devel-windows-ix86+x86_64, r-patched-linux-x86_64, r-patched-solaris-sparc, r-patched-solaris-x86