CRAN Package Check Results for Package tables

Last updated on 2015-05-03 19:47:27.

Flavor Version Tinstall Tcheck Ttotal Status Flags
r-devel-linux-x86_64-debian-clang 0.7.79 1.76 29.03 30.78 NOTE
r-devel-linux-x86_64-debian-gcc 0.7.79 2.07 29.20 31.27 NOTE
r-devel-linux-x86_64-fedora-clang 0.7.79 64.13 NOTE
r-devel-linux-x86_64-fedora-gcc 0.7.79 60.31 NOTE
r-devel-osx-x86_64-clang 0.7.79 64.53 NOTE
r-devel-windows-ix86+x86_64 0.7.79 11.00 52.00 63.00 NOTE
r-patched-linux-x86_64 0.7.79 1.70 28.68 30.38 NOTE
r-patched-solaris-sparc 0.7.79 378.70 NOTE
r-patched-solaris-x86 0.7.79 83.40 NOTE
r-release-linux-x86_64 0.7.79 1.72 29.12 30.84 NOTE
r-release-osx-x86_64-mavericks 0.7.79 NOTE
r-release-osx-x86_64-snowleopard 0.7.79 ERROR
r-release-windows-ix86+x86_64 0.7.79 7.00 53.00 60.00 NOTE
r-oldrel-windows-ix86+x86_64 0.7.79 12.00 73.00 85.00 OK

Check Details

Version: 0.7.79
Check: DESCRIPTION meta-information
Result: NOTE
    Malformed Description field: should contain one or more complete sentences.
Flavors: r-devel-linux-x86_64-debian-clang, r-devel-linux-x86_64-debian-gcc, r-devel-linux-x86_64-fedora-clang, r-devel-linux-x86_64-fedora-gcc, r-devel-osx-x86_64-clang, r-devel-windows-ix86+x86_64, r-patched-linux-x86_64, r-patched-solaris-sparc, r-patched-solaris-x86, r-release-linux-x86_64, r-release-osx-x86_64-mavericks, r-release-windows-ix86+x86_64

Version: 0.7.79
Check: package dependencies
Result: ERROR
    Package required but not available: ‘Hmisc’
    
    See section ‘The DESCRIPTION file’ in the ‘Writing R Extensions’
    manual.
Flavor: r-release-osx-x86_64-snowleopard