CRAN Package Check Results for Package tables

Last updated on 2016-05-30 06:47:05.

Flavor Version Tinstall Tcheck Ttotal Status Flags
r-devel-linux-x86_64-debian-gcc 0.7.79 3.43 50.79 54.22 NOTE
r-devel-linux-x86_64-fedora-clang 0.7.79 104.98 NOTE
r-devel-linux-x86_64-fedora-gcc 0.7.79 98.90 NOTE
r-devel-osx-x86_64-clang 0.7.79 110.66 NOTE
r-devel-windows-ix86+x86_64 0.7.79 10.00 92.00 102.00 NOTE
r-patched-linux-x86_64 0.7.79 3.28 49.59 52.86 NOTE
r-patched-solaris-sparc 0.7.79 603.10 NOTE
r-patched-solaris-x86 0.7.79 135.30 NOTE
r-release-linux-x86_64 0.7.79 3.37 50.11 53.48 NOTE
r-release-osx-x86_64-mavericks 0.7.79 NOTE
r-release-windows-ix86+x86_64 0.7.79 13.00 97.00 110.00 NOTE
r-oldrel-windows-ix86+x86_64 0.7.79 11.00 122.00 133.00 NOTE

Check Details

Version: 0.7.79
Check: DESCRIPTION meta-information
Result: NOTE
    Malformed Description field: should contain one or more complete sentences.
Flavors: r-devel-linux-x86_64-debian-gcc, r-devel-linux-x86_64-fedora-clang, r-devel-linux-x86_64-fedora-gcc, r-devel-osx-x86_64-clang, r-devel-windows-ix86+x86_64, r-patched-linux-x86_64, r-patched-solaris-sparc, r-patched-solaris-x86, r-release-linux-x86_64, r-release-osx-x86_64-mavericks, r-release-windows-ix86+x86_64, r-oldrel-windows-ix86+x86_64

Version: 0.7.79
Check: R code for possible problems
Result: NOTE
    html.tabular: no visible global function definition for
     ‘localeToCharset’
    tabular.default: no visible global function definition for ‘as.formula’
    write.csv.tabular: no visible binding for global variable ‘write.table’
    write.csv.tabular: no visible binding for global variable ‘write.csv’
    write.table.tabular: no visible binding for global variable
     ‘write.table’
    Undefined global functions or variables:
     as.formula localeToCharset write.csv write.table
    Consider adding
     importFrom("stats", "as.formula")
     importFrom("utils", "localeToCharset", "write.csv", "write.table")
    to your NAMESPACE file.
Flavors: r-devel-linux-x86_64-debian-gcc, r-devel-linux-x86_64-fedora-clang, r-devel-linux-x86_64-fedora-gcc, r-devel-osx-x86_64-clang, r-devel-windows-ix86+x86_64, r-patched-linux-x86_64, r-patched-solaris-sparc, r-patched-solaris-x86, r-release-linux-x86_64, r-release-osx-x86_64-mavericks, r-release-windows-ix86+x86_64