Last updated on 2023-11-28 20:48:42 CET.
Flavor | Version | Tinstall | Tcheck | Ttotal | Status | Flags |
---|---|---|---|---|---|---|
r-devel-linux-x86_64-debian-clang | 0.1.0 | 3.67 | 49.49 | 53.16 | OK | |
r-devel-linux-x86_64-debian-gcc | 0.1.0 | 3.24 | 37.73 | 40.97 | OK | |
r-devel-linux-x86_64-fedora-clang | 0.1.0 | 67.05 | NOTE | |||
r-devel-linux-x86_64-fedora-gcc | 0.1.0 | 74.52 | NOTE | |||
r-devel-windows-x86_64 | 0.1.0 | 6.00 | 63.00 | 69.00 | OK | |
r-patched-linux-x86_64 | 0.1.0 | 3.82 | 47.65 | 51.47 | OK | |
r-release-linux-x86_64 | 0.1.0 | 3.80 | 47.00 | 50.80 | OK | |
r-release-macos-arm64 | 0.1.0 | 32.00 | OK | |||
r-release-macos-x86_64 | 0.1.0 | 51.00 | OK | |||
r-release-windows-x86_64 | 0.1.0 | 7.00 | 65.00 | 72.00 | OK | |
r-oldrel-macos-arm64 | 0.1.0 | 25.00 | OK | |||
r-oldrel-macos-x86_64 | 0.1.0 | 35.00 | OK | |||
r-oldrel-windows-x86_64 | 0.1.0 | 7.00 | 72.00 | 79.00 | OK |
Version: 0.1.0
Check: dependencies in R code
Result: NOTE
Namespace in Imports field not imported from: ‘dplyr’
All declared Imports should be used.
Flavors: r-devel-linux-x86_64-fedora-clang, r-devel-linux-x86_64-fedora-gcc