CRAN Package Check Results for Package tabplot

Last updated on 2014-11-28 08:48:40.

Flavor Version Tinstall Tcheck Ttotal Status Flags
r-devel-linux-x86_64-debian-clang 1.1 1.23 184.17 185.40 NOTE
r-devel-linux-x86_64-debian-gcc 1.1 1.15 115.57 116.72 NOTE
r-devel-linux-x86_64-fedora-clang 1.1 321.34 NOTE
r-devel-linux-x86_64-fedora-gcc 1.1 237.17 NOTE
r-devel-osx-x86_64-clang 1.1 391.06 NOTE
r-devel-windows-ix86+x86_64 1.1 4.00 177.00 181.00 NOTE
r-patched-linux-x86_64 1.1 1.20 119.34 120.55 NOTE
r-patched-solaris-sparc 1.1 589.10 ERROR
r-patched-solaris-x86 1.1 476.70 NOTE
r-release-linux-ix86 1.1 1.56 243.82 245.38 NOTE
r-release-linux-x86_64 1.1 1.19 125.71 126.90 NOTE
r-release-osx-x86_64-mavericks 1.1 OK
r-release-osx-x86_64-snowleopard 1.1 OK
r-release-windows-ix86+x86_64 1.1 5.00 177.00 182.00 NOTE
r-oldrel-windows-ix86+x86_64 1.1 4.00 193.00 197.00 OK

Check Details

Version: 1.1
Check: R code for possible problems
Result: NOTE
    binRanges: no visible binding for global variable ‘ri’
    bin_data: no visible global function definition for ‘vw<-’
    bin_data: no visible global function definition for ‘chunk’
    bin_data: no visible global function definition for ‘ff’
    bin_data: no visible global function definition for ‘physical’
    bin_data : <anonymous>: no visible global function definition for
     ‘vmode’
    bin_data : <anonymous>: no visible global function definition for
     ‘is.factor.ff’
    bin_hcc_data : <anonymous>: no visible global function definition for
     ‘ff’
    num2fac: no visible global function definition for ‘classIntervals’
    plot.tabplot: no visible global function definition for ‘p’
    subset_data: no visible global function definition for ‘clone’
    subset_data: no visible global function definition for ‘nrow<-’
    subset_data: no visible global function definition for ‘fforder’
    tablePrepare: no visible global function definition for ‘as.ffdf’
    tablePrepare: no visible global function definition for ‘physical’
    tablePrepare: no visible binding for global variable ‘is.factor.ff’
    tablePrepare: no visible global function definition for ‘ff’
    tablePrepare: no visible global function definition for ‘chunk’
    tablePrepare: no visible global function definition for ‘fforder’
    tablePrepare: no visible binding for global variable ‘fforder’
    tablePrepare: no visible binding for global variable ‘ffdf’
    tableplot: no visible global function definition for ‘vmode’
    tableplot: no visible global function definition for ‘physical’
    tableplot : <anonymous>: no visible global function definition for
     ‘is.factor.ff’
    tableplot : <anonymous>: no visible global function definition for
     ‘vmode’
Flavors: r-devel-linux-x86_64-debian-clang, r-devel-linux-x86_64-debian-gcc, r-devel-linux-x86_64-fedora-clang, r-devel-linux-x86_64-fedora-gcc, r-devel-osx-x86_64-clang, r-devel-windows-ix86+x86_64, r-patched-linux-x86_64, r-patched-solaris-sparc, r-patched-solaris-x86, r-release-linux-ix86, r-release-linux-x86_64, r-release-windows-ix86+x86_64

Version: 1.1
Check: running R code from vignettes
Result: ERROR
    Errors in running code in vignettes:
    when running code in ‘tabplot-timings.Rmd’
     ...
    10: withVisible(eval(ei, envir))
    11: source(output, echo = TRUE)
    12: doTryCatch(return(expr), name, parentenv, handler)
    13: tryCatchOne(expr, names, parentenv, handlers[[1L]])
    14: tryCatchList(expr, classes, parentenv, handlers)
    15: tryCatch({ source(output, echo = TRUE)}, error = function(e) { cat("\n When sourcing ", sQuote(output), ":\n", sep = "") stop(conditionMessage(e), call. = FALSE, domain = NA)})
    16: tools:::.run_one_vignette("tabplot-timings.Rmd", "/home/ripley/R/packages/tests32/tabplot/vignettes", pkgdir = "/home/ripley/R/packages/tests32/tabplot")
    aborting ...
    
    ... incomplete output. Crash?
Flavor: r-patched-solaris-sparc