CRAN Package Check Results for Package tabplot

Last updated on 2015-01-31 22:47:25.

Flavor Version Tinstall Tcheck Ttotal Status Flags
r-devel-linux-x86_64-debian-clang 1.1 0.96 179.10 180.06 NOTE
r-devel-linux-x86_64-debian-gcc 1.1 0.93 110.37 111.30 NOTE
r-devel-linux-x86_64-fedora-clang 1.1 312.18 NOTE
r-devel-linux-x86_64-fedora-gcc 1.1 239.41 NOTE
r-devel-osx-x86_64-clang 1.1 389.13 NOTE
r-devel-windows-ix86+x86_64 1.1 7.00 172.00 179.00 NOTE
r-patched-linux-x86_64 1.1 1.18 128.44 129.62 NOTE
r-patched-solaris-sparc 1.1 1454.70 NOTE
r-patched-solaris-x86 1.1 465.80 NOTE
r-release-linux-ix86 1.1 1.53 254.86 256.39 NOTE
r-release-linux-x86_64 1.1 1.15 125.68 126.84 NOTE
r-release-osx-x86_64-mavericks 1.1 NOTE
r-release-osx-x86_64-snowleopard 1.1 OK
r-release-windows-ix86+x86_64 1.1 5.00 173.00 178.00 NOTE
r-oldrel-windows-ix86+x86_64 1.1 5.00 202.00 207.00 OK

Check Details

Version: 1.1
Check: dependencies in R code
Result: NOTE
    'library' or 'require' calls in package code:
     ‘classInt’ ‘shiny’
     Please use :: or requireNamespace() instead.
     See section 'Suggested packages' in the 'Writing R Extensions' manual.
Flavors: r-devel-linux-x86_64-debian-clang, r-devel-linux-x86_64-debian-gcc, r-devel-linux-x86_64-fedora-clang, r-devel-linux-x86_64-fedora-gcc, r-devel-osx-x86_64-clang, r-devel-windows-ix86+x86_64

Version: 1.1
Check: R code for possible problems
Result: NOTE
    binRanges: no visible binding for global variable ‘ri’
    bin_data: no visible global function definition for ‘vw<-’
    bin_data: no visible global function definition for ‘chunk’
    bin_data: no visible global function definition for ‘ff’
    bin_data: no visible global function definition for ‘physical’
    bin_data : <anonymous>: no visible global function definition for
     ‘vmode’
    bin_data : <anonymous>: no visible global function definition for
     ‘is.factor.ff’
    bin_hcc_data : <anonymous>: no visible global function definition for
     ‘ff’
    num2fac: no visible global function definition for ‘classIntervals’
    plot.tabplot: no visible global function definition for ‘p’
    subset_data: no visible global function definition for ‘clone’
    subset_data: no visible global function definition for ‘nrow<-’
    subset_data: no visible global function definition for ‘fforder’
    tablePrepare: no visible global function definition for ‘as.ffdf’
    tablePrepare: no visible global function definition for ‘physical’
    tablePrepare: no visible binding for global variable ‘is.factor.ff’
    tablePrepare: no visible global function definition for ‘ff’
    tablePrepare: no visible global function definition for ‘chunk’
    tablePrepare: no visible global function definition for ‘fforder’
    tablePrepare: no visible binding for global variable ‘fforder’
    tablePrepare: no visible binding for global variable ‘ffdf’
    tableplot: no visible global function definition for ‘vmode’
    tableplot: no visible global function definition for ‘physical’
    tableplot : <anonymous>: no visible global function definition for
     ‘is.factor.ff’
    tableplot : <anonymous>: no visible global function definition for
     ‘vmode’
Flavors: r-devel-linux-x86_64-debian-clang, r-devel-linux-x86_64-debian-gcc, r-devel-linux-x86_64-fedora-clang, r-devel-linux-x86_64-fedora-gcc, r-devel-osx-x86_64-clang, r-devel-windows-ix86+x86_64, r-patched-linux-x86_64, r-patched-solaris-sparc, r-patched-solaris-x86, r-release-linux-ix86, r-release-linux-x86_64, r-release-osx-x86_64-mavericks, r-release-windows-ix86+x86_64