CRAN Package Check Results for Package tabplot

Last updated on 2014-04-25 05:47:27.

Flavor Version Tinstall Tcheck Ttotal Status Flags
r-devel-linux-x86_64-debian-clang 1.1 1.12 184.25 185.37 OK
r-devel-linux-x86_64-debian-gcc 1.1 1.11 126.08 127.18 OK
r-devel-linux-x86_64-fedora-clang 1.1 312.50 OK
r-devel-linux-x86_64-fedora-gcc 1.1 229.63 OK
r-devel-osx-x86_64-clang 1.1 397.23 OK
r-devel-osx-x86_64-gcc 1.1 ERROR
r-devel-windows-ix86+x86_64 1.1 4.00 173.00 177.00 OK
r-patched-linux-x86_64 1.1 1.12 125.43 126.55 OK
r-patched-solaris-sparc 1.1 600.40 ERROR
r-patched-solaris-x86 1.1 472.60 OK
r-release-linux-ix86 1.1 2.00 596.00 598.00 OK
r-release-linux-x86_64 1.1 1.13 126.59 127.72 OK
r-release-osx-x86_64-mavericks 1.1 WARN
r-release-osx-x86_64-snowleopard 1.1 OK
r-release-windows-ix86+x86_64 1.1 4.00 161.00 165.00 OK
r-oldrel-windows-ix86+x86_64 1.1 4.00 196.00 200.00 OK

Check Details

Version: 1.1
Check: package dependencies
Result: NOTE
    Packages suggested but not available for checking: ‘knitr’ ‘ggplot2’
Flavor: r-devel-osx-x86_64-gcc

Version: 1.1
Check: examples
Result: ERROR
    Running examples in ‘tabplot-Ex.R’ failed
    The error most likely occurred in:
    
    > ### Name: num2fac
    > ### Title: Transform a numerical vector to a factor
    > ### Aliases: num2fac
    >
    > ### ** Examples
    >
    > require(ggplot2)
    Loading required package: ggplot2
    Warning in library(package, lib.loc = lib.loc, character.only = TRUE, logical.return = TRUE, :
     there is no package called ‘ggplot2’
    > data(diamonds)
    Warning in data(diamonds) : data set ‘diamonds’ not found
    >
    > diamonds$price2 <- num2fac(diamonds$price)
    Loading required package: classInt
    Error in quantile(num, na.rm = TRUE) : object 'diamonds' not found
    Calls: num2fac -> quantile
    Execution halted
Flavor: r-devel-osx-x86_64-gcc

Version: 1.1
Check: running R code from vignettes
Result: ERROR
    Errors in running code in vignettes:
    when running code in ‘tabplot-timings.Rmd’
     ...
    10: withVisible(eval(ei, envir))
    11: source(output, echo = TRUE)
    12: doTryCatch(return(expr), name, parentenv, handler)
    13: tryCatchOne(expr, names, parentenv, handlers[[1L]])
    14: tryCatchList(expr, classes, parentenv, handlers)
    15: tryCatch({ source(output, echo = TRUE)}, error = function(e) { cat("\n When sourcing ", sQuote(output), ":\n", sep = "") stop(conditionMessage(e), call. = FALSE, domain = NA)})
    16: tools:::.run_one_vignette("tabplot-timings.Rmd", "/home/ripley/R/packages/tests32/tabplot/vignettes", pkgdir = "/home/ripley/R/packages/tests32/tabplot")
    aborting ...
    
    ... incomplete output. Crash?
Flavor: r-patched-solaris-sparc

Version: 1.1
Check: PDF version of manual
Result: WARNING
    LaTeX errors when creating PDF version.
    This typically indicates Rd problems.
    LaTeX errors found:
    ! LaTeX Error: File `upquote.sty' not found.
    
    Type X to quit or <RETURN> to proceed,
    or enter new name. (Default extension: sty)
    
    9e665c/Rd2.tex:8: ==> Fatal error occurred, no output PDF file produced!
Flavor: r-release-osx-x86_64-mavericks