CRAN Package Check Results for Package tabplot

Last updated on 2016-08-27 10:48:11.

Flavor Version Tinstall Tcheck Ttotal Status Flags
r-devel-linux-x86_64-debian-clang 1.3 1.00 103.49 104.48 OK
r-devel-linux-x86_64-debian-gcc 1.3 1.47 91.82 93.29 OK
r-devel-linux-x86_64-fedora-clang 1.3 168.31 OK
r-devel-linux-x86_64-fedora-gcc 1.3 135.47 OK
r-devel-osx-x86_64-clang 1.3 145.96 OK
r-devel-windows-ix86+x86_64 1.3 5.00 133.00 138.00 OK
r-patched-linux-x86_64 1.3 1.10 73.54 74.63 OK
r-patched-solaris-sparc 1.3 942.10 OK
r-patched-solaris-x86 1.3 226.00 ERROR
r-release-linux-x86_64 1.3 1.14 76.08 77.22 OK
r-release-osx-x86_64-mavericks 1.3 OK
r-release-windows-ix86+x86_64 1.3 7.00 126.00 133.00 OK
r-oldrel-windows-ix86+x86_64 1.3 4.00 127.00 131.00 OK

Check Details

Version: 1.3
Check: examples
Result: ERROR
    Running examples in ‘tabplot-Ex.R’ failed
    The error most likely occurred in:
    
    > ### Name: tableplot
    > ### Title: Create a tableplot
    > ### Aliases: tableplot
    > ### Keywords: visualization
    >
    > ### ** Examples
    >
    > # load diamonds dataset from ggplot2
    > require(ggplot2)
    Loading required package: ggplot2
    > data(diamonds)
    >
    > # default tableplot
    > tableplot(diamonds)
    Warning in grid.Call(L_convert, x, as.integer(whatfrom), as.integer(whatto), :
     font width unknown for character 0x9
    >
    > # prior to verison 1.2, the mean values of numeric variables are displayed
    > # without standard deviation (see ?plot.tabplot):
    > tableplot(diamonds, numMode = "MB-ML")
    Warning in grid.Call(L_convert, x, as.integer(whatfrom), as.integer(whatto), :
     font width unknown for character 0x9
    >
    > # most expensive diamonds
    > tableplot(diamonds,
    + select=c(carat, cut, color, clarity, price),
    + sortCol=price,
    + from=0,
    + to=5)
    Warning in grid.Call(L_convert, x, as.integer(whatfrom), as.integer(whatto), :
     font width unknown for character 0x9
    >
    > # for large datasets, we recommend to preprocess the data with tablePrepare:
    > p <- tablePrepare(diamonds)
    >
    > # specific subsetting
    > tableplot(p, subset=price < 5000 & cut=='Ideal')
    Warning in grid.Call(L_convert, x, as.integer(whatfrom), as.integer(whatto), :
     font width unknown for character 0x9
    >
    > # change palettes
    > tableplot(p,
    + pals=list(cut="Set4", color="Paired", clarity=grey(seq(0, 1,length.out=7))),
    + numPals=c(carat="PRGn", price="BrBG"))
    Warning in grid.Call(L_convert, x, as.integer(whatfrom), as.integer(whatto), :
     font width unknown for character 0x9
    >
    > # create a tableplot cut category, and fix scale limits of carat, table, and price
    > tabs <- tableplot(p, subset=cut,
    + limitsX=list(carat=c(0,4), table=c(55, 65), price=c(0, 20000)), plot=FALSE)
    Error in ff(initdata = initdata, length = length, levels = levels, ordered = ordered, :
     write error
    Calls: tableplot ... clone.ffdf -> lapply -> FUN -> clone -> clone.ff -> assign -> ff
    Execution halted
Flavor: r-patched-solaris-x86