CRAN Package Check Results for Package tabplot

Last updated on 2014-07-25 17:48:09.

Flavor Version Tinstall Tcheck Ttotal Status Flags
r-devel-linux-x86_64-debian-clang 1.1 1.04 185.86 186.90 OK
r-devel-linux-x86_64-debian-gcc 1.1 1.00 119.68 120.68 OK
r-devel-linux-x86_64-fedora-clang 1.1 332.74 OK
r-devel-linux-x86_64-fedora-gcc 1.1 250.61 OK
r-devel-osx-x86_64-clang 1.1 417.92 OK
r-devel-windows-ix86+x86_64 1.1 4.00 170.00 174.00 OK
r-patched-linux-x86_64 1.1 1.14 122.24 123.38 OK
r-patched-solaris-sparc 1.1 600.40 ERROR
r-patched-solaris-x86 1.1 480.60 OK
r-release-linux-ix86 1.1 1.49 278.62 280.11 OK
r-release-linux-x86_64 1.1 1.08 122.66 123.74 OK
r-release-osx-x86_64-mavericks 1.1 OK
r-release-osx-x86_64-snowleopard 1.1 OK
r-release-windows-ix86+x86_64 1.1 5.00 177.00 182.00 OK
r-oldrel-windows-ix86+x86_64 1.1 5.00 190.00 195.00 OK

Check Details

Version: 1.1
Check: running R code from vignettes
Result: ERROR
    Errors in running code in vignettes:
    when running code in ‘tabplot-timings.Rmd’
     ...
    10: withVisible(eval(ei, envir))
    11: source(output, echo = TRUE)
    12: doTryCatch(return(expr), name, parentenv, handler)
    13: tryCatchOne(expr, names, parentenv, handlers[[1L]])
    14: tryCatchList(expr, classes, parentenv, handlers)
    15: tryCatch({ source(output, echo = TRUE)}, error = function(e) { cat("\n When sourcing ", sQuote(output), ":\n", sep = "") stop(conditionMessage(e), call. = FALSE, domain = NA)})
    16: tools:::.run_one_vignette("tabplot-timings.Rmd", "/home/ripley/R/packages/tests32/tabplot/vignettes", pkgdir = "/home/ripley/R/packages/tests32/tabplot")
    aborting ...
    
    ... incomplete output. Crash?
Flavor: r-patched-solaris-sparc