CRAN Package Check Results for Package tabplot

Last updated on 2016-12-07 19:48:54.

Flavor Version Tinstall Tcheck Ttotal Status Flags
r-devel-linux-x86_64-debian-clang 1.3 1.18 29.46 30.64 WARN
r-devel-linux-x86_64-debian-gcc 1.3 0.97 28.84 29.81 WARN
r-devel-linux-x86_64-fedora-clang 1.3 55.49 WARN --no-stop-on-test-error
r-devel-linux-x86_64-fedora-gcc 1.3 53.96 WARN --no-stop-on-test-error
r-devel-macos-x86_64-clang 1.3 47.36 WARN
r-devel-windows-ix86+x86_64 1.3 6.00 56.00 62.00 WARN
r-patched-linux-x86_64 1.3 0.98 24.97 25.95 WARN
r-patched-solaris-sparc 1.3 286.90 WARN
r-patched-solaris-x86 1.3 59.20 WARN
r-release-linux-x86_64 1.3 0.92 25.02 25.94 WARN
r-release-osx-x86_64-mavericks 1.3 OK
r-release-windows-ix86+x86_64 1.3 4.00 50.00 54.00 WARN
r-oldrel-windows-ix86+x86_64 1.3 8.00 74.00 82.00 NOTE

Check Details

Version: 1.3
Check: re-building of vignette outputs
Result: WARN
    Error in re-building vignettes:
     ...
    Quitting from lines 27-39 (tabplot-timings.Rmd)
    Error: processing vignette ‘tabplot-timings.Rmd’ failed with diagnostics:
    (list) object cannot be coerced to type ‘double’
    Execution halted
Flavors: r-devel-linux-x86_64-debian-clang, r-devel-linux-x86_64-debian-gcc, r-devel-macos-x86_64-clang, r-devel-windows-ix86+x86_64, r-patched-linux-x86_64, r-patched-solaris-sparc, r-patched-solaris-x86, r-release-linux-x86_64, r-release-windows-ix86+x86_64

Version: 1.3
Flags: --no-stop-on-test-error
Check: re-building of vignette outputs
Result: WARN
    Error in re-building vignettes:
     ...
    Quitting from lines 27-39 (tabplot-timings.Rmd)
    Error: processing vignette 'tabplot-timings.Rmd' failed with diagnostics:
    (list) object cannot be coerced to type 'double'
    Execution halted
Flavors: r-devel-linux-x86_64-fedora-clang, r-devel-linux-x86_64-fedora-gcc

Version: 1.3
Check: re-building of vignette outputs
Result: NOTE
    Error in re-building vignettes:
     ...
    Quitting from lines 27-39 (tabplot-timings.Rmd)
    Error: processing vignette 'tabplot-timings.Rmd' failed with diagnostics:
    (list) object cannot be coerced to type 'double'
    Execution halted
Flavor: r-oldrel-windows-ix86+x86_64