CRAN Package Check Results for Package tabplot

Last updated on 2017-01-16 22:55:33.

Flavor Version Tinstall Tcheck Ttotal Status Flags
r-devel-linux-x86_64-debian-clang 1.3 1.10 28.63 29.74 WARN
r-devel-linux-x86_64-debian-gcc 1.3 1.09 27.76 28.86 WARN
r-devel-linux-x86_64-fedora-clang 1.3 53.37 WARN --no-stop-on-test-error
r-devel-linux-x86_64-fedora-gcc 1.3 50.28 WARN --no-stop-on-test-error
r-devel-macos-x86_64-clang 1.3 44.96 WARN --no-stop-on-test-error
r-devel-windows-ix86+x86_64 1.3 6.00 74.00 80.00 WARN
r-patched-linux-x86_64 1.3 0.90 24.00 24.91 WARN
r-patched-solaris-sparc 1.3 293.50 WARN
r-patched-solaris-x86 1.3 61.10 WARN
r-release-linux-x86_64 1.3 0.92 24.86 25.78 WARN
r-release-osx-x86_64-mavericks 1.3 OK
r-release-windows-ix86+x86_64 1.3 6.00 74.00 80.00 WARN
r-oldrel-windows-ix86+x86_64 1.3 7.00 75.00 82.00 NOTE

Check Details

Version: 1.3
Check: re-building of vignette outputs
Result: WARN
    Error in re-building vignettes:
     ...
    Quitting from lines 27-39 (tabplot-timings.Rmd)
    Error: processing vignette ‘tabplot-timings.Rmd’ failed with diagnostics:
    (list) object cannot be coerced to type ‘double’
    Execution halted
Flavors: r-devel-linux-x86_64-debian-clang, r-devel-linux-x86_64-debian-gcc, r-devel-windows-ix86+x86_64, r-patched-linux-x86_64, r-patched-solaris-sparc, r-patched-solaris-x86, r-release-linux-x86_64, r-release-windows-ix86+x86_64

Version: 1.3
Flags: --no-stop-on-test-error
Check: re-building of vignette outputs
Result: WARN
    Error in re-building vignettes:
     ...
    Quitting from lines 27-39 (tabplot-timings.Rmd)
    Error: processing vignette 'tabplot-timings.Rmd' failed with diagnostics:
    (list) object cannot be coerced to type 'double'
    Execution halted
Flavors: r-devel-linux-x86_64-fedora-clang, r-devel-linux-x86_64-fedora-gcc, r-devel-macos-x86_64-clang

Version: 1.3
Check: re-building of vignette outputs
Result: NOTE
    Error in re-building vignettes:
     ...
    Quitting from lines 27-39 (tabplot-timings.Rmd)
    Error: processing vignette 'tabplot-timings.Rmd' failed with diagnostics:
    (list) object cannot be coerced to type 'double'
    Execution halted
Flavor: r-oldrel-windows-ix86+x86_64