CRAN Package Check Results for Package tabplot

Last updated on 2014-12-21 21:47:33.

Flavor Version Tinstall Tcheck Ttotal Status Flags
r-devel-linux-x86_64-debian-clang 1.1 1.16 180.06 181.22 NOTE
r-devel-linux-x86_64-debian-gcc 1.1 1.12 119.96 121.08 NOTE
r-devel-linux-x86_64-fedora-clang 1.1 320.69 NOTE
r-devel-linux-x86_64-fedora-gcc 1.1 239.75 NOTE
r-devel-osx-x86_64-clang 1.1 453.27 NOTE
r-devel-windows-ix86+x86_64 1.1 5.00 162.00 167.00 NOTE
r-patched-linux-x86_64 1.1 1.22 118.33 119.55 NOTE
r-patched-solaris-sparc 1.1 589.10 ERROR
r-patched-solaris-x86 1.1 446.30 NOTE
r-release-linux-ix86 1.1 1.55 245.45 247.00 NOTE
r-release-linux-x86_64 1.1 1.17 122.06 123.22 NOTE
r-release-osx-x86_64-mavericks 1.1 OK
r-release-osx-x86_64-snowleopard 1.1 OK
r-release-windows-ix86+x86_64 1.1 5.00 182.00 187.00 NOTE
r-oldrel-windows-ix86+x86_64 1.1 5.00 195.00 200.00 OK

Check Details

Version: 1.1
Check: R code for possible problems
Result: NOTE
    binRanges: no visible binding for global variable ‘ri’
    bin_data: no visible global function definition for ‘vw<-’
    bin_data: no visible global function definition for ‘chunk’
    bin_data: no visible global function definition for ‘ff’
    bin_data: no visible global function definition for ‘physical’
    bin_data : <anonymous>: no visible global function definition for
     ‘vmode’
    bin_data : <anonymous>: no visible global function definition for
     ‘is.factor.ff’
    bin_hcc_data : <anonymous>: no visible global function definition for
     ‘ff’
    num2fac: no visible global function definition for ‘classIntervals’
    plot.tabplot: no visible global function definition for ‘p’
    subset_data: no visible global function definition for ‘clone’
    subset_data: no visible global function definition for ‘nrow<-’
    subset_data: no visible global function definition for ‘fforder’
    tablePrepare: no visible global function definition for ‘as.ffdf’
    tablePrepare: no visible global function definition for ‘physical’
    tablePrepare: no visible binding for global variable ‘is.factor.ff’
    tablePrepare: no visible global function definition for ‘ff’
    tablePrepare: no visible global function definition for ‘chunk’
    tablePrepare: no visible global function definition for ‘fforder’
    tablePrepare: no visible binding for global variable ‘fforder’
    tablePrepare: no visible binding for global variable ‘ffdf’
    tableplot: no visible global function definition for ‘vmode’
    tableplot: no visible global function definition for ‘physical’
    tableplot : <anonymous>: no visible global function definition for
     ‘is.factor.ff’
    tableplot : <anonymous>: no visible global function definition for
     ‘vmode’
Flavors: r-devel-linux-x86_64-debian-clang, r-devel-linux-x86_64-debian-gcc, r-devel-linux-x86_64-fedora-clang, r-devel-linux-x86_64-fedora-gcc, r-devel-osx-x86_64-clang, r-devel-windows-ix86+x86_64, r-patched-linux-x86_64, r-patched-solaris-sparc, r-patched-solaris-x86, r-release-linux-ix86, r-release-linux-x86_64, r-release-windows-ix86+x86_64

Version: 1.1
Check: running R code from vignettes
Result: ERROR
    Errors in running code in vignettes:
    when running code in ‘tabplot-timings.Rmd’
     ...
    10: withVisible(eval(ei, envir))
    11: source(output, echo = TRUE)
    12: doTryCatch(return(expr), name, parentenv, handler)
    13: tryCatchOne(expr, names, parentenv, handlers[[1L]])
    14: tryCatchList(expr, classes, parentenv, handlers)
    15: tryCatch({ source(output, echo = TRUE)}, error = function(e) { cat("\n When sourcing ", sQuote(output), ":\n", sep = "") stop(conditionMessage(e), call. = FALSE, domain = NA)})
    16: tools:::.run_one_vignette("tabplot-timings.Rmd", "/home/ripley/R/packages/tests32/tabplot/vignettes", pkgdir = "/home/ripley/R/packages/tests32/tabplot")
    aborting ...
    
    ... incomplete output. Crash?
Flavor: r-patched-solaris-sparc