CRAN Package Check Results for Package tabplot

Last updated on 2015-07-31 20:47:18.

Flavor Version Tinstall Tcheck Ttotal Status Flags
r-devel-linux-x86_64-debian-clang 1.1 0.92 101.98 102.91 NOTE
r-devel-linux-x86_64-debian-gcc 1.1 1.39 68.70 70.09 NOTE
r-devel-linux-x86_64-fedora-clang 1.1 165.76 NOTE
r-devel-linux-x86_64-fedora-gcc 1.1 124.76 NOTE
r-devel-osx-x86_64-clang 1.1 231.88 NOTE
r-devel-windows-ix86+x86_64 1.1 5.00 105.00 110.00 NOTE
r-patched-linux-x86_64 1.1 1.10 68.86 69.96 NOTE
r-patched-solaris-sparc 1.1 917.80 NOTE
r-patched-solaris-x86 1.1 245.40 NOTE
r-release-linux-x86_64 1.1 1.01 67.67 68.68 NOTE
r-release-osx-x86_64-mavericks 1.1 NOTE
r-release-windows-ix86+x86_64 1.1 5.00 115.00 120.00 NOTE
r-oldrel-windows-ix86+x86_64 1.1 7.00 125.00 132.00 NOTE

Check Details

Version: 1.1
Check: dependencies in R code
Result: NOTE
    'library' or 'require' calls in package code:
     ‘classInt’ ‘shiny’
     Please use :: or requireNamespace() instead.
     See section 'Suggested packages' in the 'Writing R Extensions' manual.
Flavors: r-devel-linux-x86_64-debian-clang, r-devel-linux-x86_64-debian-gcc, r-devel-linux-x86_64-fedora-clang, r-devel-linux-x86_64-fedora-gcc, r-devel-osx-x86_64-clang, r-devel-windows-ix86+x86_64, r-patched-linux-x86_64, r-patched-solaris-sparc, r-patched-solaris-x86, r-release-linux-x86_64, r-release-osx-x86_64-mavericks, r-release-windows-ix86+x86_64, r-oldrel-windows-ix86+x86_64

Version: 1.1
Check: R code for possible problems
Result: NOTE
    binRanges: no visible binding for global variable ‘ri’
    bin_data: no visible global function definition for ‘vw<-’
    bin_data: no visible global function definition for ‘chunk’
    bin_data: no visible global function definition for ‘ff’
    bin_data: no visible global function definition for ‘physical’
    bin_data : <anonymous>: no visible global function definition for
     ‘vmode’
    bin_data : <anonymous>: no visible global function definition for
     ‘is.factor.ff’
    bin_hcc_data : <anonymous>: no visible global function definition for
     ‘ff’
    datetime2fac: no visible global function definition for ‘head’
    datetime2fac: no visible global function definition for ‘tail’
    num2fac: no visible global function definition for ‘quantile’
    num2fac: no visible global function definition for ‘na.omit’
    num2fac: no visible global function definition for ‘classIntervals’
    plot.tabplot: no visible global function definition for ‘p’
    plotCatCol: no visible global function definition for ‘tail’
    plotCatCol: no visible global function definition for
     ‘colorRampPalette’
    plotNumCol: no visible global function definition for
     ‘colorRampPalette’
    print.tabplot: no visible global function definition for ‘str’
    scaleNumCol: no visible global function definition for ‘quantile’
    subset_data: no visible global function definition for ‘clone’
    subset_data: no visible global function definition for ‘nrow<-’
    subset_data: no visible global function definition for ‘fforder’
    tableChange: no visible global function definition for ‘col2rgb’
    tablePrepare: no visible global function definition for ‘as.ffdf’
    tablePrepare: no visible global function definition for ‘physical’
    tablePrepare: no visible binding for global variable ‘is.factor.ff’
    tablePrepare: no visible global function definition for ‘ff’
    tablePrepare: no visible global function definition for ‘chunk’
    tablePrepare: no visible global function definition for ‘runif’
    tablePrepare: no visible global function definition for ‘fforder’
    tablePrepare: no visible binding for global variable ‘fforder’
    tablePrepare: no visible binding for global variable ‘ffdf’
    tableSave: no visible global function definition for ‘par’
    tableSave : <anonymous>: no visible binding for global variable ‘plot’
    tableSave: no visible binding for global variable ‘plot’
    tableSave: no visible global function definition for ‘capture.output’
    tableSave: no visible global function definition for ‘dev.off’
    tableplot: no visible global function definition for ‘vmode’
    tableplot: no visible global function definition for ‘physical’
    tableplot : <anonymous>: no visible global function definition for
     ‘is.factor.ff’
    tableplot : <anonymous>: no visible global function definition for
     ‘vmode’
    tableplot: no visible global function definition for ‘col2rgb’
    tableplot_checkPals : <anonymous>: no visible global function
     definition for ‘col2rgb’
    Undefined global functions or variables:
     as.ffdf capture.output chunk classIntervals clone col2rgb
     colorRampPalette dev.off ff ffdf fforder head is.factor.ff na.omit
     nrow<- p par physical plot quantile ri runif str tail vmode vw<-
    Consider adding
     importFrom("grDevices", "col2rgb", "colorRampPalette", "dev.off")
     importFrom("graphics", "par", "plot")
     importFrom("stats", "na.omit", "quantile", "runif")
     importFrom("utils", "capture.output", "head", "str", "tail")
    to your NAMESPACE.
Flavors: r-devel-linux-x86_64-debian-clang, r-devel-linux-x86_64-debian-gcc, r-devel-linux-x86_64-fedora-clang, r-devel-linux-x86_64-fedora-gcc, r-devel-windows-ix86+x86_64

Version: 1.1
Check: files in ‘vignettes’
Result: NOTE
    The following directory looks like a leftover from 'knitr':
     ‘figure’
    Please remove from your package.
Flavors: r-devel-linux-x86_64-debian-clang, r-devel-linux-x86_64-debian-gcc, r-devel-linux-x86_64-fedora-clang, r-devel-linux-x86_64-fedora-gcc, r-devel-osx-x86_64-clang, r-devel-windows-ix86+x86_64, r-patched-linux-x86_64, r-patched-solaris-sparc, r-patched-solaris-x86, r-release-linux-x86_64, r-release-windows-ix86+x86_64

Version: 1.1
Check: R code for possible problems
Result: NOTE
    binRanges: no visible binding for global variable ‘ri’
    bin_data: no visible global function definition for ‘vw<-’
    bin_data: no visible global function definition for ‘chunk’
    bin_data: no visible global function definition for ‘ff’
    bin_data: no visible global function definition for ‘physical’
    bin_data : <anonymous>: no visible global function definition for
     ‘vmode’
    bin_data : <anonymous>: no visible global function definition for
     ‘is.factor.ff’
    bin_hcc_data : <anonymous>: no visible global function definition for
     ‘ff’
    num2fac: no visible global function definition for ‘classIntervals’
    plot.tabplot: no visible global function definition for ‘p’
    subset_data: no visible global function definition for ‘clone’
    subset_data: no visible global function definition for ‘nrow<-’
    subset_data: no visible global function definition for ‘fforder’
    tablePrepare: no visible global function definition for ‘as.ffdf’
    tablePrepare: no visible global function definition for ‘physical’
    tablePrepare: no visible binding for global variable ‘is.factor.ff’
    tablePrepare: no visible global function definition for ‘ff’
    tablePrepare: no visible global function definition for ‘chunk’
    tablePrepare: no visible global function definition for ‘fforder’
    tablePrepare: no visible binding for global variable ‘fforder’
    tablePrepare: no visible binding for global variable ‘ffdf’
    tableplot: no visible global function definition for ‘vmode’
    tableplot: no visible global function definition for ‘physical’
    tableplot : <anonymous>: no visible global function definition for
     ‘is.factor.ff’
    tableplot : <anonymous>: no visible global function definition for
     ‘vmode’
    Undefined global functions or variables:
     as.ffdf chunk classIntervals clone ff ffdf fforder is.factor.ff
     nrow<- p physical ri vmode vw<-
Flavor: r-devel-osx-x86_64-clang

Version: 1.1
Check: R code for possible problems
Result: NOTE
    binRanges: no visible binding for global variable ‘ri’
    bin_data: no visible global function definition for ‘vw<-’
    bin_data: no visible global function definition for ‘chunk’
    bin_data: no visible global function definition for ‘ff’
    bin_data: no visible global function definition for ‘physical’
    bin_data : <anonymous>: no visible global function definition for
     ‘vmode’
    bin_data : <anonymous>: no visible global function definition for
     ‘is.factor.ff’
    bin_hcc_data : <anonymous>: no visible global function definition for
     ‘ff’
    num2fac: no visible global function definition for ‘classIntervals’
    plot.tabplot: no visible global function definition for ‘p’
    subset_data: no visible global function definition for ‘clone’
    subset_data: no visible global function definition for ‘nrow<-’
    subset_data: no visible global function definition for ‘fforder’
    tablePrepare: no visible global function definition for ‘as.ffdf’
    tablePrepare: no visible global function definition for ‘physical’
    tablePrepare: no visible binding for global variable ‘is.factor.ff’
    tablePrepare: no visible global function definition for ‘ff’
    tablePrepare: no visible global function definition for ‘chunk’
    tablePrepare: no visible global function definition for ‘fforder’
    tablePrepare: no visible binding for global variable ‘fforder’
    tablePrepare: no visible binding for global variable ‘ffdf’
    tableplot: no visible global function definition for ‘vmode’
    tableplot: no visible global function definition for ‘physical’
    tableplot : <anonymous>: no visible global function definition for
     ‘is.factor.ff’
    tableplot : <anonymous>: no visible global function definition for
     ‘vmode’
Flavors: r-patched-linux-x86_64, r-patched-solaris-sparc, r-patched-solaris-x86, r-release-linux-x86_64, r-release-osx-x86_64-mavericks, r-release-windows-ix86+x86_64, r-oldrel-windows-ix86+x86_64