CRAN Package Check Results for Package tabplotd3

Last updated on 2017-08-22 23:47:48.

Flavor Version Tinstall Tcheck Ttotal Status Flags
r-devel-linux-x86_64-debian-clang 0.3.3 1.29 17.53 18.82 NOTE
r-devel-linux-x86_64-debian-gcc 0.3.3 1.33 17.23 18.56 NOTE
r-devel-linux-x86_64-fedora-clang 0.3.3 36.31 NOTE
r-devel-linux-x86_64-fedora-gcc 0.3.3 30.05 NOTE
r-devel-windows-ix86+x86_64 0.3.3 6.00 52.00 58.00 NOTE
r-patched-linux-x86_64 0.3.3 1.37 17.30 18.67 NOTE
r-patched-solaris-x86 0.3.3 46.50 NOTE
r-release-linux-x86_64 0.3.3 1.21 17.00 18.21 NOTE
r-release-windows-ix86+x86_64 0.3.3 6.00 50.00 56.00 NOTE
r-release-osx-x86_64 0.3.3 NOTE
r-oldrel-windows-ix86+x86_64 0.3.3 4.00 34.00 38.00 NOTE
r-oldrel-osx-x86_64 0.3.3 NOTE

Check Details

Version: 0.3.3
Check: R code for possible problems
Result: NOTE
    itabplot : <anonymous>: no visible global function definition for
     ‘capture.output’
    itabplot: no visible global function definition for ‘browseURL’
    Undefined global functions or variables:
     browseURL capture.output
    Consider adding
     importFrom("utils", "browseURL", "capture.output")
    to your NAMESPACE file.
Flavors: r-devel-linux-x86_64-debian-clang, r-devel-linux-x86_64-debian-gcc, r-devel-linux-x86_64-fedora-clang, r-devel-linux-x86_64-fedora-gcc, r-devel-windows-ix86+x86_64, r-patched-linux-x86_64, r-patched-solaris-x86, r-release-linux-x86_64, r-release-windows-ix86+x86_64, r-release-osx-x86_64, r-oldrel-windows-ix86+x86_64, r-oldrel-osx-x86_64