CRAN Package Check Results for Package tabplotd3

Last updated on 2017-06-23 20:48:54.

Flavor Version Tinstall Tcheck Ttotal Status Flags
r-devel-linux-x86_64-debian-clang 0.3.3 1.26 17.27 18.53 NOTE
r-devel-linux-x86_64-debian-gcc 0.3.3 1.51 16.93 18.44 NOTE
r-devel-linux-x86_64-fedora-clang 0.3.3 36.34 NOTE
r-devel-linux-x86_64-fedora-gcc 0.3.3 29.70 NOTE
r-devel-windows-ix86+x86_64 0.3.3 10.00 50.00 60.00 NOTE
r-patched-linux-x86_64 0.3.3 1.26 16.80 18.06 NOTE
r-patched-solaris-sparc 0.3.3 191.40 NOTE
r-patched-solaris-x86 0.3.3 44.90 NOTE
r-release-linux-x86_64 0.3.3 1.43 17.15 18.58 NOTE
r-release-windows-ix86+x86_64 0.3.3 5.00 53.00 58.00 NOTE
r-release-osx-x86_64 0.3.3 NOTE
r-oldrel-windows-ix86+x86_64 0.3.3 8.00 54.00 62.00 NOTE
r-oldrel-osx-x86_64 0.3.3 NOTE

Check Details

Version: 0.3.3
Check: R code for possible problems
Result: NOTE
    itabplot : <anonymous>: no visible global function definition for
     ‘capture.output’
    itabplot: no visible global function definition for ‘browseURL’
    Undefined global functions or variables:
     browseURL capture.output
    Consider adding
     importFrom("utils", "browseURL", "capture.output")
    to your NAMESPACE file.
Flavors: r-devel-linux-x86_64-debian-clang, r-devel-linux-x86_64-debian-gcc, r-devel-linux-x86_64-fedora-clang, r-devel-linux-x86_64-fedora-gcc, r-devel-windows-ix86+x86_64, r-patched-linux-x86_64, r-patched-solaris-sparc, r-patched-solaris-x86, r-release-linux-x86_64, r-release-windows-ix86+x86_64, r-release-osx-x86_64, r-oldrel-windows-ix86+x86_64, r-oldrel-osx-x86_64