CRAN Package Check Results for Package tabplotd3

Last updated on 2016-08-26 14:47:36.

Flavor Version Tinstall Tcheck Ttotal Status Flags
r-devel-linux-x86_64-debian-clang 0.3.3 1.12 14.47 15.59 NOTE
r-devel-linux-x86_64-debian-gcc 0.3.3 1.51 18.58 20.09 NOTE
r-devel-linux-x86_64-fedora-clang 0.3.3 28.70 NOTE
r-devel-linux-x86_64-fedora-gcc 0.3.3 26.98 NOTE
r-devel-osx-x86_64-clang 0.3.3 24.28 NOTE
r-devel-windows-ix86+x86_64 0.3.3 8.00 31.00 39.00 NOTE
r-patched-linux-x86_64 0.3.3 1.18 14.20 15.38 NOTE
r-patched-solaris-sparc 0.3.3 167.10 NOTE
r-patched-solaris-x86 0.3.3 38.20 NOTE
r-release-linux-x86_64 0.3.3 1.20 14.16 15.35 NOTE
r-release-osx-x86_64-mavericks 0.3.3 NOTE
r-release-windows-ix86+x86_64 0.3.3 5.00 33.00 38.00 NOTE
r-oldrel-windows-ix86+x86_64 0.3.3 6.00 47.00 53.00 OK

Check Details

Version: 0.3.3
Check: R code for possible problems
Result: NOTE
    itabplot : <anonymous>: no visible global function definition for
     ‘capture.output’
    itabplot: no visible global function definition for ‘browseURL’
    Undefined global functions or variables:
     browseURL capture.output
    Consider adding
     importFrom("utils", "browseURL", "capture.output")
    to your NAMESPACE file.
Flavors: r-devel-linux-x86_64-debian-clang, r-devel-linux-x86_64-debian-gcc, r-devel-linux-x86_64-fedora-clang, r-devel-linux-x86_64-fedora-gcc, r-devel-osx-x86_64-clang, r-devel-windows-ix86+x86_64, r-patched-linux-x86_64, r-patched-solaris-sparc, r-patched-solaris-x86, r-release-linux-x86_64, r-release-osx-x86_64-mavericks, r-release-windows-ix86+x86_64