CRAN Package Check Results for Package tabplotd3

Last updated on 2015-07-01 03:47:52.

Flavor Version Tinstall Tcheck Ttotal Status Flags
r-devel-linux-x86_64-debian-clang 0.3.3 1.20 14.88 16.08 NOTE
r-devel-linux-x86_64-debian-gcc 0.3.3 1.16 14.08 15.24 NOTE
r-devel-linux-x86_64-fedora-clang 0.3.3 31.23 NOTE
r-devel-linux-x86_64-fedora-gcc 0.3.3 29.48 NOTE
r-devel-osx-x86_64-clang 0.3.3 27.93 OK
r-devel-windows-ix86+x86_64 0.3.3 9.00 28.00 37.00 NOTE
r-patched-linux-x86_64 0.3.3 1.28 14.74 16.03 OK
r-patched-solaris-sparc 0.3.3 179.40 OK
r-patched-solaris-x86 0.3.3 46.90 OK
r-release-linux-x86_64 0.3.3 1.46 14.15 15.62 OK
r-release-osx-x86_64-mavericks 0.3.3 OK
r-release-windows-ix86+x86_64 0.3.3 8.00 26.00 34.00 OK
r-oldrel-windows-ix86+x86_64 0.3.3 10.00 55.00 65.00 OK

Check Details

Version: 0.3.3
Check: R code for possible problems
Result: NOTE
    itabplot : <anonymous>: no visible global function definition for
     ‘capture.output’
    itabplot: no visible global function definition for ‘browseURL’
Flavors: r-devel-linux-x86_64-debian-clang, r-devel-linux-x86_64-debian-gcc, r-devel-linux-x86_64-fedora-clang, r-devel-linux-x86_64-fedora-gcc, r-devel-windows-ix86+x86_64