CRAN Package Check Results for Package tabplotd3

Last updated on 2017-04-29 08:49:19.

Flavor Version Tinstall Tcheck Ttotal Status Flags
r-devel-linux-x86_64-debian-clang 0.3.3 1.22 16.99 18.22 NOTE
r-devel-linux-x86_64-debian-gcc 0.3.3 1.37 17.06 18.43 NOTE
r-devel-linux-x86_64-fedora-clang 0.3.3 34.10 NOTE --no-stop-on-test-error
r-devel-linux-x86_64-fedora-gcc 0.3.3 30.62 NOTE --no-stop-on-test-error
r-devel-windows-ix86+x86_64 0.3.3 8.00 50.00 58.00 NOTE
r-patched-linux-x86_64 0.3.3 1.38 16.83 18.21 NOTE
r-patched-solaris-sparc 0.3.3 191.40 NOTE
r-patched-solaris-x86 0.3.3 45.20 NOTE
r-release-linux-x86_64 0.3.3 1.28 16.96 18.24 NOTE
r-release-windows-ix86+x86_64 0.3.3 7.00 42.00 49.00 NOTE
r-release-osx-x86_64 0.3.3 NOTE
r-oldrel-windows-ix86+x86_64 0.3.3 8.00 47.00 55.00 NOTE
r-oldrel-osx-x86_64 0.3.3 NOTE

Check Details

Version: 0.3.3
Check: R code for possible problems
Result: NOTE
    itabplot : <anonymous>: no visible global function definition for
     ‘capture.output’
    itabplot: no visible global function definition for ‘browseURL’
    Undefined global functions or variables:
     browseURL capture.output
    Consider adding
     importFrom("utils", "browseURL", "capture.output")
    to your NAMESPACE file.
Flavors: r-devel-linux-x86_64-debian-clang, r-devel-linux-x86_64-debian-gcc, r-devel-windows-ix86+x86_64, r-patched-linux-x86_64, r-patched-solaris-sparc, r-patched-solaris-x86, r-release-linux-x86_64, r-release-windows-ix86+x86_64, r-release-osx-x86_64, r-oldrel-windows-ix86+x86_64, r-oldrel-osx-x86_64

Version: 0.3.3
Flags: --no-stop-on-test-error
Check: R code for possible problems
Result: NOTE
    itabplot : <anonymous>: no visible global function definition for
     ‘capture.output’
    itabplot: no visible global function definition for ‘browseURL’
    Undefined global functions or variables:
     browseURL capture.output
    Consider adding
     importFrom("utils", "browseURL", "capture.output")
    to your NAMESPACE file.
Flavors: r-devel-linux-x86_64-fedora-clang, r-devel-linux-x86_64-fedora-gcc