CRAN Package Check Results for Package tabplotd3

Last updated on 2017-03-27 06:48:42.

Flavor Version Tinstall Tcheck Ttotal Status Flags
r-devel-linux-x86_64-debian-clang 0.3.3 1.18 16.89 18.07 NOTE
r-devel-linux-x86_64-debian-gcc 0.3.3 1.25 16.89 18.14 NOTE
r-devel-linux-x86_64-fedora-clang 0.3.3 31.10 NOTE --no-stop-on-test-error
r-devel-linux-x86_64-fedora-gcc 0.3.3 29.89 NOTE --no-stop-on-test-error
r-devel-macos-x86_64-clang 0.3.3 26.36 NOTE --no-stop-on-test-error
r-devel-windows-ix86+x86_64 0.3.3 6.00 62.00 68.00 NOTE
r-patched-linux-x86_64 0.3.3 1.28 17.02 18.30 NOTE
r-patched-solaris-sparc 0.3.3 191.40 NOTE
r-patched-solaris-x86 0.3.3 47.20 NOTE
r-release-linux-x86_64 0.3.3 1.17 14.70 15.87 NOTE
r-release-osx-x86_64-mavericks 0.3.3 NOTE
r-release-windows-ix86+x86_64 0.3.3 7.00 33.00 40.00 NOTE
r-oldrel-windows-ix86+x86_64 0.3.3 5.00 31.00 36.00 OK

Check Details

Version: 0.3.3
Check: R code for possible problems
Result: NOTE
    itabplot : <anonymous>: no visible global function definition for
     ‘capture.output’
    itabplot: no visible global function definition for ‘browseURL’
    Undefined global functions or variables:
     browseURL capture.output
    Consider adding
     importFrom("utils", "browseURL", "capture.output")
    to your NAMESPACE file.
Flavors: r-devel-linux-x86_64-debian-clang, r-devel-linux-x86_64-debian-gcc, r-devel-windows-ix86+x86_64, r-patched-linux-x86_64, r-patched-solaris-sparc, r-patched-solaris-x86, r-release-linux-x86_64, r-release-osx-x86_64-mavericks, r-release-windows-ix86+x86_64

Version: 0.3.3
Flags: --no-stop-on-test-error
Check: R code for possible problems
Result: NOTE
    itabplot : <anonymous>: no visible global function definition for
     ‘capture.output’
    itabplot: no visible global function definition for ‘browseURL’
    Undefined global functions or variables:
     browseURL capture.output
    Consider adding
     importFrom("utils", "browseURL", "capture.output")
    to your NAMESPACE file.
Flavors: r-devel-linux-x86_64-fedora-clang, r-devel-linux-x86_64-fedora-gcc, r-devel-macos-x86_64-clang