CRAN Package Check Results for Package tabplotd3

Last updated on 2017-10-23 14:49:05.

Flavor Version Tinstall Tcheck Ttotal Status Flags
r-devel-linux-x86_64-debian-clang 0.3.3 1.26 17.33 18.59 NOTE
r-devel-linux-x86_64-debian-gcc 0.3.3 1.46 17.25 18.71 NOTE
r-devel-linux-x86_64-fedora-clang 0.3.3 31.41 NOTE
r-devel-linux-x86_64-fedora-gcc 0.3.3 32.86 NOTE
r-devel-windows-ix86+x86_64 0.3.3 6.00 36.00 42.00 NOTE
r-patched-linux-x86_64 0.3.3 1.24 16.92 18.16 NOTE
r-patched-solaris-x86 0.3.3 47.30 NOTE
r-release-linux-x86_64 0.3.3 1.28 17.53 18.81 NOTE
r-release-windows-ix86+x86_64 0.3.3 6.00 51.00 57.00 NOTE
r-release-osx-x86_64 0.3.3 NOTE
r-oldrel-windows-ix86+x86_64 0.3.3 6.00 34.00 40.00 NOTE
r-oldrel-osx-x86_64 0.3.3 NOTE

Check Details

Version: 0.3.3
Check: R code for possible problems
Result: NOTE
    itabplot : <anonymous>: no visible global function definition for
     ‘capture.output’
    itabplot: no visible global function definition for ‘browseURL’
    Undefined global functions or variables:
     browseURL capture.output
    Consider adding
     importFrom("utils", "browseURL", "capture.output")
    to your NAMESPACE file.
Flavors: r-devel-linux-x86_64-debian-clang, r-devel-linux-x86_64-debian-gcc, r-devel-linux-x86_64-fedora-clang, r-devel-linux-x86_64-fedora-gcc, r-devel-windows-ix86+x86_64, r-patched-linux-x86_64, r-patched-solaris-x86, r-release-linux-x86_64, r-release-windows-ix86+x86_64, r-release-osx-x86_64, r-oldrel-windows-ix86+x86_64, r-oldrel-osx-x86_64