CRAN Package Check Results for Package tabplotd3

Last updated on 2016-12-09 23:50:02.

Flavor Version Tinstall Tcheck Ttotal Status Flags
r-devel-linux-x86_64-debian-clang 0.3.3 1.20 16.40 17.60 NOTE
r-devel-linux-x86_64-debian-gcc 0.3.3 1.26 16.68 17.95 NOTE
r-devel-linux-x86_64-fedora-clang 0.3.3 32.95 NOTE --no-stop-on-test-error
r-devel-linux-x86_64-fedora-gcc 0.3.3 32.08 NOTE --no-stop-on-test-error
r-devel-macos-x86_64-clang 0.3.3 26.77 NOTE --no-stop-on-test-error
r-devel-windows-ix86+x86_64 0.3.3 5.00 59.00 64.00 NOTE
r-patched-linux-x86_64 0.3.3 1.24 14.77 16.01 NOTE
r-patched-solaris-sparc 0.3.3 167.10 NOTE
r-patched-solaris-x86 0.3.3 37.90 NOTE
r-release-linux-x86_64 0.3.3 1.16 14.92 16.09 NOTE
r-release-osx-x86_64-mavericks 0.3.3 NOTE
r-release-windows-ix86+x86_64 0.3.3 6.00 47.00 53.00 NOTE
r-oldrel-windows-ix86+x86_64 0.3.3 9.00 31.00 40.00 OK

Check Details

Version: 0.3.3
Check: R code for possible problems
Result: NOTE
    itabplot : <anonymous>: no visible global function definition for
     ‘capture.output’
    itabplot: no visible global function definition for ‘browseURL’
    Undefined global functions or variables:
     browseURL capture.output
    Consider adding
     importFrom("utils", "browseURL", "capture.output")
    to your NAMESPACE file.
Flavors: r-devel-linux-x86_64-debian-clang, r-devel-linux-x86_64-debian-gcc, r-devel-windows-ix86+x86_64, r-patched-linux-x86_64, r-patched-solaris-sparc, r-patched-solaris-x86, r-release-linux-x86_64, r-release-osx-x86_64-mavericks, r-release-windows-ix86+x86_64

Version: 0.3.3
Flags: --no-stop-on-test-error
Check: R code for possible problems
Result: NOTE
    itabplot : <anonymous>: no visible global function definition for
     ‘capture.output’
    itabplot: no visible global function definition for ‘browseURL’
    Undefined global functions or variables:
     browseURL capture.output
    Consider adding
     importFrom("utils", "browseURL", "capture.output")
    to your NAMESPACE file.
Flavors: r-devel-linux-x86_64-fedora-clang, r-devel-linux-x86_64-fedora-gcc, r-devel-macos-x86_64-clang