CRAN Package Check Results for Package tabplotd3

Last updated on 2016-02-11 03:47:24.

Flavor Version Tinstall Tcheck Ttotal Status Flags
r-devel-linux-x86_64-debian-gcc 0.3.3 1.12 13.05 14.17 NOTE
r-devel-linux-x86_64-fedora-clang 0.3.3 26.57 NOTE
r-devel-linux-x86_64-fedora-gcc 0.3.3 25.78 NOTE
r-devel-osx-x86_64-clang 0.3.3 38.07 NOTE
r-devel-windows-ix86+x86_64 0.3.3 8.00 46.00 54.00 NOTE
r-patched-linux-x86_64 0.3.3 1.41 14.55 15.96 OK
r-patched-solaris-sparc 0.3.3 180.60 OK
r-patched-solaris-x86 0.3.3 40.90 OK
r-release-linux-x86_64 0.3.3 1.32 14.60 15.92 OK
r-release-osx-x86_64-mavericks 0.3.3 OK
r-release-windows-ix86+x86_64 0.3.3 6.00 27.00 33.00 OK
r-oldrel-windows-ix86+x86_64 0.3.3 11.00 43.00 54.00 OK

Check Details

Version: 0.3.3
Check: R code for possible problems
Result: NOTE
    itabplot : <anonymous>: no visible global function definition for
     ‘capture.output’
    itabplot: no visible global function definition for ‘browseURL’
    Undefined global functions or variables:
     browseURL capture.output
    Consider adding
     importFrom("utils", "browseURL", "capture.output")
    to your NAMESPACE file.
Flavors: r-devel-linux-x86_64-debian-gcc, r-devel-linux-x86_64-fedora-clang, r-devel-linux-x86_64-fedora-gcc, r-devel-osx-x86_64-clang, r-devel-windows-ix86+x86_64