CRAN Package Check Results for Package tabplotd3

Last updated on 2018-05-24 17:49:50 CEST.

Flavor Version Tinstall Tcheck Ttotal Status Flags
r-devel-linux-x86_64-debian-clang 0.3.3 1.68 25.51 27.19 NOTE
r-devel-linux-x86_64-debian-gcc 0.3.3 1.55 22.28 23.83 NOTE
r-devel-linux-x86_64-fedora-clang 0.3.3 35.76 NOTE
r-devel-linux-x86_64-fedora-gcc 0.3.3 34.08 NOTE
r-devel-windows-ix86+x86_64 0.3.3 5.00 68.00 73.00 NOTE
r-patched-linux-x86_64 0.3.3 2.07 25.52 27.59 NOTE
r-patched-solaris-x86 0.3.3 56.90 NOTE
r-release-linux-x86_64 0.3.3 1.98 25.68 27.66 NOTE
r-release-windows-ix86+x86_64 0.3.3 6.00 74.00 80.00 NOTE
r-release-osx-x86_64 0.3.3 NOTE
r-oldrel-windows-ix86+x86_64 0.3.3 11.00 38.00 49.00 NOTE
r-oldrel-osx-x86_64 0.3.3 NOTE

Check Details

Version: 0.3.3
Check: R code for possible problems
Result: NOTE
    itabplot : <anonymous>: no visible global function definition for
     ‘capture.output’
    itabplot: no visible global function definition for ‘browseURL’
    Undefined global functions or variables:
     browseURL capture.output
    Consider adding
     importFrom("utils", "browseURL", "capture.output")
    to your NAMESPACE file.
Flavors: r-devel-linux-x86_64-debian-clang, r-devel-linux-x86_64-debian-gcc, r-devel-linux-x86_64-fedora-clang, r-devel-linux-x86_64-fedora-gcc, r-devel-windows-ix86+x86_64, r-patched-linux-x86_64, r-patched-solaris-x86, r-release-linux-x86_64, r-release-windows-ix86+x86_64, r-release-osx-x86_64, r-oldrel-windows-ix86+x86_64, r-oldrel-osx-x86_64