CRAN Package Check Results for Package tabplotd3

Last updated on 2015-05-24 03:48:16.

Flavor Version Tinstall Tcheck Ttotal Status Flags
r-devel-linux-x86_64-debian-clang 0.3.3 1.22 14.48 15.70 OK
r-devel-linux-x86_64-debian-gcc 0.3.3 1.19 13.83 15.02 OK
r-devel-linux-x86_64-fedora-clang 0.3.3 32.09 OK
r-devel-linux-x86_64-fedora-gcc 0.3.3 30.12 OK
r-devel-osx-x86_64-clang 0.3.3 34.16 OK
r-devel-windows-ix86+x86_64 0.3.3 6.00 26.00 32.00 OK
r-patched-linux-x86_64 0.3.3 1.21 14.18 15.39 OK
r-patched-solaris-sparc 0.3.3 179.40 OK
r-patched-solaris-x86 0.3.3 47.60 OK
r-release-linux-x86_64 0.3.3 1.38 14.24 15.62 OK
r-release-osx-x86_64-mavericks 0.3.3 OK
r-release-osx-x86_64-snowleopard 0.3.3 ERROR
r-release-windows-ix86+x86_64 0.3.3 7.00 25.00 32.00 OK
r-oldrel-windows-ix86+x86_64 0.3.3 10.00 42.00 52.00 OK

Check Details

Version: 0.3.3
Check: package dependencies
Result: ERROR
    Package required but not available: ‘tabplot’
    
    See section ‘The DESCRIPTION file’ in the ‘Writing R Extensions’
    manual.
Flavor: r-release-osx-x86_64-snowleopard