CRAN Package Check Results for Package tabplotd3

Last updated on 2016-07-24 14:48:18.

Flavor Version Tinstall Tcheck Ttotal Status Flags
r-devel-linux-x86_64-debian-clang 0.3.3 1.76 18.49 20.25 NOTE
r-devel-linux-x86_64-debian-gcc 0.3.3 1.47 17.08 18.55 NOTE
r-devel-linux-x86_64-fedora-clang 0.3.3 27.95 NOTE
r-devel-linux-x86_64-fedora-gcc 0.3.3 26.23 NOTE
r-devel-osx-x86_64-clang 0.3.3 24.24 NOTE
r-devel-windows-ix86+x86_64 0.3.3 5.00 34.00 39.00 NOTE
r-patched-linux-x86_64 0.3.3 1.43 17.87 19.30 NOTE
r-patched-solaris-sparc 0.3.3 167.10 NOTE
r-patched-solaris-x86 0.3.3 38.30 NOTE
r-release-linux-x86_64 0.3.3 1.37 16.81 18.18 NOTE
r-release-osx-x86_64-mavericks 0.3.3 NOTE
r-release-windows-ix86+x86_64 0.3.3 5.00 34.00 39.00 NOTE
r-oldrel-windows-ix86+x86_64 0.3.3 7.00 34.00 41.00 OK

Check Details

Version: 0.3.3
Check: R code for possible problems
Result: NOTE
    itabplot : <anonymous>: no visible global function definition for
     ‘capture.output’
    itabplot: no visible global function definition for ‘browseURL’
    Undefined global functions or variables:
     browseURL capture.output
    Consider adding
     importFrom("utils", "browseURL", "capture.output")
    to your NAMESPACE file.
Flavors: r-devel-linux-x86_64-debian-clang, r-devel-linux-x86_64-debian-gcc, r-devel-linux-x86_64-fedora-clang, r-devel-linux-x86_64-fedora-gcc, r-devel-osx-x86_64-clang, r-devel-windows-ix86+x86_64, r-patched-linux-x86_64, r-patched-solaris-sparc, r-patched-solaris-x86, r-release-linux-x86_64, r-release-osx-x86_64-mavericks, r-release-windows-ix86+x86_64