CRAN Package Check Results for Package tabplotd3

Last updated on 2017-01-21 10:48:53.

Flavor Version Tinstall Tcheck Ttotal Status Flags
r-devel-linux-x86_64-debian-clang 0.3.3 1.17 16.57 17.74 NOTE
r-devel-linux-x86_64-debian-gcc 0.3.3 1.19 16.47 17.67 NOTE
r-devel-linux-x86_64-fedora-clang 0.3.3 30.56 NOTE --no-stop-on-test-error
r-devel-linux-x86_64-fedora-gcc 0.3.3 30.21 NOTE --no-stop-on-test-error
r-devel-macos-x86_64-clang 0.3.3 26.01 NOTE --no-stop-on-test-error
r-devel-windows-ix86+x86_64 0.3.3 10.00 50.00 60.00 NOTE
r-patched-linux-x86_64 0.3.3 1.09 14.78 15.87 NOTE
r-patched-solaris-sparc 0.3.3 166.90 NOTE
r-patched-solaris-x86 0.3.3 40.30 NOTE
r-release-linux-x86_64 0.3.3 1.17 14.59 15.76 NOTE
r-release-osx-x86_64-mavericks 0.3.3 NOTE
r-release-windows-ix86+x86_64 0.3.3 9.00 49.00 58.00 NOTE
r-oldrel-windows-ix86+x86_64 0.3.3 9.00 42.00 51.00 OK

Check Details

Version: 0.3.3
Check: R code for possible problems
Result: NOTE
    itabplot : <anonymous>: no visible global function definition for
     ‘capture.output’
    itabplot: no visible global function definition for ‘browseURL’
    Undefined global functions or variables:
     browseURL capture.output
    Consider adding
     importFrom("utils", "browseURL", "capture.output")
    to your NAMESPACE file.
Flavors: r-devel-linux-x86_64-debian-clang, r-devel-linux-x86_64-debian-gcc, r-devel-windows-ix86+x86_64, r-patched-linux-x86_64, r-patched-solaris-sparc, r-patched-solaris-x86, r-release-linux-x86_64, r-release-osx-x86_64-mavericks, r-release-windows-ix86+x86_64

Version: 0.3.3
Flags: --no-stop-on-test-error
Check: R code for possible problems
Result: NOTE
    itabplot : <anonymous>: no visible global function definition for
     ‘capture.output’
    itabplot: no visible global function definition for ‘browseURL’
    Undefined global functions or variables:
     browseURL capture.output
    Consider adding
     importFrom("utils", "browseURL", "capture.output")
    to your NAMESPACE file.
Flavors: r-devel-linux-x86_64-fedora-clang, r-devel-linux-x86_64-fedora-gcc, r-devel-macos-x86_64-clang