CRAN Package Check Results for Package tabplotd3

Last updated on 2017-02-25 08:49:49.

Flavor Version Tinstall Tcheck Ttotal Status Flags
r-devel-linux-x86_64-debian-clang 0.3.3 1.22 16.93 18.14 NOTE
r-devel-linux-x86_64-debian-gcc 0.3.3 1.26 17.14 18.40 NOTE
r-devel-linux-x86_64-fedora-clang 0.3.3 30.72 NOTE --no-stop-on-test-error
r-devel-linux-x86_64-fedora-gcc 0.3.3 29.43 NOTE --no-stop-on-test-error
r-devel-macos-x86_64-clang 0.3.3 26.86 NOTE --no-stop-on-test-error
r-devel-windows-ix86+x86_64 0.3.3 10.00 49.00 59.00 NOTE
r-patched-linux-x86_64 0.3.3 1.14 14.72 15.86 NOTE
r-patched-solaris-sparc 0.3.3 166.90 NOTE
r-patched-solaris-x86 0.3.3 41.00 NOTE
r-release-linux-x86_64 0.3.3 1.20 14.79 15.99 NOTE
r-release-osx-x86_64-mavericks 0.3.3 NOTE
r-release-windows-ix86+x86_64 0.3.3 9.00 46.00 55.00 NOTE
r-oldrel-windows-ix86+x86_64 0.3.3 13.00 43.00 56.00 OK

Check Details

Version: 0.3.3
Check: R code for possible problems
Result: NOTE
    itabplot : <anonymous>: no visible global function definition for
     ‘capture.output’
    itabplot: no visible global function definition for ‘browseURL’
    Undefined global functions or variables:
     browseURL capture.output
    Consider adding
     importFrom("utils", "browseURL", "capture.output")
    to your NAMESPACE file.
Flavors: r-devel-linux-x86_64-debian-clang, r-devel-linux-x86_64-debian-gcc, r-devel-windows-ix86+x86_64, r-patched-linux-x86_64, r-patched-solaris-sparc, r-patched-solaris-x86, r-release-linux-x86_64, r-release-osx-x86_64-mavericks, r-release-windows-ix86+x86_64

Version: 0.3.3
Flags: --no-stop-on-test-error
Check: R code for possible problems
Result: NOTE
    itabplot : <anonymous>: no visible global function definition for
     ‘capture.output’
    itabplot: no visible global function definition for ‘browseURL’
    Undefined global functions or variables:
     browseURL capture.output
    Consider adding
     importFrom("utils", "browseURL", "capture.output")
    to your NAMESPACE file.
Flavors: r-devel-linux-x86_64-fedora-clang, r-devel-linux-x86_64-fedora-gcc, r-devel-macos-x86_64-clang