CRAN Package Check Results for Package tabplotd3

Last updated on 2014-04-23 12:48:29.

Flavor Version Tinstall Tcheck Ttotal Status Flags
r-devel-linux-x86_64-debian-clang 0.3.3 1.80 21.10 22.90 OK
r-devel-linux-x86_64-debian-gcc 0.3.3 1.76 21.09 22.85 OK
r-devel-linux-x86_64-fedora-clang 0.3.3 45.37 OK
r-devel-linux-x86_64-fedora-gcc 0.3.3 43.65 OK
r-devel-osx-x86_64-clang 0.3.3 48.13 OK
r-devel-osx-x86_64-gcc 0.3.3 ERROR
r-devel-windows-ix86+x86_64 0.3.3 6.00 30.00 36.00 OK
r-patched-linux-x86_64 0.3.3 1.75 21.32 23.07 OK
r-patched-solaris-sparc 0.3.3 250.10 OK
r-patched-solaris-x86 0.3.3 63.30 OK
r-release-linux-ix86 0.3.3 3.00 41.00 44.00 OK
r-release-linux-x86_64 0.3.3 1.77 21.05 22.82 OK
r-release-osx-x86_64-mavericks 0.3.3 WARN
r-release-osx-x86_64-snowleopard 0.3.3 OK
r-release-windows-ix86+x86_64 0.3.3 7.00 33.00 40.00 OK
r-oldrel-windows-ix86+x86_64 0.3.3 8.00 33.00 41.00 OK

Check Details

Version: 0.3.3
Check: package dependencies
Result: ERROR
    Package required but not available: ‘tabplot’
    
    See the information on DESCRIPTION files in the chapter ‘Creating R
    packages’ of the ‘Writing R Extensions’ manual.
Flavor: r-devel-osx-x86_64-gcc

Version: 0.3.3
Check: PDF version of manual
Result: WARNING
    LaTeX errors when creating PDF version.
    This typically indicates Rd problems.
    LaTeX errors found:
    ! LaTeX Error: File `upquote.sty' not found.
    
    Type X to quit or <RETURN> to proceed,
    or enter new name. (Default extension: sty)
    
    6ff5379/Rd2.tex:8: ==> Fatal error occurred, no output PDF file produced!
Flavor: r-release-osx-x86_64-mavericks