CRAN Package Check Results for Package tabplotd3

Last updated on 2015-08-28 10:49:22.

Flavor Version Tinstall Tcheck Ttotal Status Flags
r-devel-linux-x86_64-debian-clang 0.3.3 1.10 14.68 15.78 NOTE
r-devel-linux-x86_64-debian-gcc 0.3.3 1.11 13.67 14.78 NOTE
r-devel-linux-x86_64-fedora-clang 0.3.3 29.85 NOTE
r-devel-linux-x86_64-fedora-gcc 0.3.3 28.16 NOTE
r-devel-osx-x86_64-clang 0.3.3 29.63 OK
r-devel-windows-ix86+x86_64 0.3.3 8.00 39.00 47.00 NOTE
r-patched-linux-x86_64 0.3.3 1.22 14.64 15.86 OK
r-patched-solaris-sparc 0.3.3 194.30 OK
r-patched-solaris-x86 0.3.3 48.00 OK
r-release-linux-x86_64 0.3.3 1.31 14.62 15.94 OK
r-release-osx-x86_64-mavericks 0.3.3 OK
r-release-windows-ix86+x86_64 0.3.3 8.00 27.00 35.00 OK
r-oldrel-windows-ix86+x86_64 0.3.3 11.00 40.00 51.00 OK

Check Details

Version: 0.3.3
Check: R code for possible problems
Result: NOTE
    itabplot : <anonymous>: no visible global function definition for
     ‘capture.output’
    itabplot: no visible global function definition for ‘browseURL’
    Undefined global functions or variables:
     browseURL capture.output
    Consider adding
     importFrom("utils", "browseURL", "capture.output")
    to your NAMESPACE.
Flavors: r-devel-linux-x86_64-debian-clang, r-devel-linux-x86_64-debian-gcc, r-devel-linux-x86_64-fedora-clang, r-devel-linux-x86_64-fedora-gcc, r-devel-windows-ix86+x86_64