CRAN Package Check Results for Package tabplotd3

Last updated on 2016-05-06 17:47:30.

Flavor Version Tinstall Tcheck Ttotal Status Flags
r-devel-linux-x86_64-debian-gcc 0.3.3 1.16 14.75 15.91 NOTE
r-devel-linux-x86_64-fedora-clang 0.3.3 28.26 NOTE
r-devel-linux-x86_64-fedora-gcc 0.3.3 26.40 NOTE
r-devel-osx-x86_64-clang 0.3.3 33.75 NOTE
r-devel-windows-ix86+x86_64 0.3.3 5.00 31.00 36.00 NOTE
r-patched-linux-x86_64 0.3.3 1.26 14.01 15.26 NOTE
r-patched-solaris-sparc 0.3.3 161.10 NOTE
r-patched-solaris-x86 0.3.3 38.60 NOTE
r-release-linux-x86_64 0.3.3 1.14 14.57 15.71 NOTE
r-release-osx-x86_64-mavericks 0.3.3 NOTE
r-release-windows-ix86+x86_64 0.3.3 5.00 31.00 36.00 NOTE
r-oldrel-windows-ix86+x86_64 0.3.3 10.00 30.00 40.00 OK

Check Details

Version: 0.3.3
Check: R code for possible problems
Result: NOTE
    itabplot : <anonymous>: no visible global function definition for
     ‘capture.output’
    itabplot: no visible global function definition for ‘browseURL’
    Undefined global functions or variables:
     browseURL capture.output
    Consider adding
     importFrom("utils", "browseURL", "capture.output")
    to your NAMESPACE file.
Flavors: r-devel-linux-x86_64-debian-gcc, r-devel-linux-x86_64-fedora-clang, r-devel-linux-x86_64-fedora-gcc, r-devel-osx-x86_64-clang, r-devel-windows-ix86+x86_64, r-patched-linux-x86_64, r-patched-solaris-sparc, r-patched-solaris-x86, r-release-linux-x86_64, r-release-osx-x86_64-mavericks, r-release-windows-ix86+x86_64