CRAN Package Check Results for Package tabplotd3

Last updated on 2016-09-28 12:47:18.

Flavor Version Tinstall Tcheck Ttotal Status Flags
r-devel-linux-x86_64-debian-clang 0.3.3 1.28 14.14 15.42 NOTE
r-devel-linux-x86_64-debian-gcc 0.3.3 1.14 14.09 15.23 NOTE
r-devel-linux-x86_64-fedora-clang 0.3.3 28.52 NOTE
r-devel-linux-x86_64-fedora-gcc 0.3.3 26.39 NOTE
r-devel-macos-x86_64-clang 0.3.3 23.54 NOTE
r-devel-windows-ix86+x86_64 0.3.3 5.00 48.00 53.00 NOTE
r-patched-linux-x86_64 0.3.3 1.19 14.06 15.25 NOTE
r-patched-solaris-sparc 0.3.3 167.10 NOTE
r-patched-solaris-x86 0.3.3 38.00 NOTE
r-release-linux-x86_64 0.3.3 1.13 14.18 15.31 NOTE
r-release-osx-x86_64-mavericks 0.3.3 NOTE
r-release-windows-ix86+x86_64 0.3.3 7.00 46.00 53.00 NOTE
r-oldrel-windows-ix86+x86_64 0.3.3 11.00 45.00 56.00 OK

Check Details

Version: 0.3.3
Check: R code for possible problems
Result: NOTE
    itabplot : <anonymous>: no visible global function definition for
     ‘capture.output’
    itabplot: no visible global function definition for ‘browseURL’
    Undefined global functions or variables:
     browseURL capture.output
    Consider adding
     importFrom("utils", "browseURL", "capture.output")
    to your NAMESPACE file.
Flavors: r-devel-linux-x86_64-debian-clang, r-devel-linux-x86_64-debian-gcc, r-devel-linux-x86_64-fedora-clang, r-devel-linux-x86_64-fedora-gcc, r-devel-macos-x86_64-clang, r-devel-windows-ix86+x86_64, r-patched-linux-x86_64, r-patched-solaris-sparc, r-patched-solaris-x86, r-release-linux-x86_64, r-release-osx-x86_64-mavericks, r-release-windows-ix86+x86_64