CRAN Package Check Results for Package tabplotd3

Last updated on 2018-01-16 19:49:29 CET.

Flavor Version Tinstall Tcheck Ttotal Status Flags
r-devel-linux-x86_64-debian-clang 0.3.3 1.44 25.06 26.50 NOTE
r-devel-linux-x86_64-debian-gcc 0.3.3 1.38 20.14 21.52 NOTE
r-devel-linux-x86_64-fedora-clang 0.3.3 31.38 NOTE
r-devel-linux-x86_64-fedora-gcc 0.3.3 29.43 NOTE
r-devel-windows-ix86+x86_64 0.3.3 8.00 41.00 49.00 NOTE
r-patched-linux-x86_64 0.3.3 1.96 24.75 26.71 NOTE
r-patched-solaris-x86 0.3.3 52.10 NOTE
r-release-linux-x86_64 0.3.3 1.60 24.37 25.97 NOTE
r-release-windows-ix86+x86_64 0.3.3 8.00 47.00 55.00 NOTE
r-release-osx-x86_64 0.3.3 NOTE
r-oldrel-windows-ix86+x86_64 0.3.3 6.00 51.00 57.00 NOTE
r-oldrel-osx-x86_64 0.3.3 NOTE

Check Details

Version: 0.3.3
Check: R code for possible problems
Result: NOTE
    itabplot : <anonymous>: no visible global function definition for
     ‘capture.output’
    itabplot: no visible global function definition for ‘browseURL’
    Undefined global functions or variables:
     browseURL capture.output
    Consider adding
     importFrom("utils", "browseURL", "capture.output")
    to your NAMESPACE file.
Flavors: r-devel-linux-x86_64-debian-clang, r-devel-linux-x86_64-debian-gcc, r-devel-linux-x86_64-fedora-clang, r-devel-linux-x86_64-fedora-gcc, r-devel-windows-ix86+x86_64, r-patched-linux-x86_64, r-patched-solaris-x86, r-release-linux-x86_64, r-release-windows-ix86+x86_64, r-release-osx-x86_64, r-oldrel-windows-ix86+x86_64, r-oldrel-osx-x86_64