CRAN Package Check Results for Package tabulizer

Last updated on 2019-06-16 20:47:21 CEST.

Flavor Version Tinstall Tcheck Ttotal Status Flags
r-devel-linux-x86_64-debian-clang 0.2.2 4.50 159.82 164.32 OK
r-devel-linux-x86_64-debian-gcc 0.2.2 3.57 123.80 127.37 OK
r-devel-linux-x86_64-fedora-clang 0.2.2 199.72 OK
r-devel-linux-x86_64-fedora-gcc 0.2.2 203.96 OK
r-devel-windows-ix86+x86_64 0.2.2 12.00 124.00 136.00 OK
r-patched-linux-x86_64 0.2.2 4.34 158.01 162.35 OK
r-patched-solaris-x86 0.2.2 157.90 OK
r-release-linux-x86_64 0.2.2 4.35 160.95 165.30 OK
r-release-windows-ix86+x86_64 0.2.2 9.00 153.00 162.00 OK
r-release-osx-x86_64 0.2.2 OK
r-oldrel-windows-ix86+x86_64 0.2.2 5.00 148.00 153.00 ERROR
r-oldrel-osx-x86_64 0.2.2 OK

Check Details

Version: 0.2.2
Check: tests
Result: ERROR
     Running 'testthat.R' [59s]
    Running the tests in 'tests/testthat.R' failed.
    Complete output:
     > library("testthat")
     > library("tabulizer")
     >
     > stop_logging()
     > test_check("tabulizer")
     -- 1. Error: Read French language PDF w/correct encoding (@test_non-latin.R#15)
     cannot open URL 'http://www.europarl.europa.eu/oeil/popups/printfichetechnical.pdf?id=673511&lang=fr'
     1: extract_text(f2, page = 1, encoding = "latin1") at testthat/test_non-latin.R:15
     2: load_doc(file, password = password, copy = copy)
     3: localize_file(path = file, copy = copy)
     4: utils::download.file(path, tmp, quiet = quiet, mode = "wb")
    
     == testthat results ===========================================================
     OK: 89 SKIPPED: 0 WARNINGS: 1 FAILED: 1
     1. Error: Read French language PDF w/correct encoding (@test_non-latin.R#15)
    
     Error: testthat unit tests failed
     Execution halted
Flavor: r-oldrel-windows-ix86+x86_64