CRAN Package Check Results for Package tailDepFun

Last updated on 2019-04-20 22:50:37 CEST.

Flavor Version Tinstall Tcheck Ttotal Status Flags
r-devel-linux-x86_64-debian-clang 1.0.0 10.66 79.57 90.23 OK
r-devel-linux-x86_64-debian-gcc 1.0.0 11.24 65.77 77.01 OK
r-devel-linux-x86_64-fedora-clang 1.0.0 109.23 NOTE
r-devel-linux-x86_64-fedora-gcc 1.0.0 103.84 NOTE
r-devel-windows-ix86+x86_64 1.0.0 34.00 111.00 145.00 OK
r-patched-linux-x86_64 1.0.0 9.93 77.69 87.62 OK
r-patched-solaris-x86 1.0.0 168.30 OK
r-release-linux-x86_64 1.0.0 6.88 75.51 82.39 OK
r-release-windows-ix86+x86_64 1.0.0 19.00 151.00 170.00 OK
r-release-osx-x86_64 1.0.0 OK
r-oldrel-windows-ix86+x86_64 1.0.0 17.00 146.00 163.00 OK
r-oldrel-osx-x86_64 1.0.0 ERROR

Check Details

Version: 1.0.0
Check: compiled code
Result: NOTE
    File ‘tailDepFun/libs/tailDepFun.so’:
     Found no calls to: ‘R_registerRoutines’, ‘R_useDynamicSymbols’
    
    It is good practice to register native routines and to disable symbol
    search.
    
    See ‘Writing portable packages’ in the ‘Writing R Extensions’ manual.
Flavors: r-devel-linux-x86_64-fedora-clang, r-devel-linux-x86_64-fedora-gcc

Version: 1.0.0
Check: package dependencies
Result: ERROR
    Package required but not available: ‘copula’
    
    See section ‘The DESCRIPTION file’ in the ‘Writing R Extensions’
    manual.
Flavor: r-oldrel-osx-x86_64