CRAN Package Check Results for Package tailr

Last updated on 2020-09-26 11:49:19 CEST.

Flavor Version Tinstall Tcheck Ttotal Status Flags
r-devel-linux-x86_64-debian-clang 0.1.3 1.84 22.28 24.12 NOTE
r-devel-linux-x86_64-debian-gcc 0.1.3 1.79 17.62 19.41 NOTE
r-devel-linux-x86_64-fedora-clang 0.1.3 45.70 NOTE
r-devel-linux-x86_64-fedora-gcc 0.1.3 29.89 NOTE
r-devel-windows-ix86+x86_64 0.1.3 6.00 39.00 45.00 NOTE
r-patched-linux-x86_64 0.1.3 1.73 21.78 23.51 NOTE
r-patched-solaris-x86 0.1.3 44.90 NOTE
r-release-linux-x86_64 0.1.3 2.03 21.49 23.52 NOTE
r-release-macos-x86_64 0.1.3 NOTE
r-release-windows-ix86+x86_64 0.1.3 5.00 45.00 50.00 NOTE
r-oldrel-macos-x86_64 0.1.3 NOTE
r-oldrel-windows-ix86+x86_64 0.1.3 4.00 40.00 44.00 OK

Check Details

Version: 0.1.3
Check: package dependencies
Result: NOTE
    Package suggested but not available for checking: 'pmatch'
Flavors: r-devel-linux-x86_64-debian-clang, r-devel-linux-x86_64-debian-gcc, r-devel-linux-x86_64-fedora-clang, r-devel-linux-x86_64-fedora-gcc, r-devel-windows-ix86+x86_64, r-patched-linux-x86_64, r-patched-solaris-x86, r-release-linux-x86_64, r-release-macos-x86_64, r-release-windows-ix86+x86_64, r-oldrel-macos-x86_64

Version: 0.1.3
Check: R code for possible problems
Result: NOTE
    Possibly missing '()' after 'return' in the following functions:
     'handle_recursive_returns' 'returns_to_escapes' 'simplify_returns'
Flavors: r-devel-linux-x86_64-debian-clang, r-devel-linux-x86_64-debian-gcc, r-devel-linux-x86_64-fedora-clang, r-devel-linux-x86_64-fedora-gcc