CRAN Package Check Results for Package targets

Last updated on 2021-04-20 02:49:16 CEST.

Flavor Version Tinstall Tcheck Ttotal Status Flags
r-devel-linux-x86_64-debian-clang 0.3.1 23.80 206.98 230.78 OK
r-devel-linux-x86_64-debian-gcc 0.3.1 19.50 153.90 173.40 OK
r-devel-linux-x86_64-fedora-clang 0.3.1 292.77 OK
r-devel-linux-x86_64-fedora-gcc 0.3.1 271.88 OK
r-devel-windows-ix86+x86_64 0.3.1 43.00 182.00 225.00 OK
r-devel-windows-x86_64-gcc10-UCRT 0.3.1 NOTE
r-patched-linux-x86_64 0.3.1 25.64 200.30 225.94 OK
r-patched-solaris-x86 0.3.1 363.00 OK
r-release-linux-x86_64 0.3.1 22.31 196.74 219.05 OK
r-release-macos-x86_64 0.3.1 OK
r-release-windows-ix86+x86_64 0.3.1 42.00 208.00 250.00 OK
r-oldrel-macos-x86_64 0.3.1 OK
r-oldrel-windows-ix86+x86_64 0.3.1 25.00 242.00 267.00 OK

Check Details

Version: 0.3.1
Check: package dependencies
Result: NOTE
    Package suggested but not available for checking: 'arrow'
Flavor: r-devel-windows-x86_64-gcc10-UCRT