CRAN Package Check Results for Package tashu

Last updated on 2020-02-28 16:48:31 CET.

Flavor Version Tinstall Tcheck Ttotal Status Flags
r-devel-linux-x86_64-debian-clang 0.1.0 6.29 46.06 52.35 NOTE
r-devel-linux-x86_64-debian-gcc 0.1.0 4.42 35.63 40.05 NOTE
r-devel-linux-x86_64-fedora-clang 0.1.0 68.13 NOTE
r-devel-linux-x86_64-fedora-gcc 0.1.0 61.35 NOTE
r-devel-windows-ix86+x86_64 0.1.0 15.00 65.00 80.00 NOTE
r-devel-windows-ix86+x86_64-gcc8 0.1.0 15.00 63.00 78.00 NOTE
r-patched-linux-x86_64 0.1.0 5.35 40.48 45.83 NOTE
r-patched-solaris-x86 0.1.0 90.90 NOTE
r-release-linux-x86_64 0.1.0 4.96 41.97 46.93 NOTE
r-release-windows-ix86+x86_64 0.1.0 11.00 92.00 103.00 NOTE
r-release-osx-x86_64 0.1.0 NOTE
r-oldrel-windows-ix86+x86_64 0.1.0 6.00 60.00 66.00 NOTE
r-oldrel-osx-x86_64 0.1.0 NOTE

Check Details

Version: 0.1.0
Check: package dependencies
Result: NOTE
    Package suggested but not available for checking: 'tashudata'
Flavors: r-devel-linux-x86_64-debian-clang, r-devel-linux-x86_64-debian-gcc, r-devel-linux-x86_64-fedora-clang, r-devel-linux-x86_64-fedora-gcc, r-devel-windows-ix86+x86_64, r-devel-windows-ix86+x86_64-gcc8, r-patched-linux-x86_64, r-patched-solaris-x86, r-release-linux-x86_64, r-release-windows-ix86+x86_64, r-release-osx-x86_64, r-oldrel-windows-ix86+x86_64, r-oldrel-osx-x86_64

Version: 0.1.0
Check: dependencies in R code
Result: NOTE
    Namespaces in Imports field not imported from:
     ‘drat’ ‘plyr’
     All declared Imports should be used.
Flavors: r-devel-linux-x86_64-fedora-clang, r-devel-linux-x86_64-fedora-gcc, r-patched-solaris-x86, r-release-osx-x86_64, r-oldrel-osx-x86_64