CRAN Package Check Results for Package tastypie

Last updated on 2021-04-14 18:51:19 CEST.

Flavor Version Tinstall Tcheck Ttotal Status Flags
r-devel-linux-x86_64-debian-clang 0.0.3 7.85 92.11 99.96 OK
r-devel-linux-x86_64-debian-gcc 0.0.3 6.40 69.32 75.72 OK
r-devel-linux-x86_64-fedora-clang 0.0.3 123.20 OK
r-devel-linux-x86_64-fedora-gcc 0.0.3 113.74 OK
r-devel-windows-ix86+x86_64 0.0.3 17.00 111.00 128.00 OK
r-devel-windows-x86_64-gcc10-UCRT 0.0.3 OK
r-patched-linux-x86_64 0.0.3 6.18 85.90 92.08 OK
r-patched-solaris-x86 0.0.3 163.20 NOTE
r-release-linux-x86_64 0.0.3 6.76 84.64 91.40 OK
r-release-macos-x86_64 0.0.3 OK
r-release-windows-ix86+x86_64 0.0.3 30.00 120.00 150.00 OK
r-oldrel-macos-x86_64 0.0.3 OK
r-oldrel-windows-ix86+x86_64 0.0.3 11.00 94.00 105.00 OK

Check Details

Version: 0.0.3
Check: installed package size
Result: NOTE
     installed size is 5.6Mb
     sub-directories of 1Mb or more:
     doc 1.8Mb
     help 3.7Mb
Flavor: r-patched-solaris-x86