CRAN Package Check Results for Package tau

Last updated on 2015-08-29 03:49:07.

Flavor Version Tinstall Tcheck Ttotal Status Flags
r-devel-linux-x86_64-debian-clang 0.0-18 1.16 9.22 10.38 OK
r-devel-linux-x86_64-debian-gcc 0.0-18 1.56 9.01 10.56 OK
r-devel-linux-x86_64-fedora-clang 0.0-18 19.12 OK
r-devel-linux-x86_64-fedora-gcc 0.0-18 18.23 OK
r-devel-osx-x86_64-clang 0.0-18 26.39 OK
r-devel-windows-ix86+x86_64 0.0-18 12.00 28.00 40.00 OK
r-patched-linux-x86_64 0.0-18 1.52 9.70 11.22 OK
r-patched-solaris-sparc 0.0-18 138.90 OK
r-patched-solaris-x86 0.0-18 34.00 OK
r-release-linux-x86_64 0.0-18 1.52 9.71 11.23 OK
r-release-osx-x86_64-mavericks 0.0-18 OK
r-release-windows-ix86+x86_64 0.0-18 11.00 22.00 33.00 NOTE
r-oldrel-windows-ix86+x86_64 0.0-18 14.00 27.00 41.00 OK

Check Details

Version: 0.0-18
Check: DESCRIPTION meta-information
Result: NOTE
    Malformed Description field: should contain one or more complete sentences.
Flavor: r-release-windows-ix86+x86_64