CRAN Package Check Results for Package tau

Last updated on 2016-09-29 14:47:46.

Flavor Version Tinstall Tcheck Ttotal Status Flags
r-devel-linux-x86_64-debian-clang 0.0-18 1.42 10.13 11.55 OK
r-devel-linux-x86_64-debian-gcc 0.0-18 1.73 10.45 12.18 OK
r-devel-linux-x86_64-fedora-clang 0.0-18 19.01 OK
r-devel-linux-x86_64-fedora-gcc 0.0-18 17.68 OK
r-devel-macos-x86_64-clang 0.0-18 17.03 OK
r-devel-windows-ix86+x86_64 0.0-18 12.00 72.00 84.00 NOTE
r-patched-linux-x86_64 0.0-18 1.70 10.22 11.92 OK
r-patched-solaris-sparc 0.0-18 121.50 OK
r-patched-solaris-x86 0.0-18 27.20 OK
r-release-linux-x86_64 0.0-18 1.68 10.09 11.77 OK
r-release-osx-x86_64-mavericks 0.0-18 OK
r-release-windows-ix86+x86_64 0.0-18 7.00 29.00 36.00 OK
r-oldrel-windows-ix86+x86_64 0.0-18 20.00 34.00 54.00 NOTE

Check Details

Version: 0.0-18
Check: DESCRIPTION meta-information
Result: NOTE
    Malformed Description field: should contain one or more complete sentences.
Flavors: r-devel-windows-ix86+x86_64, r-oldrel-windows-ix86+x86_64