CRAN Package Check Results for Package tau

Last updated on 2016-02-14 10:47:01.

Flavor Version Tinstall Tcheck Ttotal Status Flags
r-devel-linux-x86_64-debian-gcc 0.0-18 1.65 8.87 10.52 OK
r-devel-linux-x86_64-fedora-clang 0.0-18 17.73 OK
r-devel-linux-x86_64-fedora-gcc 0.0-18 16.81 OK
r-devel-osx-x86_64-clang 0.0-18 21.49 OK
r-devel-windows-ix86+x86_64 0.0-18 13.00 32.00 45.00 OK
r-patched-linux-x86_64 0.0-18 1.65 9.63 11.27 OK
r-patched-solaris-sparc 0.0-18 119.60 OK
r-patched-solaris-x86 0.0-18 27.40 OK
r-release-linux-x86_64 0.0-18 1.80 9.85 11.64 OK
r-release-osx-x86_64-mavericks 0.0-18 OK
r-release-windows-ix86+x86_64 0.0-18 7.00 34.00 41.00 NOTE
r-oldrel-windows-ix86+x86_64 0.0-18 14.00 27.00 41.00 OK

Check Details

Version: 0.0-18
Check: DESCRIPTION meta-information
Result: NOTE
    Malformed Description field: should contain one or more complete sentences.
Flavor: r-release-windows-ix86+x86_64