CRAN Package Check Results for Package tau

Last updated on 2016-12-07 23:48:12.

Flavor Version Tinstall Tcheck Ttotal Status Flags
r-devel-linux-x86_64-debian-clang 0.0-18 1.48 12.20 13.68 OK
r-devel-linux-x86_64-debian-gcc 0.0-18 1.86 11.59 13.44 OK
r-devel-linux-x86_64-fedora-clang 0.0-18 22.74 OK --no-stop-on-test-error
r-devel-linux-x86_64-fedora-gcc 0.0-18 21.55 OK --no-stop-on-test-error
r-devel-macos-x86_64-clang 0.0-18 20.03 OK --no-stop-on-test-error
r-devel-windows-ix86+x86_64 0.0-18 7.00 33.00 40.00 NOTE
r-patched-linux-x86_64 0.0-18 1.61 10.43 12.03 OK
r-patched-solaris-sparc 0.0-18 121.50 OK
r-patched-solaris-x86 0.0-18 26.70 OK
r-release-linux-x86_64 0.0-18 1.64 10.85 12.49 OK
r-release-osx-x86_64-mavericks 0.0-18 OK
r-release-windows-ix86+x86_64 0.0-18 10.00 41.00 51.00 OK
r-oldrel-windows-ix86+x86_64 0.0-18 20.00 61.00 81.00 NOTE

Check Details

Version: 0.0-18
Check: DESCRIPTION meta-information
Result: NOTE
    Malformed Description field: should contain one or more complete sentences.
Flavors: r-devel-windows-ix86+x86_64, r-oldrel-windows-ix86+x86_64