CRAN Package Check Results for Package tau

Last updated on 2017-01-20 16:47:40.

Flavor Version Tinstall Tcheck Ttotal Status Flags
r-devel-linux-x86_64-debian-clang 0.0-18 1.50 12.28 13.78 OK
r-devel-linux-x86_64-debian-gcc 0.0-18 1.90 12.16 14.06 OK
r-devel-linux-x86_64-fedora-clang 0.0-18 21.46 OK --no-stop-on-test-error
r-devel-linux-x86_64-fedora-gcc 0.0-18 21.63 OK --no-stop-on-test-error
r-devel-macos-x86_64-clang 0.0-18 19.48 OK --no-stop-on-test-error
r-devel-windows-ix86+x86_64 0.0-18 11.00 41.00 52.00 NOTE
r-patched-linux-x86_64 0.0-18 1.60 10.29 11.89 OK
r-patched-solaris-sparc 0.0-18 120.20 OK
r-patched-solaris-x86 0.0-18 28.00 OK
r-release-linux-x86_64 0.0-18 1.60 10.23 11.83 OK
r-release-osx-x86_64-mavericks 0.0-18 OK
r-release-windows-ix86+x86_64 0.0-18 10.00 41.00 51.00 OK
r-oldrel-windows-ix86+x86_64 0.0-18 20.00 61.00 81.00 NOTE

Check Details

Version: 0.0-18
Check: DESCRIPTION meta-information
Result: NOTE
    Malformed Description field: should contain one or more complete sentences.
Flavors: r-devel-windows-ix86+x86_64, r-oldrel-windows-ix86+x86_64