CRAN Package Check Results for Package tau

Last updated on 2016-05-29 06:47:02.

Flavor Version Tinstall Tcheck Ttotal Status Flags
r-devel-linux-x86_64-debian-gcc 0.0-18 1.76 10.95 12.71 OK
r-devel-linux-x86_64-fedora-clang 0.0-18 18.40 OK
r-devel-linux-x86_64-fedora-gcc 0.0-18 17.21 OK
r-devel-osx-x86_64-clang 0.0-18 25.11 OK
r-devel-windows-ix86+x86_64 0.0-18 8.00 31.00 39.00 NOTE
r-patched-linux-x86_64 0.0-18 1.64 10.26 11.90 OK
r-patched-solaris-sparc 0.0-18 120.20 OK
r-patched-solaris-x86 0.0-18 28.50 OK
r-release-linux-x86_64 0.0-18 1.69 11.34 13.03 OK
r-release-osx-x86_64-mavericks 0.0-18 OK
r-release-windows-ix86+x86_64 0.0-18 9.00 26.00 35.00 OK
r-oldrel-windows-ix86+x86_64 0.0-18 8.00 42.00 50.00 NOTE

Check Details

Version: 0.0-18
Check: DESCRIPTION meta-information
Result: NOTE
    Malformed Description field: should contain one or more complete sentences.
Flavors: r-devel-windows-ix86+x86_64, r-oldrel-windows-ix86+x86_64