CRAN Package Check Results for Package tau

Last updated on 2016-06-27 03:47:54.

Flavor Version Tinstall Tcheck Ttotal Status Flags
r-devel-linux-x86_64-debian-gcc 0.0-18 1.76 9.89 11.65 OK
r-devel-linux-x86_64-fedora-clang 0.0-18 18.42 OK
r-devel-linux-x86_64-fedora-gcc 0.0-18 17.34 OK
r-devel-osx-x86_64-clang 0.0-18 16.71 OK
r-devel-windows-ix86+x86_64 0.0-18 7.00 32.00 39.00 NOTE
r-patched-linux-x86_64 0.0-18 1.77 11.59 13.36 OK
r-patched-solaris-sparc 0.0-18 121.50 OK
r-patched-solaris-x86 0.0-18 28.90 OK
r-release-linux-x86_64 0.0-18 1.64 12.58 14.22 OK
r-release-osx-x86_64-mavericks 0.0-18 OK
r-release-windows-ix86+x86_64 0.0-18 10.00 44.00 54.00 OK
r-oldrel-windows-ix86+x86_64 0.0-18 9.00 41.00 50.00 NOTE

Check Details

Version: 0.0-18
Check: DESCRIPTION meta-information
Result: NOTE
    Malformed Description field: should contain one or more complete sentences.
Flavors: r-devel-windows-ix86+x86_64, r-oldrel-windows-ix86+x86_64