CRAN Package Check Results for Package tau

Last updated on 2015-03-01 11:47:42.

Flavor Version Tinstall Tcheck Ttotal Status Flags
r-devel-linux-x86_64-debian-clang 0.0-18 1.17 9.80 10.97 OK
r-devel-linux-x86_64-debian-gcc 0.0-18 1.45 9.72 11.17 OK
r-devel-linux-x86_64-fedora-clang 0.0-18 21.30 OK
r-devel-linux-x86_64-fedora-gcc 0.0-18 20.07 OK
r-devel-osx-x86_64-clang 0.0-18 26.10 OK
r-devel-windows-ix86+x86_64 0.0-18 8.00 22.00 30.00 NOTE
r-patched-linux-x86_64 0.0-18 1.51 10.55 12.06 OK
r-patched-solaris-sparc 0.0-18 125.40 OK
r-patched-solaris-x86 0.0-18 35.60 OK
r-release-linux-ix86 0.0-18 2.14 20.12 22.27 OK
r-release-linux-x86_64 0.0-18 1.61 10.64 12.25 OK
r-release-osx-x86_64-mavericks 0.0-18 OK
r-release-osx-x86_64-snowleopard 0.0-18 OK
r-release-windows-ix86+x86_64 0.0-18 8.00 23.00 31.00 OK
r-oldrel-windows-ix86+x86_64 0.0-18 7.00 25.00 32.00 OK

Check Details

Version: 0.0-18
Check: DESCRIPTION meta-information
Result: NOTE
    Malformed Description field: should contain one or more complete sentences.
Flavor: r-devel-windows-ix86+x86_64