CRAN Package Check Results for Package tau

Last updated on 2016-08-31 06:47:45.

Flavor Version Tinstall Tcheck Ttotal Status Flags
r-devel-linux-x86_64-debian-clang 0.0-18 1.54 10.45 11.99 OK
r-devel-linux-x86_64-debian-gcc 0.0-18 1.76 10.79 12.55 OK
r-devel-linux-x86_64-fedora-clang 0.0-18 18.93 OK
r-devel-linux-x86_64-fedora-gcc 0.0-18 17.80 OK
r-devel-osx-x86_64-clang 0.0-18 16.74 OK
r-devel-windows-ix86+x86_64 0.0-18 11.00 63.00 74.00 NOTE
r-patched-linux-x86_64 0.0-18 1.65 10.54 12.19 OK
r-patched-solaris-sparc 0.0-18 121.50 OK
r-patched-solaris-x86 0.0-18 28.30 OK
r-release-linux-x86_64 0.0-18 1.56 10.19 11.75 OK
r-release-osx-x86_64-mavericks 0.0-18 OK
r-release-windows-ix86+x86_64 0.0-18 14.00 37.00 51.00 OK
r-oldrel-windows-ix86+x86_64 0.0-18 20.00 34.00 54.00 NOTE

Check Details

Version: 0.0-18
Check: DESCRIPTION meta-information
Result: NOTE
    Malformed Description field: should contain one or more complete sentences.
Flavors: r-devel-windows-ix86+x86_64, r-oldrel-windows-ix86+x86_64