CRAN Package Check Results for Package tau

Last updated on 2015-07-04 16:46:46.

Flavor Version Tinstall Tcheck Ttotal Status Flags
r-devel-linux-x86_64-debian-clang 0.0-18 1.15 9.29 10.44 OK
r-devel-linux-x86_64-debian-gcc 0.0-18 1.50 9.23 10.73 OK
r-devel-linux-x86_64-fedora-clang 0.0-18 19.77 OK
r-devel-linux-x86_64-fedora-gcc 0.0-18 18.66 OK
r-devel-osx-x86_64-clang 0.0-18 19.83 OK
r-devel-windows-ix86+x86_64 0.0-18 14.00 19.00 33.00 OK
r-patched-linux-x86_64 0.0-18 1.46 9.60 11.06 OK
r-patched-solaris-sparc 0.0-18 121.40 OK
r-patched-solaris-x86 0.0-18 31.90 OK
r-release-linux-x86_64 0.0-18 1.50 9.64 11.14 OK
r-release-osx-x86_64-mavericks 0.0-18 OK
r-release-windows-ix86+x86_64 0.0-18 12.00 21.00 33.00 NOTE
r-oldrel-windows-ix86+x86_64 0.0-18 13.00 22.00 35.00 OK

Check Details

Version: 0.0-18
Check: DESCRIPTION meta-information
Result: NOTE
    Malformed Description field: should contain one or more complete sentences.
Flavor: r-release-windows-ix86+x86_64