CRAN Package Check Results for Package tau

Last updated on 2017-02-27 19:51:07.

Flavor Version Tinstall Tcheck Ttotal Status Flags
r-devel-linux-x86_64-debian-clang 0.0-19 1.57 12.00 13.57 OK
r-devel-linux-x86_64-debian-gcc 0.0-19 1.83 12.66 14.49 OK
r-devel-linux-x86_64-fedora-clang 0.0-19 21.72 NOTE --no-stop-on-test-error
r-devel-linux-x86_64-fedora-gcc 0.0-19 22.21 OK --no-stop-on-test-error
r-devel-macos-x86_64-clang 0.0-19 19.74 NOTE --no-stop-on-test-error
r-devel-windows-ix86+x86_64 0.0-19 9.00 44.00 53.00 OK
r-patched-linux-x86_64 0.0-19 1.66 10.29 11.96 OK
r-patched-solaris-sparc 0.0-19 119.50 OK
r-patched-solaris-x86 0.0-19 26.80 OK
r-release-linux-x86_64 0.0-19 1.65 10.72 12.37 OK
r-release-osx-x86_64-mavericks 0.0-19 OK
r-release-windows-ix86+x86_64 0.0-19 11.00 41.00 52.00 OK
r-oldrel-windows-ix86+x86_64 0.0-19 12.00 40.00 52.00 OK

Check Details

Version: 0.0-19
Flags: --no-stop-on-test-error
Check: package dependencies
Result: NOTE
    Package suggested but not available for checking: ‘tm’
Flavors: r-devel-linux-x86_64-fedora-clang, r-devel-macos-x86_64-clang