CRAN Package Check Results for Package tawny

Last updated on 2015-09-03 22:48:17.

Flavor Version Tinstall Tcheck Ttotal Status Flags
r-devel-linux-x86_64-debian-clang 2.1.2 2.15 19.22 21.37 NOTE
r-devel-linux-x86_64-debian-gcc 2.1.2 2.16 19.11 21.27 NOTE
r-devel-linux-x86_64-fedora-clang 2.1.2 41.75 NOTE
r-devel-linux-x86_64-fedora-gcc 2.1.2 37.81 NOTE
r-devel-osx-x86_64-clang 2.1.2 31.94 OK
r-devel-windows-ix86+x86_64 2.1.2 6.00 41.00 47.00 NOTE
r-patched-linux-x86_64 2.1.2 2.31 20.48 22.79 OK
r-patched-solaris-sparc 2.1.2 270.40 OK
r-patched-solaris-x86 2.1.2 58.30 OK
r-release-linux-x86_64 2.1.2 2.19 19.33 21.52 OK
r-release-osx-x86_64-mavericks 2.1.2 OK
r-release-windows-ix86+x86_64 2.1.2 8.00 32.00 40.00 OK
r-oldrel-windows-ix86+x86_64 2.1.2 13.00 50.00 63.00 OK

Check Details

Version: 2.1.2
Check: R code for possible problems
Result: NOTE
    cor.mean: no visible global function definition for ‘cov2cor’
    ensure: no visible global function definition for ‘start’
    ensure: no visible global function definition for ‘end’
    getIndexComposition: no visible global function definition for
     ‘read.csv’
    p.optimize : sdna: no visible global function definition for ‘sd’
    Undefined global functions or variables:
     cov2cor end read.csv sd start
    Consider adding
     importFrom("stats", "cov2cor", "end", "sd", "start")
     importFrom("utils", "read.csv")
    to your NAMESPACE.
Flavors: r-devel-linux-x86_64-debian-clang, r-devel-linux-x86_64-debian-gcc, r-devel-linux-x86_64-fedora-clang, r-devel-linux-x86_64-fedora-gcc, r-devel-windows-ix86+x86_64