CRAN Package Check Results for Package tawny

Last updated on 2015-05-06 17:48:07.

Flavor Version Tinstall Tcheck Ttotal Status Flags
r-devel-linux-x86_64-debian-clang 2.1.2 2.18 19.02 21.20 OK
r-devel-linux-x86_64-debian-gcc 2.1.2 2.14 19.45 21.59 OK
r-devel-linux-x86_64-fedora-clang 2.1.2 44.05 OK
r-devel-linux-x86_64-fedora-gcc 2.1.2 40.90 OK
r-devel-osx-x86_64-clang 2.1.2 41.67 OK
r-devel-windows-ix86+x86_64 2.1.2 6.00 34.00 40.00 OK
r-patched-linux-x86_64 2.1.2 2.16 20.53 22.69 OK
r-patched-solaris-sparc 2.1.2 272.20 OK
r-patched-solaris-x86 2.1.2 58.60 OK
r-release-linux-x86_64 2.1.2 2.17 18.71 20.88 OK
r-release-osx-x86_64-mavericks 2.1.2 OK
r-release-osx-x86_64-snowleopard 2.1.2 ERROR
r-release-windows-ix86+x86_64 2.1.2 5.00 33.00 38.00 OK
r-oldrel-windows-ix86+x86_64 2.1.2 9.00 48.00 57.00 OK

Check Details

Version: 2.1.2
Check: package dependencies
Result: ERROR
    Packages required but not available:
     ‘tawny.types’ ‘zoo’ ‘xts’ ‘PerformanceAnalytics’ ‘quantmod’
    
    See section ‘The DESCRIPTION file’ in the ‘Writing R Extensions’
    manual.
Flavor: r-release-osx-x86_64-snowleopard