CRAN Package Check Results for Package tawny

Last updated on 2014-04-23 07:55:10.

Flavor Version Tinstall Tcheck Ttotal Status Flags
r-devel-linux-x86_64-debian-clang 2.1.0 3.40 29.07 32.47 NOTE
r-devel-linux-x86_64-debian-gcc 2.1.0 3.29 28.84 32.12 NOTE
r-devel-linux-x86_64-fedora-clang 2.1.0 64.59 NOTE
r-devel-linux-x86_64-fedora-gcc 2.1.0 61.73 NOTE
r-devel-osx-x86_64-clang 2.1.0 67.56 NOTE
r-devel-osx-x86_64-gcc 2.1.0 ERROR
r-devel-windows-ix86+x86_64 2.1.0 9.00 46.00 55.00 NOTE
r-patched-linux-x86_64 2.1.0 3.28 28.63 31.91 NOTE
r-patched-solaris-sparc 2.1.0 347.50 NOTE
r-patched-solaris-x86 2.1.0 84.80 NOTE
r-release-linux-ix86 2.1.0 5.00 59.00 64.00 NOTE
r-release-linux-x86_64 2.1.0 3.26 28.29 31.55 NOTE
r-release-osx-x86_64-mavericks 2.1.0 WARN
r-release-osx-x86_64-snowleopard 2.1.0 OK
r-release-windows-ix86+x86_64 2.1.0 8.00 46.00 54.00 NOTE
r-oldrel-windows-ix86+x86_64 2.1.0 11.00 49.00 60.00 NOTE

Check Details

Version: 2.1.0
Check: dependencies in R code
Result: NOTE
    Packages in Depends field not imported from:
     ‘PerformanceAnalytics’ ‘futile.logger’ ‘futile.matrix’ ‘quantmod’
     ‘tawny.types’
     These packages need to be imported from (in the NAMESPACE file)
     for when this namespace is loaded but not attached.
    See the information on DESCRIPTION files in the chapter ‘Creating R
    packages’ of the ‘Writing R Extensions’ manual.
Flavors: r-devel-linux-x86_64-debian-clang, r-devel-linux-x86_64-debian-gcc, r-devel-linux-x86_64-fedora-clang, r-devel-linux-x86_64-fedora-gcc, r-devel-osx-x86_64-clang, r-devel-windows-ix86+x86_64, r-patched-linux-x86_64, r-patched-solaris-sparc, r-patched-solaris-x86, r-release-linux-ix86, r-release-linux-x86_64, r-release-osx-x86_64-mavericks, r-release-windows-ix86+x86_64, r-oldrel-windows-ix86+x86_64

Version: 2.1.0
Check: Rd line widths
Result: NOTE
    Rd file 'getPortfolioReturns.Rd':
     \usage lines wider than 90 characters:
     getPortfolioReturns(symbols, obs = NULL, start = NULL, end = Sys.Date(), fun = function(x) Delt(Cl(x)), reload = FALSE, na.value = NA, ... [TRUNCATED]
    
    These lines will be truncated in the PDF manual.
Flavors: r-devel-linux-x86_64-fedora-clang, r-devel-linux-x86_64-fedora-gcc

Version: 2.1.0
Check: package dependencies
Result: ERROR
    Packages required but not available:
     ‘tawny.types’ ‘PerformanceAnalytics’ ‘quantmod’
    
    See the information on DESCRIPTION files in the chapter ‘Creating R
    packages’ of the ‘Writing R Extensions’ manual.
Flavor: r-devel-osx-x86_64-gcc

Version: 2.1.0
Check: PDF version of manual
Result: WARNING
    LaTeX errors when creating PDF version.
    This typically indicates Rd problems.
    LaTeX errors found:
    ! LaTeX Error: File `upquote.sty' not found.
    
    Type X to quit or <RETURN> to proceed,
    or enter new name. (Default extension: sty)
    
    d7ffaee/Rd2.tex:8: ==> Fatal error occurred, no output PDF file produced!
Flavor: r-release-osx-x86_64-mavericks