CRAN Package Check Results for Package tawny

Last updated on 2015-07-31 04:48:20.

Flavor Version Tinstall Tcheck Ttotal Status Flags
r-devel-linux-x86_64-debian-clang 2.1.2 2.36 26.35 28.70 NOTE
r-devel-linux-x86_64-debian-gcc 2.1.2 2.24 19.27 21.51 NOTE
r-devel-linux-x86_64-fedora-clang 2.1.2 41.88 NOTE
r-devel-linux-x86_64-fedora-gcc 2.1.2 39.43 NOTE
r-devel-osx-x86_64-clang 2.1.2 33.63 OK
r-devel-windows-ix86+x86_64 2.1.2 8.00 35.00 43.00 NOTE
r-patched-linux-x86_64 2.1.2 2.14 19.48 21.62 OK
r-patched-solaris-sparc 2.1.2 270.40 OK
r-patched-solaris-x86 2.1.2 56.90 OK
r-release-linux-x86_64 2.1.2 2.14 20.53 22.67 OK
r-release-osx-x86_64-mavericks 2.1.2 OK
r-release-windows-ix86+x86_64 2.1.2 9.00 32.00 41.00 OK
r-oldrel-windows-ix86+x86_64 2.1.2 10.00 49.00 59.00 OK

Check Details

Version: 2.1.2
Check: R code for possible problems
Result: NOTE
    cor.mean: no visible global function definition for ‘cov2cor’
    ensure: no visible global function definition for ‘start’
    ensure: no visible global function definition for ‘end’
    getIndexComposition: no visible global function definition for
     ‘read.csv’
    p.optimize : sdna: no visible global function definition for ‘sd’
    Undefined global functions or variables:
     cov2cor end read.csv sd start
    Consider adding
     importFrom("stats", "cov2cor", "end", "sd", "start")
     importFrom("utils", "read.csv")
    to your NAMESPACE.
Flavors: r-devel-linux-x86_64-debian-clang, r-devel-linux-x86_64-debian-gcc, r-devel-linux-x86_64-fedora-clang, r-devel-linux-x86_64-fedora-gcc, r-devel-windows-ix86+x86_64