CRAN Package Check Results for Package tawny

Last updated on 2016-02-07 03:50:53.

Flavor Version Tinstall Tcheck Ttotal Status Flags
r-devel-linux-x86_64-debian-gcc 2.1.2 2.15 17.77 19.92 NOTE
r-devel-linux-x86_64-fedora-clang 2.1.2 37.94 NOTE
r-devel-linux-x86_64-fedora-gcc 2.1.2 35.87 NOTE
r-devel-osx-x86_64-clang 2.1.2 41.40 NOTE
r-devel-windows-ix86+x86_64 2.1.2 6.00 47.00 53.00 NOTE
r-patched-linux-x86_64 2.1.2 2.37 19.31 21.68 OK
r-patched-solaris-sparc 2.1.2 244.50 OK
r-patched-solaris-x86 2.1.2 51.50 OK
r-release-linux-x86_64 2.1.2 2.28 19.37 21.64 OK
r-release-osx-x86_64-mavericks 2.1.2 OK
r-release-windows-ix86+x86_64 2.1.2 6.00 31.00 37.00 OK
r-oldrel-windows-ix86+x86_64 2.1.2 15.00 72.00 87.00 OK

Check Details

Version: 2.1.2
Check: R code for possible problems
Result: NOTE
    cor.mean: no visible global function definition for ‘cov2cor’
    ensure: no visible global function definition for ‘start’
    ensure: no visible global function definition for ‘end’
    getIndexComposition: no visible global function definition for
     ‘read.csv’
    p.optimize : sdna: no visible global function definition for ‘sd’
    Undefined global functions or variables:
     cov2cor end read.csv sd start
    Consider adding
     importFrom("stats", "cov2cor", "end", "sd", "start")
     importFrom("utils", "read.csv")
    to your NAMESPACE file.
Flavors: r-devel-linux-x86_64-debian-gcc, r-devel-linux-x86_64-fedora-clang, r-devel-linux-x86_64-fedora-gcc, r-devel-osx-x86_64-clang, r-devel-windows-ix86+x86_64