CRAN Package Check Results for Package tawny.types

Last updated on 2014-04-19 18:47:50.

Flavor Version Tinstall Tcheck Ttotal Status Flags
r-devel-linux-x86_64-debian-clang 1.1.1 2.10 16.94 19.04 OK
r-devel-linux-x86_64-debian-gcc 1.1.1 2.21 16.99 19.20 OK
r-devel-linux-x86_64-fedora-clang 1.1.1 36.77 OK
r-devel-linux-x86_64-fedora-gcc 1.1.1 34.35 OK
r-devel-macosx-x86_64-clang 1.1.1 42.91 OK
r-devel-macosx-x86_64-gcc 1.1.1 ERROR
r-devel-windows-ix86+x86_64 1.1.1 6.00 28.00 34.00 OK
r-patched-linux-x86_64 1.1.1 2.08 17.47 19.54 OK
r-patched-solaris-sparc 1.1.1 227.20 OK
r-patched-solaris-x86 1.1.1 53.30 OK
r-release-linux-ix86 OK
r-release-linux-x86_64 1.1.1 2.08 16.68 18.76 OK
r-release-macosx-x86_64 1.1.1 OK
r-release-windows-ix86+x86_64 1.1.1 7.00 30.00 37.00 OK
r-oldrel-windows-ix86+x86_64 1.1.1 6.00 30.00 36.00 OK

Check Details

Version: 1.1.1
Check: package dependencies
Result: ERROR
    Packages required but not available: ‘zoo’ ‘xts’ ‘quantmod’
    
    See the information on DESCRIPTION files in the chapter ‘Creating R
    packages’ of the ‘Writing R Extensions’ manual.
Flavor: r-devel-macosx-x86_64-gcc