CRAN Package Check Results for Package tawny.types

Last updated on 2015-04-19 11:51:23.

Flavor Version Tinstall Tcheck Ttotal Status Flags
r-devel-linux-x86_64-debian-clang 1.1.3 2.34 13.44 15.77 NOTE
r-devel-linux-x86_64-debian-gcc 1.1.3 1.52 13.28 14.79 NOTE
r-devel-linux-x86_64-fedora-clang 1.1.3 29.56 NOTE
r-devel-linux-x86_64-fedora-gcc 1.1.3 27.70 NOTE
r-devel-osx-x86_64-clang 1.1.3 32.59 NOTE
r-devel-windows-ix86+x86_64 1.1.3 6.00 29.00 35.00 NOTE
r-patched-linux-x86_64 1.1.3 1.53 13.81 15.34 NOTE
r-patched-solaris-sparc 1.1.3 189.00 NOTE
r-patched-solaris-x86 1.1.3 42.50 NOTE
r-release-linux-x86_64 1.1.3 2.49 12.52 15.02 NOTE
r-release-osx-x86_64-mavericks 1.1.3 NOTE
r-release-osx-x86_64-snowleopard 1.1.3 ERROR
r-release-windows-ix86+x86_64 1.1.3 3.00 21.00 24.00 NOTE
r-oldrel-windows-ix86+x86_64 1.1.3 7.00 41.00 48.00 OK

Check Details

Version: 1.1.3
Check: DESCRIPTION meta-information
Result: NOTE
    Malformed Description field: should contain one or more complete sentences.
Flavors: r-devel-linux-x86_64-debian-clang, r-devel-linux-x86_64-debian-gcc, r-devel-linux-x86_64-fedora-clang, r-devel-linux-x86_64-fedora-gcc, r-devel-osx-x86_64-clang, r-devel-windows-ix86+x86_64, r-patched-linux-x86_64, r-patched-solaris-sparc, r-patched-solaris-x86, r-release-linux-x86_64, r-release-osx-x86_64-mavericks, r-release-windows-ix86+x86_64

Version: 1.1.3
Check: S3 generic/method consistency
Result: NOTE
    Found the following apparent S3 methods exported but not registered:
     end.TawnyPortfolio start.TawnyPortfolio
    See section ‘Registering S3 methods’ in the ‘Writing R Extensions’
    manual.
Flavors: r-devel-linux-x86_64-debian-clang, r-devel-linux-x86_64-debian-gcc, r-devel-linux-x86_64-fedora-clang, r-devel-linux-x86_64-fedora-gcc, r-devel-osx-x86_64-clang, r-patched-linux-x86_64, r-release-linux-x86_64

Version: 1.1.3
Check: Rd cross-references
Result: NOTE
    Package unavailable to check Rd xrefs: ‘tawny’
Flavor: r-release-osx-x86_64-mavericks

Version: 1.1.3
Check: package dependencies
Result: ERROR
    Packages required but not available: ‘zoo’ ‘xts’ ‘quantmod’
    
    See section ‘The DESCRIPTION file’ in the ‘Writing R Extensions’
    manual.
Flavor: r-release-osx-x86_64-snowleopard