CRAN Package Check Results for Package tawny.types

Last updated on 2015-03-04 19:50:32.

Flavor Version Tinstall Tcheck Ttotal Status Flags
r-devel-linux-x86_64-debian-clang 1.1.3 1.74 13.32 15.05 NOTE
r-devel-linux-x86_64-debian-gcc 1.1.3 1.54 13.44 14.98 NOTE
r-devel-linux-x86_64-fedora-clang 1.1.3 30.55 NOTE
r-devel-linux-x86_64-fedora-gcc 1.1.3 27.85 NOTE
r-devel-osx-x86_64-clang 1.1.3 32.27 NOTE
r-devel-windows-ix86+x86_64 1.1.3 4.00 24.00 28.00 NOTE
r-patched-linux-x86_64 1.1.3 2.10 17.85 19.95 OK
r-patched-solaris-sparc 1.1.3 260.70 OK
r-patched-solaris-x86 1.1.3 55.30 OK
r-release-linux-ix86 1.1.3 2.57 26.06 28.63 OK
r-release-linux-x86_64 1.1.3 2.02 18.08 20.10 OK
r-release-osx-x86_64-mavericks 1.1.3 OK
r-release-osx-x86_64-snowleopard 1.1.3 OK
r-release-windows-ix86+x86_64 1.1.3 7.00 32.00 39.00 OK
r-oldrel-windows-ix86+x86_64 1.1.3 6.00 32.00 38.00 OK

Check Details

Version: 1.1.3
Check: DESCRIPTION meta-information
Result: NOTE
    Malformed Description field: should contain one or more complete sentences.
Flavors: r-devel-linux-x86_64-debian-clang, r-devel-linux-x86_64-debian-gcc, r-devel-linux-x86_64-fedora-clang, r-devel-linux-x86_64-fedora-gcc, r-devel-osx-x86_64-clang, r-devel-windows-ix86+x86_64

Version: 1.1.3
Check: S3 generic/method consistency
Result: NOTE
    Found the following apparent S3 methods exported but not registered:
     end.TawnyPortfolio start.TawnyPortfolio
    See section ‘Registering S3 methods’ in the ‘Writing R Extensions’
    manual.
Flavors: r-devel-linux-x86_64-debian-clang, r-devel-linux-x86_64-debian-gcc, r-devel-linux-x86_64-fedora-clang, r-devel-linux-x86_64-fedora-gcc, r-devel-osx-x86_64-clang