CRAN Package Check Results for Package tawny.types

Last updated on 2016-12-03 11:47:51.

Flavor Version Tinstall Tcheck Ttotal Status Flags
r-devel-linux-x86_64-debian-clang 1.1.3 1.87 16.84 18.71 NOTE
r-devel-linux-x86_64-debian-gcc 1.1.3 1.86 16.88 18.74 NOTE
r-devel-linux-x86_64-fedora-clang 1.1.3 31.72 NOTE
r-devel-linux-x86_64-fedora-gcc 1.1.3 30.88 NOTE
r-devel-macos-x86_64-clang 1.1.3 26.96 NOTE
r-devel-windows-ix86+x86_64 1.1.3 5.00 36.00 41.00 NOTE
r-patched-linux-x86_64 1.1.3 1.54 13.74 15.28 NOTE
r-patched-solaris-sparc 1.1.3 161.20 NOTE
r-patched-solaris-x86 1.1.3 36.60 NOTE
r-release-linux-x86_64 1.1.3 1.54 13.56 15.10 NOTE
r-release-osx-x86_64-mavericks 1.1.3 NOTE
r-release-windows-ix86+x86_64 1.1.3 5.00 42.00 47.00 NOTE
r-oldrel-windows-ix86+x86_64 1.1.3 6.00 32.00 38.00 NOTE

Check Details

Version: 1.1.3
Check: DESCRIPTION meta-information
Result: NOTE
    Malformed Description field: should contain one or more complete sentences.
Flavors: r-devel-linux-x86_64-debian-clang, r-devel-linux-x86_64-debian-gcc, r-devel-linux-x86_64-fedora-clang, r-devel-linux-x86_64-fedora-gcc, r-devel-macos-x86_64-clang, r-devel-windows-ix86+x86_64, r-patched-linux-x86_64, r-patched-solaris-sparc, r-patched-solaris-x86, r-release-linux-x86_64, r-release-osx-x86_64-mavericks, r-release-windows-ix86+x86_64, r-oldrel-windows-ix86+x86_64

Version: 1.1.3
Check: S3 generic/method consistency
Result: NOTE
    Found the following apparent S3 methods exported but not registered:
     end.TawnyPortfolio start.TawnyPortfolio
    See section ‘Registering S3 methods’ in the ‘Writing R Extensions’
    manual.
Flavors: r-devel-linux-x86_64-debian-clang, r-devel-linux-x86_64-debian-gcc, r-devel-linux-x86_64-fedora-clang, r-devel-linux-x86_64-fedora-gcc, r-devel-macos-x86_64-clang, r-patched-linux-x86_64, r-patched-solaris-sparc, r-patched-solaris-x86, r-release-linux-x86_64

Version: 1.1.3
Check: R code for possible problems
Result: NOTE
    end.TawnyPortfolio: no visible global function definition for ‘end’
    start.TawnyPortfolio: no visible global function definition for ‘start’
    Undefined global functions or variables:
     end start
    Consider adding
     importFrom("stats", "end", "start")
    to your NAMESPACE file.
Flavors: r-devel-linux-x86_64-debian-clang, r-devel-linux-x86_64-debian-gcc, r-devel-linux-x86_64-fedora-clang, r-devel-linux-x86_64-fedora-gcc, r-devel-macos-x86_64-clang, r-devel-windows-ix86+x86_64, r-patched-linux-x86_64, r-patched-solaris-sparc, r-patched-solaris-x86, r-release-linux-x86_64, r-release-osx-x86_64-mavericks, r-release-windows-ix86+x86_64