CRAN Package Check Results for Package tawny.types

Last updated on 2017-05-29 14:50:33.

Flavor Version Tinstall Tcheck Ttotal Status Flags
r-devel-linux-x86_64-debian-clang 1.1.3 1.70 19.12 20.82 NOTE
r-devel-linux-x86_64-debian-gcc 1.1.3 1.78 17.59 19.37 NOTE
r-devel-linux-x86_64-fedora-clang 1.1.3 35.82 NOTE
r-devel-linux-x86_64-fedora-gcc 1.1.3 29.53 NOTE
r-devel-windows-ix86+x86_64 1.1.3 6.00 47.00 53.00 NOTE
r-patched-linux-x86_64 1.1.3 1.75 17.17 18.91 NOTE
r-patched-solaris-sparc 1.1.3 185.30 NOTE
r-patched-solaris-x86 1.1.3 46.60 NOTE
r-release-linux-x86_64 1.1.3 1.80 17.28 19.09 NOTE
r-release-windows-ix86+x86_64 1.1.3 6.00 53.00 59.00 NOTE
r-release-osx-x86_64 1.1.3 NOTE
r-oldrel-windows-ix86+x86_64 1.1.3 4.00 36.00 40.00 NOTE
r-oldrel-osx-x86_64 1.1.3 NOTE

Check Details

Version: 1.1.3
Check: DESCRIPTION meta-information
Result: NOTE
    Malformed Description field: should contain one or more complete sentences.
Flavors: r-devel-linux-x86_64-debian-clang, r-devel-linux-x86_64-debian-gcc, r-devel-linux-x86_64-fedora-clang, r-devel-linux-x86_64-fedora-gcc, r-devel-windows-ix86+x86_64, r-patched-linux-x86_64, r-patched-solaris-sparc, r-patched-solaris-x86, r-release-linux-x86_64, r-release-windows-ix86+x86_64, r-release-osx-x86_64, r-oldrel-windows-ix86+x86_64, r-oldrel-osx-x86_64

Version: 1.1.3
Check: S3 generic/method consistency
Result: NOTE
    Found the following apparent S3 methods exported but not registered:
     end.TawnyPortfolio start.TawnyPortfolio
    See section ‘Registering S3 methods’ in the ‘Writing R Extensions’
    manual.
Flavors: r-devel-linux-x86_64-debian-clang, r-devel-linux-x86_64-debian-gcc, r-devel-linux-x86_64-fedora-clang, r-devel-linux-x86_64-fedora-gcc, r-patched-linux-x86_64, r-patched-solaris-sparc, r-patched-solaris-x86, r-release-linux-x86_64

Version: 1.1.3
Check: R code for possible problems
Result: NOTE
    end.TawnyPortfolio: no visible global function definition for ‘end’
    start.TawnyPortfolio: no visible global function definition for ‘start’
    Undefined global functions or variables:
     end start
    Consider adding
     importFrom("stats", "end", "start")
    to your NAMESPACE file.
Flavors: r-devel-linux-x86_64-debian-clang, r-devel-linux-x86_64-debian-gcc, r-devel-linux-x86_64-fedora-clang, r-devel-linux-x86_64-fedora-gcc, r-devel-windows-ix86+x86_64, r-patched-linux-x86_64, r-patched-solaris-sparc, r-patched-solaris-x86, r-release-linux-x86_64, r-release-windows-ix86+x86_64, r-release-osx-x86_64, r-oldrel-windows-ix86+x86_64, r-oldrel-osx-x86_64