CRAN Package Check Results for Package tawny.types

Last updated on 2015-05-28 00:47:15.

Flavor Version Tinstall Tcheck Ttotal Status Flags
r-devel-linux-x86_64-debian-clang 1.1.3 1.54 13.29 14.83 NOTE
r-devel-linux-x86_64-debian-gcc 1.1.3 1.54 14.83 16.36 NOTE
r-devel-linux-x86_64-fedora-clang 1.1.3 29.75 NOTE
r-devel-linux-x86_64-fedora-gcc 1.1.3 27.52 NOTE
r-devel-osx-x86_64-clang 1.1.3 30.18 NOTE
r-devel-windows-ix86+x86_64 1.1.3 5.00 26.00 31.00 NOTE
r-patched-linux-x86_64 1.1.3 1.50 13.36 14.87 NOTE
r-patched-solaris-sparc 1.1.3 184.90 NOTE
r-patched-solaris-x86 1.1.3 42.40 NOTE
r-release-linux-x86_64 1.1.3 1.55 13.49 15.04 NOTE
r-release-osx-x86_64-mavericks 1.1.3 NOTE
r-release-osx-x86_64-snowleopard 1.1.3 ERROR
r-release-windows-ix86+x86_64 1.1.3 4.00 23.00 27.00 NOTE
r-oldrel-windows-ix86+x86_64 1.1.3 6.00 34.00 40.00 OK

Check Details

Version: 1.1.3
Check: DESCRIPTION meta-information
Result: NOTE
    Malformed Description field: should contain one or more complete sentences.
Flavors: r-devel-linux-x86_64-debian-clang, r-devel-linux-x86_64-debian-gcc, r-devel-linux-x86_64-fedora-clang, r-devel-linux-x86_64-fedora-gcc, r-devel-osx-x86_64-clang, r-devel-windows-ix86+x86_64, r-patched-linux-x86_64, r-patched-solaris-sparc, r-patched-solaris-x86, r-release-linux-x86_64, r-release-osx-x86_64-mavericks, r-release-windows-ix86+x86_64

Version: 1.1.3
Check: S3 generic/method consistency
Result: NOTE
    Found the following apparent S3 methods exported but not registered:
     end.TawnyPortfolio start.TawnyPortfolio
    See section ‘Registering S3 methods’ in the ‘Writing R Extensions’
    manual.
Flavors: r-devel-linux-x86_64-debian-clang, r-devel-linux-x86_64-debian-gcc, r-devel-linux-x86_64-fedora-clang, r-devel-linux-x86_64-fedora-gcc, r-devel-osx-x86_64-clang, r-patched-linux-x86_64, r-patched-solaris-sparc, r-patched-solaris-x86, r-release-linux-x86_64

Version: 1.1.3
Check: Rd cross-references
Result: NOTE
    Package unavailable to check Rd xrefs: ‘tawny’
Flavor: r-release-osx-x86_64-mavericks

Version: 1.1.3
Check: package dependencies
Result: ERROR
    Packages required but not available: ‘zoo’ ‘xts’ ‘quantmod’
    
    See section ‘The DESCRIPTION file’ in the ‘Writing R Extensions’
    manual.
Flavor: r-release-osx-x86_64-snowleopard