CRAN Package Check Results for Package tawny.types

Last updated on 2015-08-31 23:49:53.

Flavor Version Tinstall Tcheck Ttotal Status Flags
r-devel-linux-x86_64-debian-clang 1.1.3 1.53 12.87 14.40 NOTE
r-devel-linux-x86_64-debian-gcc 1.1.3 1.40 12.59 14.00 NOTE
r-devel-linux-x86_64-fedora-clang 1.1.3 27.81 NOTE
r-devel-linux-x86_64-fedora-gcc 1.1.3 26.36 NOTE
r-devel-osx-x86_64-clang 1.1.3 24.69 NOTE
r-devel-windows-ix86+x86_64 1.1.3 7.00 29.00 36.00 NOTE
r-patched-linux-x86_64 1.1.3 1.56 13.52 15.08 NOTE
r-patched-solaris-sparc 1.1.3 190.00 NOTE
r-patched-solaris-x86 1.1.3 43.30 NOTE
r-release-linux-x86_64 1.1.3 1.72 14.29 16.00 NOTE
r-release-osx-x86_64-mavericks 1.1.3 NOTE
r-release-windows-ix86+x86_64 1.1.3 7.00 29.00 36.00 NOTE
r-oldrel-windows-ix86+x86_64 1.1.3 10.00 38.00 48.00 OK

Check Details

Version: 1.1.3
Check: DESCRIPTION meta-information
Result: NOTE
    Malformed Description field: should contain one or more complete sentences.
Flavors: r-devel-linux-x86_64-debian-clang, r-devel-linux-x86_64-debian-gcc, r-devel-linux-x86_64-fedora-clang, r-devel-linux-x86_64-fedora-gcc, r-devel-osx-x86_64-clang, r-devel-windows-ix86+x86_64, r-patched-linux-x86_64, r-patched-solaris-sparc, r-patched-solaris-x86, r-release-linux-x86_64, r-release-osx-x86_64-mavericks, r-release-windows-ix86+x86_64

Version: 1.1.3
Check: S3 generic/method consistency
Result: NOTE
    Found the following apparent S3 methods exported but not registered:
     end.TawnyPortfolio start.TawnyPortfolio
    See section ‘Registering S3 methods’ in the ‘Writing R Extensions’
    manual.
Flavors: r-devel-linux-x86_64-debian-clang, r-devel-linux-x86_64-debian-gcc, r-devel-linux-x86_64-fedora-clang, r-devel-linux-x86_64-fedora-gcc, r-devel-osx-x86_64-clang, r-patched-linux-x86_64, r-patched-solaris-sparc, r-patched-solaris-x86, r-release-linux-x86_64

Version: 1.1.3
Check: R code for possible problems
Result: NOTE
    end.TawnyPortfolio: no visible global function definition for ‘end’
    start.TawnyPortfolio: no visible global function definition for ‘start’
    Undefined global functions or variables:
     end start
    Consider adding
     importFrom("stats", "end", "start")
    to your NAMESPACE.
Flavors: r-devel-linux-x86_64-debian-clang, r-devel-linux-x86_64-debian-gcc, r-devel-linux-x86_64-fedora-clang, r-devel-linux-x86_64-fedora-gcc, r-devel-windows-ix86+x86_64

Version: 1.1.3
Check: Rd cross-references
Result: NOTE
    Package unavailable to check Rd xrefs: ‘tawny’
Flavor: r-release-osx-x86_64-mavericks