CRAN Package Check Results for Package tawny.types

Last updated on 2015-01-30 23:48:58.

Flavor Version Tinstall Tcheck Ttotal Status Flags
r-devel-linux-x86_64-debian-clang 1.1.3 1.73 12.96 14.69 NOTE
r-devel-linux-x86_64-debian-gcc 1.1.3 1.62 14.19 15.80 NOTE
r-devel-linux-x86_64-fedora-clang 1.1.3 34.04 NOTE
r-devel-linux-x86_64-fedora-gcc 1.1.3 32.89 NOTE
r-devel-osx-x86_64-clang 1.1.3 38.44 NOTE
r-devel-windows-ix86+x86_64 1.1.3 7.00 21.00 28.00 OK
r-patched-linux-x86_64 1.1.3 2.13 18.22 20.35 OK
r-patched-solaris-sparc 1.1.3 225.80 OK
r-patched-solaris-x86 1.1.3 54.60 OK
r-release-linux-ix86 1.1.3 2.45 24.60 27.05 OK
r-release-linux-x86_64 1.1.3 2.02 17.20 19.22 OK
r-release-osx-x86_64-mavericks 1.1.3 OK
r-release-osx-x86_64-snowleopard 1.1.3 OK
r-release-windows-ix86+x86_64 1.1.3 7.00 30.00 37.00 OK
r-oldrel-windows-ix86+x86_64 1.1.3 6.00 32.00 38.00 OK

Check Details

Version: 1.1.3
Check: S3 generic/method consistency
Result: NOTE
    Found the following apparent S3 methods exported but not registered:
     end.TawnyPortfolio start.TawnyPortfolio
    See section ‘Registering S3 methods’ in the ‘Writing R Extensions’
    manual.
Flavors: r-devel-linux-x86_64-debian-clang, r-devel-linux-x86_64-debian-gcc, r-devel-linux-x86_64-fedora-clang, r-devel-linux-x86_64-fedora-gcc, r-devel-osx-x86_64-clang