CRAN Package Check Results for Package tawny.types

Last updated on 2017-09-21 17:48:41.

Flavor Version Tinstall Tcheck Ttotal Status Flags
r-devel-linux-x86_64-debian-clang 1.1.3 1.87 17.47 19.33 NOTE
r-devel-linux-x86_64-debian-gcc 1.1.3 1.68 16.84 18.52 NOTE
r-devel-linux-x86_64-fedora-clang 1.1.3 34.81 NOTE
r-devel-linux-x86_64-fedora-gcc 1.1.3 33.91 NOTE
r-devel-windows-ix86+x86_64 1.1.3 4.00 39.00 43.00 NOTE
r-patched-linux-x86_64 1.1.3 1.75 17.33 19.08 NOTE
r-patched-solaris-x86 1.1.3 48.10 NOTE
r-release-linux-x86_64 1.1.3 1.76 17.83 19.58 NOTE
r-release-windows-ix86+x86_64 1.1.3 5.00 38.00 43.00 NOTE
r-release-osx-x86_64 1.1.3 NOTE
r-oldrel-windows-ix86+x86_64 1.1.3 4.00 37.00 41.00 NOTE
r-oldrel-osx-x86_64 1.1.3 NOTE

Check Details

Version: 1.1.3
Check: DESCRIPTION meta-information
Result: NOTE
    Malformed Description field: should contain one or more complete sentences.
Flavors: r-devel-linux-x86_64-debian-clang, r-devel-linux-x86_64-debian-gcc, r-devel-linux-x86_64-fedora-clang, r-devel-linux-x86_64-fedora-gcc, r-devel-windows-ix86+x86_64, r-patched-linux-x86_64, r-patched-solaris-x86, r-release-linux-x86_64, r-release-windows-ix86+x86_64, r-release-osx-x86_64, r-oldrel-windows-ix86+x86_64, r-oldrel-osx-x86_64

Version: 1.1.3
Check: S3 generic/method consistency
Result: NOTE
    Found the following apparent S3 methods exported but not registered:
     end.TawnyPortfolio start.TawnyPortfolio
    See section ‘Registering S3 methods’ in the ‘Writing R Extensions’
    manual.
Flavors: r-devel-linux-x86_64-debian-clang, r-devel-linux-x86_64-debian-gcc, r-devel-linux-x86_64-fedora-clang, r-devel-linux-x86_64-fedora-gcc, r-patched-linux-x86_64, r-patched-solaris-x86, r-release-linux-x86_64

Version: 1.1.3
Check: R code for possible problems
Result: NOTE
    end.TawnyPortfolio: no visible global function definition for ‘end’
    start.TawnyPortfolio: no visible global function definition for ‘start’
    Undefined global functions or variables:
     end start
    Consider adding
     importFrom("stats", "end", "start")
    to your NAMESPACE file.
Flavors: r-devel-linux-x86_64-debian-clang, r-devel-linux-x86_64-debian-gcc, r-devel-linux-x86_64-fedora-clang, r-devel-linux-x86_64-fedora-gcc, r-devel-windows-ix86+x86_64, r-patched-linux-x86_64, r-patched-solaris-x86, r-release-linux-x86_64, r-release-windows-ix86+x86_64, r-release-osx-x86_64, r-oldrel-windows-ix86+x86_64, r-oldrel-osx-x86_64