CRAN Package Check Results for Package taxize

Last updated on 2016-02-10 18:49:38.

Flavor Version Tinstall Tcheck Ttotal Status Flags
r-devel-linux-x86_64-debian-gcc 0.7.0 3.04 45.36 48.40 OK
r-devel-linux-x86_64-fedora-clang 0.7.0 84.14 OK
r-devel-linux-x86_64-fedora-gcc 0.7.0 81.63 OK
r-devel-osx-x86_64-clang 0.7.0 96.38 OK
r-devel-windows-ix86+x86_64 0.7.0 13.00 105.00 118.00 OK
r-patched-linux-x86_64 0.7.0 3.60 47.68 51.28 OK
r-patched-solaris-sparc 0.7.0 560.90 OK
r-patched-solaris-x86 0.7.0 121.30 OK
r-release-linux-x86_64 0.7.0 3.31 48.46 51.76 OK
r-release-osx-x86_64-mavericks 0.7.0 OK
r-release-windows-ix86+x86_64 0.7.0 20.00 71.00 91.00 OK
r-oldrel-windows-ix86+x86_64 0.6.6 25.00 111.00 136.00 NOTE

Check Details

Version: 0.6.6
Check: R code for possible problems
Result: NOTE
    gnr_resolve: possible error in nchar(preferred_data_sources, keepNA =
     FALSE): unused argument (keepNA = FALSE)
    ipni_search: possible error in nchar(res, keepNA = FALSE): unused
     argument (keepNA = FALSE)
    phylomatic_format : foo: possible error in nchar(as.character(dd$that),
     keepNA = FALSE): unused argument (keepNA = FALSE)
Flavor: r-oldrel-windows-ix86+x86_64