CRAN Package Check Results for Package taxize

Last updated on 2014-04-24 07:52:39.

Flavor Version Tinstall Tcheck Ttotal Status Flags
r-devel-linux-x86_64-debian-clang 0.2.2 8.85 74.52 83.37 OK
r-devel-linux-x86_64-debian-gcc 0.2.2 8.35 74.51 82.86 OK
r-devel-linux-x86_64-fedora-clang 0.2.2 169.80 OK
r-devel-linux-x86_64-fedora-gcc 0.2.2 161.41 OK
r-devel-osx-x86_64-clang 0.2.2 162.64 OK
r-devel-osx-x86_64-gcc 0.2.2 ERROR
r-devel-windows-ix86+x86_64 0.2.2 21.00 105.00 126.00 OK
r-patched-linux-x86_64 0.2.2 8.44 75.38 83.82 OK
r-patched-solaris-sparc 0.2.2 904.30 OK
r-patched-solaris-x86 0.2.2 237.30 OK
r-release-linux-ix86 0.2.2 14.00 205.00 219.00 OK
r-release-linux-x86_64 0.2.2 8.46 74.21 82.66 OK
r-release-osx-x86_64-mavericks 0.2.2 ERROR
r-release-osx-x86_64-snowleopard 0.2.2 OK
r-release-windows-ix86+x86_64 0.2.2 20.00 117.00 137.00 OK
r-oldrel-windows-ix86+x86_64 0.2.2 25.00 117.00 142.00 OK

Check Details

Version: 0.2.2
Check: package dependencies
Result: ERROR
    Packages required but not available: ‘XML’ ‘vegan’ ‘rgbif’
    
    Package suggested but not available for checking: ‘knitr’
    
    See the information on DESCRIPTION files in the chapter ‘Creating R
    packages’ of the ‘Writing R Extensions’ manual.
Flavor: r-devel-osx-x86_64-gcc

Version: 0.2.2
Check: package dependencies
Result: ERROR
    Package required but not available: ‘rgbif’
    
    See the information on DESCRIPTION files in the chapter ‘Creating R
    packages’ of the ‘Writing R Extensions’ manual.
Flavor: r-release-osx-x86_64-mavericks