CRAN Package Check Results for Package taxize

Last updated on 2014-12-19 12:48:29.

Flavor Version Tinstall Tcheck Ttotal Status Flags
r-devel-linux-x86_64-debian-clang 0.4.0 9.53 86.20 95.73 WARN
r-devel-linux-x86_64-debian-gcc 0.4.0 9.24 83.28 92.52 WARN
r-devel-linux-x86_64-fedora-clang 0.5.2 122.30 OK
r-devel-linux-x86_64-fedora-gcc 0.5.2 118.04 OK
r-devel-osx-x86_64-clang 0.5.2 118.97 OK
r-devel-windows-ix86+x86_64 0.4.0 26.00 121.00 147.00 WARN
r-patched-linux-x86_64 0.4.0 9.63 89.69 99.32 WARN
r-patched-solaris-sparc 0.4.0 1136.90 WARN
r-patched-solaris-x86 0.5.2 237.90 OK
r-release-linux-ix86 0.4.0 11.53 107.79 119.32 OK
r-release-linux-x86_64 0.4.0 9.64 90.71 100.35 OK
r-release-osx-x86_64-mavericks 0.4.0 OK
r-release-osx-x86_64-snowleopard 0.4.0 OK
r-release-windows-ix86+x86_64 0.4.0 25.00 123.00 148.00 OK
r-oldrel-windows-ix86+x86_64 0.5.2 24.00 112.00 136.00 OK

Check Details

Version: 0.4.0
Check: for unstated dependencies in examples
Result: WARN
    Warning: parse error in file ‘taxize-Ex.R’:
    2890:5: unexpected symbol
    2889: # An alternative way would be to use classification and sapply over
    2890: the list
     ^
Flavors: r-devel-linux-x86_64-debian-clang, r-devel-linux-x86_64-debian-gcc, r-patched-linux-x86_64, r-patched-solaris-sparc

Version: 0.4.0
Check: for unstated dependencies in examples
Result: WARN
    Warning: parse error in file 'taxize-Ex.R':
    2891:5: unexpected symbol
    2890: # An alternative way would be to use classification and sapply over
    2891: the list
     ^
Flavor: r-devel-windows-ix86+x86_64