CRAN Package Check Results for Package taxize

Last updated on 2014-08-31 02:48:16.

Flavor Version Tinstall Tcheck Ttotal Status Flags
r-devel-linux-x86_64-debian-clang 0.3.0 6.15 53.88 60.03 NOTE
r-devel-linux-x86_64-debian-gcc 0.3.0 6.10 52.94 59.05 NOTE
r-devel-linux-x86_64-fedora-clang 0.3.0 122.86 NOTE
r-devel-linux-x86_64-fedora-gcc 0.3.0 118.20 NOTE
r-devel-osx-x86_64-clang 0.3.0 104.97 NOTE
r-devel-windows-ix86+x86_64 0.3.0 14.00 83.00 97.00 NOTE
r-patched-linux-x86_64 0.3.0 6.36 54.56 60.92 OK
r-patched-solaris-sparc 0.3.0 725.70 OK
r-patched-solaris-x86 0.3.0 165.20 OK
r-release-linux-ix86 0.3.0 8.26 103.50 111.76 OK
r-release-linux-x86_64 0.3.0 6.08 54.68 60.76 OK
r-release-osx-x86_64-mavericks 0.3.0 OK
r-release-osx-x86_64-snowleopard 0.3.0 OK
r-release-windows-ix86+x86_64 0.3.0 14.00 88.00 102.00 OK
r-oldrel-windows-ix86+x86_64 0.3.0 21.00 89.00 110.00 OK

Check Details

Version: 0.3.0
Check: R code for possible problems
Result: NOTE
    apg_lookup: no visible binding for global variable ‘apg_families’
    apg_lookup: no visible binding for global variable ‘apg_orders’
    col_downstream: no visible binding for global variable ‘rank_ref’
    col_downstream : func: no visible binding for global variable
     ‘rank_ref’
    itis_downstream: no visible binding for global variable ‘rank_ref’
    names_list : getsp: no visible binding for global variable
     ‘theplantlist’
    names_list: no visible binding for global variable ‘apg_families’
    names_list: no visible binding for global variable ‘apg_orders’
    names_list: no visible binding for global variable ‘theplantlist’
    phylomatic_format : foo: no visible binding for global variable
     ‘theplantlist’
    phylomatic_format : foo: no visible binding for global variable
     ‘apg_families’
Flavors: r-devel-linux-x86_64-debian-clang, r-devel-linux-x86_64-debian-gcc, r-devel-linux-x86_64-fedora-clang, r-devel-linux-x86_64-fedora-gcc, r-devel-osx-x86_64-clang, r-devel-windows-ix86+x86_64