CRAN Package Check Results for Package taxize

Last updated on 2015-05-24 03:48:16.

Flavor Version Tinstall Tcheck Ttotal Status Flags
r-devel-linux-x86_64-debian-clang 0.5.2 7.33 66.02 73.35 OK
r-devel-linux-x86_64-debian-gcc 0.5.2 7.21 64.53 71.74 OK
r-devel-linux-x86_64-fedora-clang 0.5.2 149.89 OK
r-devel-linux-x86_64-fedora-gcc 0.5.2 129.61 OK
r-devel-osx-x86_64-clang 0.5.2 126.23 OK
r-devel-windows-ix86+x86_64 0.5.2 20.00 99.00 119.00 OK
r-patched-linux-x86_64 0.5.2 7.14 64.13 71.27 OK
r-patched-solaris-sparc 0.5.2 897.30 OK
r-patched-solaris-x86 0.5.2 202.70 OK
r-release-linux-x86_64 0.5.2 6.83 66.36 73.18 OK
r-release-osx-x86_64-mavericks 0.5.2 OK
r-release-osx-x86_64-snowleopard 0.5.2 ERROR
r-release-windows-ix86+x86_64 0.5.2 24.00 109.00 133.00 OK
r-oldrel-windows-ix86+x86_64 0.5.2 28.00 149.00 177.00 OK

Check Details

Version: 0.5.2
Check: package dependencies
Result: ERROR
    Packages required but not available: ‘XML’ ‘vegan’ ‘bold’
    
    Package suggested but not available for checking: ‘knitr’
    
    VignetteBuilder package required for checking but not installed: ‘knitr’
    
    See section ‘The DESCRIPTION file’ in the ‘Writing R Extensions’
    manual.
Flavor: r-release-osx-x86_64-snowleopard