CRAN Package Check Results for Package taxize

Last updated on 2018-04-24 17:49:38 CEST.

Flavor Version Tinstall Tcheck Ttotal Status Flags
r-devel-linux-x86_64-debian-clang 0.9.3 10.31 80.63 90.94 OK
r-devel-linux-x86_64-debian-gcc 0.9.3 8.81 62.42 71.23 OK
r-devel-linux-x86_64-fedora-clang 0.9.3 111.69 OK
r-devel-linux-x86_64-fedora-gcc 0.9.3 106.85 OK
r-devel-windows-ix86+x86_64 0.9.3 26.00 99.00 125.00 OK
r-patched-linux-x86_64 0.9.3 9.94 82.96 92.90 ERROR
r-patched-solaris-x86 0.9.3 152.10 OK
r-release-linux-x86_64 0.9.3 12.66 79.28 91.94 ERROR
r-release-windows-ix86+x86_64 0.9.3 26.00 99.00 125.00 OK
r-release-osx-x86_64 0.9.3 OK
r-oldrel-windows-ix86+x86_64 0.9.3 13.00 115.00 128.00 OK
r-oldrel-osx-x86_64 0.9.3 OK

Check Details

Version: 0.9.3
Check: tests
Result: ERROR
     Running ‘test-all.R’ [3s/8s]
    Running the tests in ‘tests/test-all.R’ failed.
    Complete output:
     > library(testthat)
     > library("taxize")
     > test_check("taxize")
     ── 1. Failure: fails well (@test-tol_resolve.R#54) ────────────────────────────
     `tol_resolve(context_name = "stuff")` threw an error with unexpected message.
     Expected match: "is not valid"
     Actual message: "HTTP failure: 503\n<!DOCTYPE HTML PUBLIC \"-//IETF//DTD HTML 2.0//EN\">\n<html><head>\n<title>503 Service Unavailable</title>\n</head><body>\n<h1>Service Unavailable</h1>\n<p>The server is temporarily unable to service your\nrequest due to maintenance downtime or capacity\nproblems. Please try again later.</p>\n<hr>\n<address>Apache/2.4.10 (Debian) Server at api.opentreeoflife.org Port 443</address>\n</body></html>\n"
    
     ══ testthat results ═══════════════════════════════════════════════════════════
     OK: 27 SKIPPED: 171 FAILED: 1
     1. Failure: fails well (@test-tol_resolve.R#54)
    
     Error: testthat unit tests failed
     Execution halted
Flavors: r-patched-linux-x86_64, r-release-linux-x86_64