CRAN Package Check Results for Package taxize

Last updated on 2016-04-30 06:47:44.

Flavor Version Tinstall Tcheck Ttotal Status Flags
r-devel-linux-x86_64-debian-gcc 0.7.5 3.20 45.95 49.16 OK
r-devel-linux-x86_64-fedora-clang 0.7.5 83.30 OK
r-devel-linux-x86_64-fedora-gcc 0.7.5 78.56 OK
r-devel-osx-x86_64-clang 0.7.5 96.65 OK
r-devel-windows-ix86+x86_64 0.7.5 11.00 82.00 93.00 OK
r-patched-linux-x86_64 0.7.5 3.34 50.56 53.90 OK
r-patched-solaris-sparc 0.7.5 481.80 OK
r-patched-solaris-x86 0.7.5 116.40 OK
r-release-linux-x86_64 0.7.5 3.89 48.64 52.53 OK
r-release-osx-x86_64-mavericks 0.7.5 OK
r-release-windows-ix86+x86_64 0.7.5 12.00 74.00 86.00 OK
r-oldrel-windows-ix86+x86_64 0.6.6 25.00 111.00 136.00 NOTE

Check Details

Version: 0.6.6
Check: R code for possible problems
Result: NOTE
    gnr_resolve: possible error in nchar(preferred_data_sources, keepNA =
     FALSE): unused argument (keepNA = FALSE)
    ipni_search: possible error in nchar(res, keepNA = FALSE): unused
     argument (keepNA = FALSE)
    phylomatic_format : foo: possible error in nchar(as.character(dd$that),
     keepNA = FALSE): unused argument (keepNA = FALSE)
Flavor: r-oldrel-windows-ix86+x86_64