CRAN Package Check Results for Package tbart

Last updated on 2016-10-01 22:47:41.

Flavor Version Tinstall Tcheck Ttotal Status Flags
r-devel-linux-x86_64-debian-clang 1.0 8.62 21.83 30.46 OK
r-devel-linux-x86_64-debian-gcc 1.0 8.23 19.78 28.02 OK
r-devel-linux-x86_64-fedora-clang 1.0 52.92 OK
r-devel-linux-x86_64-fedora-gcc 1.0 50.67 OK
r-devel-macos-x86_64-clang 1.0 39.18 OK
r-devel-windows-ix86+x86_64 1.0 32.00 61.00 93.00 OK
r-patched-linux-x86_64 1.0 7.57 19.09 26.66 OK
r-patched-solaris-sparc 1.0 300.80 OK
r-patched-solaris-x86 1.0 66.70 OK
r-release-linux-x86_64 1.0 7.27 19.88 27.14 OK
r-release-osx-x86_64-mavericks 1.0 ERROR
r-release-windows-ix86+x86_64 1.0 30.00 71.00 101.00 OK
r-oldrel-windows-ix86+x86_64 1.0 29.00 71.00 100.00 OK

Check Details

Version: 1.0
Check: package dependencies
Result: NOTE
    Package suggested but not available for checking: ‘GISTools’
Flavor: r-release-osx-x86_64-mavericks

Version: 1.0
Check: examples
Result: ERROR
    Running examples in ‘tbart-Ex.R’ failed
    The error most likely occurred in:
    
    > ### Name: allocate
    > ### Title: Teitz-Bart algorithm applied to Spatial* and Spatial*DataFrame
    > ### objects
    > ### Aliases: allocate
    >
    > ### ** Examples
    >
    > data(meuse)
    > coordinates(meuse) <- ~x+y
    > allocate(meuse,p=5)
     [1] 9 9 9 9 9 9 9 9 9 9 9 9 9 9 9 9 9 23
     [19] 23 23 23 23 23 9 9 9 23 23 23 9 23 23 23 23 23 23
     [37] 23 23 23 23 23 132 132 132 132 132 132 132 132 132 132 132 132 132
     [55] 132 132 132 132 132 132 132 113 113 113 113 113 113 113 113 77 77 77
     [73] 77 77 77 77 77 77 77 77 77 113 113 9 113 113 77 77 77 77
     [91] 77 77 77 77 77 77 77 77 77 77 77 113 113 113 113 132 113 113
    [109] 113 113 113 113 113 113 113 113 113 113 132 132 132 132 132 132 132 132
    [127] 132 132 9 23 113 132 23 132 113 113 113 77 77 77 77 77 77 77
    [145] 77 77 77 77 77 77 77 77 77 77 113
    >
    >
    >
    > require(RColorBrewer)
    Loading required package: RColorBrewer
    > require(GISTools)
    Loading required package: GISTools
    Warning in library(package, lib.loc = lib.loc, character.only = TRUE, logical.return = TRUE, :
     there is no package called ‘GISTools’
    > data(georgia)
    Warning in data(georgia) : data set ‘georgia’ not found
    > allocations.list <- allocate(georgia2,p=5)
    Error in allocate(georgia2, p = 5) : object 'georgia2' not found
    Execution halted
Flavor: r-release-osx-x86_64-mavericks