CRAN Package Check Results for Package tbart

Last updated on 2015-09-05 11:47:34.

Flavor Version Tinstall Tcheck Ttotal Status Flags
r-devel-linux-x86_64-debian-clang 1.0 8.10 17.86 25.96 OK
r-devel-linux-x86_64-debian-gcc 1.0 7.56 18.18 25.74 OK
r-devel-linux-x86_64-fedora-clang 1.0 53.58 OK
r-devel-linux-x86_64-fedora-gcc 1.0 48.75 OK
r-devel-osx-x86_64-clang 1.0 39.21 OK
r-devel-windows-ix86+x86_64 1.0 44.00 53.00 97.00 OK
r-patched-linux-x86_64 1.0 7.81 19.88 27.69 OK
r-patched-solaris-sparc 1.0 379.60 OK
r-patched-solaris-x86 1.0 72.70 OK
r-release-linux-x86_64 1.0 7.67 19.63 27.30 OK
r-release-osx-x86_64-mavericks 1.0 ERROR
r-release-windows-ix86+x86_64 1.0 41.00 82.00 123.00 OK
r-oldrel-windows-ix86+x86_64 1.0 44.00 83.00 127.00 OK

Check Details

Version: 1.0
Check: package dependencies
Result: NOTE
    Packages suggested but not available for checking: ‘GISTools’ ‘rgeos’
Flavor: r-release-osx-x86_64-mavericks

Version: 1.0
Check: examples
Result: ERROR
    Running examples in ‘tbart-Ex.R’ failed
    The error most likely occurred in:
    
    > ### Name: allocate
    > ### Title: Teitz-Bart algorithm applied to Spatial* and Spatial*DataFrame
    > ### objects
    > ### Aliases: allocate
    >
    > ### ** Examples
    >
    > data(meuse)
    > coordinates(meuse) <- ~x+y
    > allocate(meuse,p=5)
     [1] 9 9 9 9 9 9 9 9 9 9 9 9 9 9 9 9 9 23
     [19] 23 23 23 23 23 9 9 9 23 23 23 9 23 23 23 23 23 23
     [37] 23 23 23 23 23 132 132 132 132 132 132 132 132 132 132 132 132 132
     [55] 132 132 132 132 132 132 132 113 113 113 113 113 113 113 113 77 77 77
     [73] 77 77 77 77 77 77 77 77 77 113 113 9 113 113 77 77 77 77
     [91] 77 77 77 77 77 77 77 77 77 77 77 113 113 113 113 132 113 113
    [109] 113 113 113 113 113 113 113 113 113 113 132 132 132 132 132 132 132 132
    [127] 132 132 9 23 113 132 23 132 113 113 113 77 77 77 77 77 77 77
    [145] 77 77 77 77 77 77 77 77 77 77 113
    >
    >
    >
    > require(RColorBrewer)
    Loading required package: RColorBrewer
    > require(GISTools)
    Loading required package: GISTools
    Warning in library(package, lib.loc = lib.loc, character.only = TRUE, logical.return = TRUE, :
     there is no package called ‘GISTools’
    > data(georgia)
    Warning in data(georgia) : data set ‘georgia’ not found
    > allocations.list <- allocate(georgia2,p=5)
    Error in allocate(georgia2, p = 5) : object 'georgia2' not found
    Execution halted
Flavor: r-release-osx-x86_64-mavericks