CRAN Package Check Results for Package tbart

Last updated on 2017-11-24 09:48:26 CET.

Flavor Version Tinstall Tcheck Ttotal Status Flags
r-devel-linux-x86_64-debian-clang 1.0 9.48 36.99 46.47 NOTE
r-devel-linux-x86_64-debian-gcc 1.0 11.02 50.45 61.46 NOTE
r-devel-linux-x86_64-fedora-clang 1.0 58.29 NOTE
r-devel-linux-x86_64-fedora-gcc 1.0 53.77 NOTE
r-devel-windows-ix86+x86_64 1.0 35.00 62.00 97.00 OK
r-patched-linux-x86_64 1.0 12.95 56.38 69.33 NOTE
r-patched-solaris-x86 1.0 76.80 OK
r-release-linux-x86_64 1.0 13.23 58.15 71.38 NOTE
r-release-windows-ix86+x86_64 1.0 42.00 102.00 144.00 OK
r-release-osx-x86_64 1.0 ERROR
r-oldrel-windows-ix86+x86_64 1.0 33.00 67.00 100.00 OK
r-oldrel-osx-x86_64 1.0 ERROR

Check Details

Version: 1.0
Check: compiled code
Result: NOTE
    File ‘tbart/libs/tbart.so’:
     Found no calls to: ‘R_registerRoutines’, ‘R_useDynamicSymbols’
    
    It is good practice to register native routines and to disable symbol
    search.
    
    See ‘Writing portable packages’ in the ‘Writing R Extensions’ manual.
Flavors: r-devel-linux-x86_64-debian-clang, r-devel-linux-x86_64-debian-gcc, r-devel-linux-x86_64-fedora-clang, r-devel-linux-x86_64-fedora-gcc, r-patched-linux-x86_64, r-release-linux-x86_64

Version: 1.0
Check: package dependencies
Result: NOTE
    Packages suggested but not available for checking: ‘GISTools’ ‘rgeos’
Flavor: r-release-osx-x86_64

Version: 1.0
Check: examples
Result: ERROR
    Running examples in ‘tbart-Ex.R’ failed
    The error most likely occurred in:
    
    > ### Name: allocate
    > ### Title: Teitz-Bart algorithm applied to Spatial* and Spatial*DataFrame
    > ### objects
    > ### Aliases: allocate
    >
    > ### ** Examples
    >
    > data(meuse)
    > coordinates(meuse) <- ~x+y
    > allocate(meuse,p=5)
     [1] 9 9 9 9 9 9 9 9 9 9 9 9 9 9 9 9 9 23
     [19] 23 23 23 23 23 9 9 9 23 23 23 9 23 23 23 23 23 23
     [37] 23 23 23 23 23 132 132 132 132 132 132 132 132 132 132 132 132 132
     [55] 132 132 132 132 132 132 132 113 113 113 113 113 113 113 113 77 77 77
     [73] 77 77 77 77 77 77 77 77 77 113 113 9 113 113 77 77 77 77
     [91] 77 77 77 77 77 77 77 77 77 77 77 113 113 113 113 132 113 113
    [109] 113 113 113 113 113 113 113 113 113 113 132 132 132 132 132 132 132 132
    [127] 132 132 9 23 113 132 23 132 113 113 113 77 77 77 77 77 77 77
    [145] 77 77 77 77 77 77 77 77 77 77 113
    >
    >
    >
    > require(RColorBrewer)
    Loading required package: RColorBrewer
    > require(GISTools)
    Loading required package: GISTools
    Warning in library(package, lib.loc = lib.loc, character.only = TRUE, logical.return = TRUE, :
     there is no package called ‘GISTools’
    > data(georgia)
    Warning in data(georgia) : data set ‘georgia’ not found
    > allocations.list <- allocate(georgia2,p=5)
    Error in allocate(georgia2, p = 5) : object 'georgia2' not found
    Execution halted
Flavors: r-release-osx-x86_64, r-oldrel-osx-x86_64

Version: 1.0
Check: package dependencies
Result: NOTE
    Package suggested but not available for checking: ‘GISTools’
Flavor: r-oldrel-osx-x86_64