CRAN Package Check Results for Package tbart

Last updated on 2014-11-26 03:48:08.

Flavor Version Tinstall Tcheck Ttotal Status Flags
r-devel-linux-x86_64-debian-clang 0.9.1 6.72 19.99 26.72 OK
r-devel-linux-x86_64-debian-gcc 0.9.1 7.38 19.64 27.02 OK
r-devel-linux-x86_64-fedora-clang 0.9.1 60.80 OK
r-devel-linux-x86_64-fedora-gcc 0.9.1 54.54 OK
r-devel-osx-x86_64-clang 0.9.1 52.42 OK
r-devel-windows-ix86+x86_64 0.9.1 28.00 47.00 75.00 OK
r-patched-linux-x86_64 0.9.1 7.34 20.30 27.63 OK
r-patched-solaris-sparc 0.9.1 299.00 OK
r-patched-solaris-x86 0.9.1 77.00 OK
r-release-linux-ix86 0.9.1 9.09 27.00 36.10 OK
r-release-linux-x86_64 0.9.1 7.94 20.01 27.95 OK
r-release-osx-x86_64-mavericks 0.9.1 ERROR
r-release-osx-x86_64-snowleopard 0.9.1 OK
r-release-windows-ix86+x86_64 0.9.1 32.00 49.00 81.00 OK
r-oldrel-windows-ix86+x86_64 0.9.1 30.00 52.00 82.00 OK

Check Details

Version: 0.9.1
Check: package dependencies
Result: NOTE
    Package suggested but not available for checking: ‘GISTools’
Flavor: r-release-osx-x86_64-mavericks

Version: 0.9.1
Check: examples
Result: ERROR
    Running examples in ‘tbart-Ex.R’ failed
    The error most likely occurred in:
    
    > ### Name: allocate
    > ### Title: Teitz-Bart algorithm applied to Spatial* and Spatial*DataFrame
    > ### objects - report allocations
    > ### Aliases: allocate
    >
    > ### ** Examples
    >
    > data(meuse)
    > coordinates(meuse) <- ~x+y
    > allocate(meuse,p=5)
     [1] 9 9 9 9 9 9 9 9 9 9 9 9 9 9 9 9 9 23
     [19] 23 23 23 23 23 9 9 9 23 23 23 9 23 23 23 23 23 23
     [37] 23 23 23 23 23 132 132 132 132 132 132 132 132 132 132 132 132 132
     [55] 132 132 132 132 132 132 132 113 113 113 113 113 113 113 113 77 77 77
     [73] 77 77 77 77 77 77 77 77 77 113 113 9 113 113 77 77 77 77
     [91] 77 77 77 77 77 77 77 77 77 77 77 113 113 113 113 132 113 113
    [109] 113 113 113 113 113 113 113 113 113 113 132 132 132 132 132 132 132 132
    [127] 132 132 9 23 113 132 23 132 113 113 113 77 77 77 77 77 77 77
    [145] 77 77 77 77 77 77 77 77 77 77 113
    >
    >
    >
    > require(RColorBrewer)
    Loading required package: RColorBrewer
    > require(GISTools)
    Loading required package: GISTools
    Warning in library(package, lib.loc = lib.loc, character.only = TRUE, logical.return = TRUE, :
     there is no package called ‘GISTools’
    > data(georgia)
    Warning in data(georgia) : data set ‘georgia’ not found
    > allocations.list <- allocate(georgia2,p=5)
    Error in allocate(georgia2, p = 5) : object 'georgia2' not found
    Execution halted
Flavor: r-release-osx-x86_64-mavericks