CRAN Package Check Results for Package tbart

Last updated on 2015-05-24 03:48:16.

Flavor Version Tinstall Tcheck Ttotal Status Flags
r-devel-linux-x86_64-debian-clang 1.0 7.44 19.06 26.50 OK
r-devel-linux-x86_64-debian-gcc 1.0 7.89 18.12 26.00 OK
r-devel-linux-x86_64-fedora-clang 1.0 55.15 OK
r-devel-linux-x86_64-fedora-gcc 1.0 49.58 OK
r-devel-osx-x86_64-clang 1.0 48.08 OK
r-devel-windows-ix86+x86_64 1.0 33.00 52.00 85.00 OK
r-patched-linux-x86_64 1.0 7.62 19.24 26.87 OK
r-patched-solaris-sparc 1.0 331.80 OK
r-patched-solaris-x86 1.0 71.90 OK
r-release-linux-x86_64 1.0 7.81 18.81 26.62 OK
r-release-osx-x86_64-mavericks 1.0 ERROR
r-release-osx-x86_64-snowleopard 1.0 ERROR
r-release-windows-ix86+x86_64 1.0 33.00 47.00 80.00 OK
r-oldrel-windows-ix86+x86_64 1.0 31.00 59.00 90.00 OK

Check Details

Version: 1.0
Check: package dependencies
Result: NOTE
    Packages suggested but not available for checking: ‘GISTools’ ‘rgeos’
Flavors: r-release-osx-x86_64-mavericks, r-release-osx-x86_64-snowleopard

Version: 1.0
Check: examples
Result: ERROR
    Running examples in ‘tbart-Ex.R’ failed
    The error most likely occurred in:
    
    > ### Name: allocate
    > ### Title: Teitz-Bart algorithm applied to Spatial* and Spatial*DataFrame
    > ### objects
    > ### Aliases: allocate
    >
    > ### ** Examples
    >
    > data(meuse)
    > coordinates(meuse) <- ~x+y
    > allocate(meuse,p=5)
     [1] 9 9 9 9 9 9 9 9 9 9 9 9 9 9 9 9 9 23
     [19] 23 23 23 23 23 9 9 9 23 23 23 9 23 23 23 23 23 23
     [37] 23 23 23 23 23 132 132 132 132 132 132 132 132 132 132 132 132 132
     [55] 132 132 132 132 132 132 132 113 113 113 113 113 113 113 113 77 77 77
     [73] 77 77 77 77 77 77 77 77 77 113 113 9 113 113 77 77 77 77
     [91] 77 77 77 77 77 77 77 77 77 77 77 113 113 113 113 132 113 113
    [109] 113 113 113 113 113 113 113 113 113 113 132 132 132 132 132 132 132 132
    [127] 132 132 9 23 113 132 23 132 113 113 113 77 77 77 77 77 77 77
    [145] 77 77 77 77 77 77 77 77 77 77 113
    >
    >
    >
    > require(RColorBrewer)
    Loading required package: RColorBrewer
    > require(GISTools)
    Loading required package: GISTools
    Warning in library(package, lib.loc = lib.loc, character.only = TRUE, logical.return = TRUE, :
     there is no package called ‘GISTools’
    > data(georgia)
    Warning in data(georgia) : data set ‘georgia’ not found
    > allocations.list <- allocate(georgia2,p=5)
    Error in allocate(georgia2, p = 5) : object 'georgia2' not found
    Execution halted
Flavors: r-release-osx-x86_64-mavericks, r-release-osx-x86_64-snowleopard