CRAN Package Check Results for Package tbart

Last updated on 2017-03-29 23:53:37.

Flavor Version Tinstall Tcheck Ttotal Status Flags
r-devel-linux-x86_64-debian-clang 1.0 9.47 24.09 33.57 NOTE
r-devel-linux-x86_64-debian-gcc 1.0 8.67 22.32 30.99 NOTE
r-devel-linux-x86_64-fedora-clang 1.0 61.75 NOTE --no-stop-on-test-error
r-devel-linux-x86_64-fedora-gcc 1.0 56.04 NOTE --no-stop-on-test-error
r-devel-macos-x86_64-clang 1.0 40.02 NOTE --no-stop-on-test-error
r-devel-windows-ix86+x86_64 1.0 35.00 83.00 118.00 OK
r-patched-linux-x86_64 1.0 7.75 23.48 31.23 NOTE
r-patched-solaris-sparc 1.0 324.30 OK
r-patched-solaris-x86 1.0 75.00 OK
r-release-linux-x86_64 1.0 7.39 22.06 29.45 OK
r-release-osx-x86_64-mavericks 1.0 ERROR
r-release-windows-ix86+x86_64 1.0 66.00 63.00 129.00 OK
r-oldrel-windows-ix86+x86_64 1.0 60.00 66.00 126.00 OK

Check Details

Version: 1.0
Check: compiled code
Result: NOTE
    File ‘tbart/libs/tbart.so’:
     Found no calls to: ‘R_registerRoutines’, ‘R_useDynamicSymbols’
    
    It is good practice to register native routines and to disable symbol
    search.
    
    See ‘Writing portable packages’ in the ‘Writing R Extensions’ manual.
Flavors: r-devel-linux-x86_64-debian-clang, r-devel-linux-x86_64-debian-gcc, r-patched-linux-x86_64

Version: 1.0
Flags: --no-stop-on-test-error
Check: compiled code
Result: NOTE
    File ‘tbart/libs/tbart.so’:
     Found no calls to: ‘R_registerRoutines’, ‘R_useDynamicSymbols’
    
    It is good practice to register native routines and to disable symbol
    search.
    
    See ‘Writing portable packages’ in the ‘Writing R Extensions’ manual.
Flavors: r-devel-linux-x86_64-fedora-clang, r-devel-linux-x86_64-fedora-gcc, r-devel-macos-x86_64-clang

Version: 1.0
Check: package dependencies
Result: NOTE
    Package suggested but not available for checking: ‘GISTools’
Flavor: r-release-osx-x86_64-mavericks

Version: 1.0
Check: examples
Result: ERROR
    Running examples in ‘tbart-Ex.R’ failed
    The error most likely occurred in:
    
    > ### Name: allocate
    > ### Title: Teitz-Bart algorithm applied to Spatial* and Spatial*DataFrame
    > ### objects
    > ### Aliases: allocate
    >
    > ### ** Examples
    >
    > data(meuse)
    > coordinates(meuse) <- ~x+y
    > allocate(meuse,p=5)
     [1] 9 9 9 9 9 9 9 9 9 9 9 9 9 9 9 9 9 23
     [19] 23 23 23 23 23 9 9 9 23 23 23 9 23 23 23 23 23 23
     [37] 23 23 23 23 23 132 132 132 132 132 132 132 132 132 132 132 132 132
     [55] 132 132 132 132 132 132 132 113 113 113 113 113 113 113 113 77 77 77
     [73] 77 77 77 77 77 77 77 77 77 113 113 9 113 113 77 77 77 77
     [91] 77 77 77 77 77 77 77 77 77 77 77 113 113 113 113 132 113 113
    [109] 113 113 113 113 113 113 113 113 113 113 132 132 132 132 132 132 132 132
    [127] 132 132 9 23 113 132 23 132 113 113 113 77 77 77 77 77 77 77
    [145] 77 77 77 77 77 77 77 77 77 77 113
    >
    >
    >
    > require(RColorBrewer)
    Loading required package: RColorBrewer
    > require(GISTools)
    Loading required package: GISTools
    Warning in library(package, lib.loc = lib.loc, character.only = TRUE, logical.return = TRUE, :
     there is no package called ‘GISTools’
    > data(georgia)
    Warning in data(georgia) : data set ‘georgia’ not found
    > allocations.list <- allocate(georgia2,p=5)
    Error in allocate(georgia2, p = 5) : object 'georgia2' not found
    Execution halted
Flavor: r-release-osx-x86_64-mavericks