CRAN Package Check Results for Package tbma

Last updated on 2022-07-01 08:52:34 CEST.

Flavor Version Tinstall Tcheck Ttotal Status Flags
r-devel-linux-x86_64-debian-clang 0.1.0 9.80 73.68 83.48 NOTE
r-devel-linux-x86_64-debian-gcc 0.1.0 5.83 54.19 60.02 NOTE
r-devel-linux-x86_64-fedora-clang 0.1.0 108.09 NOTE
r-devel-linux-x86_64-fedora-gcc 0.1.0 102.86 NOTE
r-devel-windows-x86_64 0.1.0 14.00 87.00 101.00 NOTE
r-patched-linux-x86_64 0.1.0 7.40 68.99 76.39 NOTE
r-release-linux-x86_64 0.1.0 8.43 68.66 77.09 NOTE
r-release-macos-arm64 0.1.0 32.00 NOTE
r-release-macos-x86_64 0.1.0 41.00 NOTE
r-release-windows-x86_64 0.1.0 12.00 94.00 106.00 NOTE
r-oldrel-macos-arm64 0.1.0 33.00 NOTE
r-oldrel-macos-x86_64 0.1.0 51.00 NOTE
r-oldrel-windows-ix86+x86_64 0.1.0 18.00 86.00 104.00 NOTE

Check Details

Version: 0.1.0
Check: LazyData
Result: NOTE
     'LazyData' is specified without a 'data' directory
Flavors: r-devel-linux-x86_64-debian-clang, r-devel-linux-x86_64-debian-gcc, r-devel-linux-x86_64-fedora-clang, r-devel-linux-x86_64-fedora-gcc, r-devel-windows-x86_64, r-patched-linux-x86_64, r-release-linux-x86_64, r-release-macos-arm64, r-release-macos-x86_64, r-release-windows-x86_64, r-oldrel-macos-arm64, r-oldrel-macos-x86_64, r-oldrel-windows-ix86+x86_64